{"id":47823,"date":"2024-02-21T20:54:46","date_gmt":"2024-02-22T01:54:46","guid":{"rendered":"https:\/\/nouveau.maisonmallet.com\/?post_type=event&#038;p=47823"},"modified":"2024-07-01T11:28:20","modified_gmt":"2024-07-01T15:28:20","slug":"richard-helene","status":"publish","type":"event","link":"https:\/\/nouveau.maisonmallet.com\/back05_01\/?event=richard-helene","title":{"rendered":"RICHARD, H\u00e9l\u00e8ne"},"content":{"rendered":"<p>La Maison L.J.G. Mallet a le regret de vous annoncer le d\u00e9c\u00e8s de<\/p>\n<p>&nbsp;<\/p>\n<p>H\u00e9l\u00e8ne Richard<\/p>\n<p>1948 &#8211; 2024<\/p>\n<p>\u00c0 Havre Saint-Pierre, le 21 f\u00e9vrier 2024, est d\u00e9c\u00e9d\u00e9e \u00e0 l\u2019\u00e2ge de 75 ans, madame H\u00e9l\u00e8ne Richard \u00e9pouse de monsieur L\u00e9onard Deraps et domicili\u00e9e \u00e0 Havre Saint-Pierre.<\/p>\n<p>Les fun\u00e9railles de H\u00e9l\u00e8ne Richard auront lieu le lundi 11 mars 2024 \u00e0 11 h\u00a0 en l\u2019\u00c9glise Saint-Pierre de Havre Saint-Pierre et de l\u00e0 au cr\u00e9matorium de la maison L.J.G. Mallet pour cr\u00e9mation.<\/p>\n<p>La famille re\u00e7oit parents et amis le dimanche 10 mars 2024 de 19 h \u00e0 22 h. Le lundi 11 mars 2024 jour des fun\u00e9railles \u00e0 compter de 10 h au salon de la Maison L.J.G. Mallet du 1429, rue du Canot \u00e0 Havre Saint-Pierre.<\/p>\n<p>Elle laisse dans le deuil outre son \u00e9poux monsieur L\u00e9onard Deraps, ses fils\u00a0: St\u00e9phane (Ga\u00e9tane Collard), Eric (Shirley Twigg) et Fran\u00e7ois, ses petits-fils\u00a0: Dominic (Sandy Robichaud), Yoan et Benjamin, ses petites-filles\u00a0: Sabrianne (Robin Keays), Virginie, Andr\u00e9a, Justine et L\u00e9ane ainsi que son fr\u00e8re Michel (Edith Jomphe), ses s\u0153urs\u00a0: Monique (Julien-Marie Quessy) et Luce (Gabriel Landry), ses beaux-fr\u00e8res, ses belles-s\u0153urs, ses neveux, ses ni\u00e8ces, ses cousins, ses cousines et\u00a0de nombreux amis.<\/p>\n<p>La famille a confi\u00e9 la direction des fun\u00e9railles aux services professionnels de la Maison L.J.G. Mallet du 1429, rue du Canot \u00e0 Havre Saint-Pierre, maintenant reconnue Distinction et membre de la Corporation des thanatologues du Qu\u00e9bec.<\/p>\n<p>Vous pouvez consulter cet avis de d\u00e9c\u00e8s, sur le <a href=\"https:\/\/nouveau.maisonmallet.com\">www.maisonmallet.com<\/a><\/p>\n<p>Ceux et celles qui le d\u00e9sirent, peuvent y envoyer des messages de sympathie.<\/p>\n<hr \/>\n<p>Envoyer vos condol\u00e9ances<\/p>\n<p>[contact-form to=\u00a0\u00bbericderaps@hotmail.fr\u00a0\u00bb subject=\u00a0\u00bbCondol\u00e9ances H\u00e9l\u00e8ne Richard\u00a0\u00bb][contact-field label=\u00a0\u00bbVotre nom\u00a0\u00bb type=\u00a0\u00bbname\u00a0\u00bb required=\u00a0\u00bb1&Prime;][contact-field label=\u00a0\u00bbVotre courriel\u00a0\u00bb type=\u00a0\u00bbemail\u00a0\u00bb required=\u00a0\u00bb1&Prime;][contact-field label=\u00a0\u00bbCondol\u00e9ances\u00a0\u00bb type=\u00a0\u00bbtextarea\u00a0\u00bb][\/contact-form]<\/p>\n","protected":false},"featured_media":47826,"template":"","event_cat":[7],"class_list":["post-47823","event","type-event","status-publish","has-post-thumbnail","hentry","event_cat-maison-l-j-g-mallet-inc"],"_links":{"self":[{"href":"https:\/\/nouveau.maisonmallet.com\/back05_01\/index.php?rest_route=\/wp\/v2\/event\/47823","targetHints":{"allow":["GET"]}}],"collection":[{"href":"https:\/\/nouveau.maisonmallet.com\/back05_01\/index.php?rest_route=\/wp\/v2\/event"}],"about":[{"href":"https:\/\/nouveau.maisonmallet.com\/back05_01\/index.php?rest_route=\/wp\/v2\/types\/event"}],"wp:featuredmedia":[{"embeddable":true,"href":"https:\/\/nouveau.maisonmallet.com\/back05_01\/index.php?rest_route=\/wp\/v2\/media\/47826"}],"wp:attachment":[{"href":"https:\/\/nouveau.maisonmallet.com\/back05_01\/index.php?rest_route=%2Fwp%2Fv2%2Fmedia&parent=47823"}],"wp:term":[{"taxonomy":"event_cat","embeddable":true,"href":"https:\/\/nouveau.maisonmallet.com\/back05_01\/index.php?rest_route=%2Fwp%2Fv2%2Fevent_cat&post=47823"}],"curies":[{"name":"wp","href":"https:\/\/api.w.org\/{rel}","templated":true}]}}

RICHARD, Hélène

<p>La Maison L.J.G. Mallet a le regret de vous annoncer le décès de</p>
<p>&nbsp;</p>
<p>Hélène Richard</p>
<p>1948 &#8211; 2024</p>
<p>À Havre Saint-Pierre, le 21 février 2024, est décédée à l’âge de 75 ans, madame Hélène Richard épouse de monsieur Léonard Deraps et domiciliée à Havre Saint-Pierre.</p>
<p>Les funérailles de Hélène Richard auront lieu le lundi 11 mars 2024 à 11 h  en l’Église Saint-Pierre de Havre Saint-Pierre et de là au crématorium de la maison L.J.G. Mallet pour crémation.</p>
<p>La famille reçoit parents et amis le dimanche 10 mars 2024 de 19 h à 22 h. Le lundi 11 mars 2024 jour des funérailles à compter de 10 h au salon de la Maison L.J.G. Mallet du 1429, rue du Canot à Havre Saint-Pierre.</p>
<p>Elle laisse dans le deuil outre son époux monsieur Léonard Deraps, ses fils : Stéphane (Gaétane Collard), Eric (Shirley Twigg) et François, ses petits-fils : Dominic (Sandy Robichaud), Yoan et Benjamin, ses petites-filles : Sabrianne (Robin Keays), Virginie, Andréa, Justine et Léane ainsi que son frère Michel (Edith Jomphe), ses sœurs : Monique (Julien-Marie Quessy) et Luce (Gabriel Landry), ses beaux-frères, ses belles-sœurs, ses neveux, ses nièces, ses cousins, ses cousines et de nombreux amis.</p>
<p>La famille a confié la direction des funérailles aux services professionnels de la Maison L.J.G. Mallet du 1429, rue du Canot à Havre Saint-Pierre, maintenant reconnue Distinction et membre de la Corporation des thanatologues du Québec.</p>
<p>Vous pouvez consulter cet avis de décès, sur le <a href="https://nouveau.maisonmallet.com">www.maisonmallet.com</a></p>
<p>Ceux et celles qui le désirent, peuvent y envoyer des messages de sympathie.</p>
<hr />
<p>Envoyer vos condoléances</p>
<p>[contact-form to= »ericderaps@hotmail.fr » subject= »Condoléances Hélène Richard »][contact-field label= »Votre nom » type= »name » required= »1&Prime;][contact-field label= »Votre courriel » type= »email » required= »1&Prime;][contact-field label= »Condoléances » type= »textarea »][/contact-form]</p>
