{"id":4795,"date":"2019-08-31T12:25:23","date_gmt":"2019-08-31T16:25:23","guid":{"rendered":"https:\/\/nouveau.maisonmallet.com\/?post_type=event&#038;p=4795"},"modified":"2019-09-04T12:35:42","modified_gmt":"2019-09-04T16:35:42","slug":"jourdain-germaine31081949","status":"publish","type":"event","link":"https:\/\/nouveau.maisonmallet.com\/back05_01\/?event=jourdain-germaine31081949","title":{"rendered":"JOURDAIN, Germaine (Fontaine)"},"content":{"rendered":"<p>1949 \u2013 2019<\/p>\n<p>JOURDAIN, Germaine (Fontaine)<\/p>\n<p>&nbsp;<\/p>\n<p>\u00c0 Uashat, le 31 ao\u00fbt 2019, est d\u00e9c\u00e9d\u00e9e \u00e0 l\u2019\u00e2ge de 69 ans madame Germaine Jourdain \u00e9pouse de monsieur Jean-Guy Fontaine et domicili\u00e9e \u00e0 Uashat.<\/p>\n<p>Les fun\u00e9railles de madame Germaine Jourdain Fontaine auront lieu le mercredi 4 septembre 2019 \u00e0 14 h en l\u2019\u00e9glise Kateri Tekakwitha, situ\u00e9e au 1035, rue Dequen \u00e0 Uashat et de l\u00e0 au Cimeti\u00e8re de Uashat.<\/p>\n<p>La famille re\u00e7oit parents et amis le lundi 2 septembre 2019 \u00e0 compter de 14 h au 1, rue du Vieux Poste \u00e0 Uashat.<\/p>\n<p>Elle laisse dans le deuil outre son \u00e9poux monsieur Jean-Guy Fontaine, ses fils\u00a0: Philibert, Maurice (Kim Ishpatao) et Jean-Guy Jr., ses six petits-enfants ainsi que ses s\u0153urs Victoria (Georges Cummings), Annette (Armand Cody) et Marie-Anna, ses beaux-fr\u00e8res, ses belles-s\u0153urs, ses neveux, ses ni\u00e8ces, ses cousins, ses cousines et de nombreux ami(e)s.<\/p>\n<p>La famille a confi\u00e9 la direction des fun\u00e9railles aux services professionnels de la Maison Mallet &amp; fils du 585, boul. Laure \u00e0 Sept-\u00celes, maintenant reconnue Distinction et membre de la Corporation des Thanatologues du Qu\u00e9bec.<\/p>\n<p>Vous pouvez consulter cet avis de d\u00e9c\u00e8s, sur le <a href=\"https:\/\/nouveau.maisonmallet.com\/back05_01\/\">www.maisonmallet.com<\/a><\/p>\n<p>Ceux et celles qui le d\u00e9sirent, peuvent y envoyer des messages de sympathie.<\/p>\n<p>&nbsp;<\/p>\n<hr \/>\n<p>Envoyer vos condol\u00e9ances<\/p>\n<p>[contact-form to=\u00a0\u00bbkate-fontaine-8-@Hotmail.com\u00a0\u00bb subject=\u00a0\u00bbCondol\u00e9ances Germaine Jourdain\u00a0\u00bb][contact-field label=\u00a0\u00bbVotre nom\u00a0\u00bb type=\u00a0\u00bbname\u00a0\u00bb required=\u00a0\u00bb1&Prime;][contact-field label=\u00a0\u00bbVotre courriel\u00a0\u00bb type=\u00a0\u00bbemail\u00a0\u00bb required=\u00a0\u00bb1&Prime;][contact-field label=\u00a0\u00bbCondol\u00e9ances\u00a0\u00bb type=\u00a0\u00bbtextarea\u00a0\u00bb][\/contact-form]<\/p>\n","protected":false},"featured_media":4818,"template":"","event_cat":[6],"class_list":["post-4795","event","type-event","status-publish","has-post-thumbnail","hentry","event_cat-maison-mallet-et-fils-inc"],"_links":{"self":[{"href":"https:\/\/nouveau.maisonmallet.com\/back05_01\/index.php?rest_route=\/wp\/v2\/event\/4795","targetHints":{"allow":["GET"]}}],"collection":[{"href":"https:\/\/nouveau.maisonmallet.com\/back05_01\/index.php?rest_route=\/wp\/v2\/event"}],"about":[{"href":"https:\/\/nouveau.maisonmallet.com\/back05_01\/index.php?rest_route=\/wp\/v2\/types\/event"}],"wp:featuredmedia":[{"embeddable":true,"href":"https:\/\/nouveau.maisonmallet.com\/back05_01\/index.php?rest_route=\/wp\/v2\/media\/4818"}],"wp:attachment":[{"href":"https:\/\/nouveau.maisonmallet.com\/back05_01\/index.php?rest_route=%2Fwp%2Fv2%2Fmedia&parent=4795"}],"wp:term":[{"taxonomy":"event_cat","embeddable":true,"href":"https:\/\/nouveau.maisonmallet.com\/back05_01\/index.php?rest_route=%2Fwp%2Fv2%2Fevent_cat&post=4795"}],"curies":[{"name":"wp","href":"https:\/\/api.w.org\/{rel}","templated":true}]}}

<p>1949 – 2019</p>
<p>JOURDAIN, Germaine (Fontaine)</p>
<p>&nbsp;</p>
<p>À Uashat, le 31 août 2019, est décédée à l’âge de 69 ans madame Germaine Jourdain épouse de monsieur Jean-Guy Fontaine et domiciliée à Uashat.</p>
<p>Les funérailles de madame Germaine Jourdain Fontaine auront lieu le mercredi 4 septembre 2019 à 14 h en l’église Kateri Tekakwitha, située au 1035, rue Dequen à Uashat et de là au Cimetière de Uashat.</p>
<p>La famille reçoit parents et amis le lundi 2 septembre 2019 à compter de 14 h au 1, rue du Vieux Poste à Uashat.</p>
<p>Elle laisse dans le deuil outre son époux monsieur Jean-Guy Fontaine, ses fils : Philibert, Maurice (Kim Ishpatao) et Jean-Guy Jr., ses six petits-enfants ainsi que ses sœurs Victoria (Georges Cummings), Annette (Armand Cody) et Marie-Anna, ses beaux-frères, ses belles-sœurs, ses neveux, ses nièces, ses cousins, ses cousines et de nombreux ami(e)s.</p>
<p>La famille a confié la direction des funérailles aux services professionnels de la Maison Mallet &amp; fils du 585, boul. Laure à Sept-Îles, maintenant reconnue Distinction et membre de la Corporation des Thanatologues du Québec.</p>
<p>Vous pouvez consulter cet avis de décès, sur le <a href="https://nouveau.maisonmallet.com/back05_01/">www.maisonmallet.com</a></p>
<p>Ceux et celles qui le désirent, peuvent y envoyer des messages de sympathie.</p>
<p>&nbsp;</p>
<hr />
<p>Envoyer vos condoléances</p>
<p>[contact-form to= »kate-fontaine-8-@Hotmail.com » subject= »Condoléances Germaine Jourdain »][contact-field label= »Votre nom » type= »name » required= »1&Prime;][contact-field label= »Votre courriel » type= »email » required= »1&Prime;][contact-field label= »Condoléances » type= »textarea »][/contact-form]</p>
