{"id":48023,"date":"2024-03-04T17:15:44","date_gmt":"2024-03-04T22:15:44","guid":{"rendered":"https:\/\/nouveau.maisonmallet.com\/?post_type=event&#038;p=48023"},"modified":"2024-08-31T09:10:56","modified_gmt":"2024-08-31T13:10:56","slug":"vigneault-ethel","status":"publish","type":"event","link":"https:\/\/nouveau.maisonmallet.com\/back05_01\/?event=vigneault-ethel","title":{"rendered":"VIGNEAULT, Ethel"},"content":{"rendered":"<p>La Maison L.J.G. Mallet a le regret de vous annoncer le d\u00e9c\u00e8s de<\/p>\n<p>Ethel Vigneault<\/p>\n<p>1932 \u2013 2024<\/p>\n<p>&nbsp;<\/p>\n<p>\u00c0 Havre Saint-Pierre, le 4 mars 2024, est d\u00e9c\u00e9d\u00e9e \u00e0 l\u2019\u00e2ge de 91 ans, madame Ethel Vigneault \u00e9pouse de feu Horace Cormier et domicili\u00e9e \u00e0 Havre Saint-Pierre.<\/p>\n<p>Les fun\u00e9railles de madame Ethel Vigneault auront lieu le vendredi 26 juillet 2024 \u00e0 11 h en l\u2019\u00e9glise St-Pierre de Havre Saint-Pierre.<\/p>\n<p>Selon ses volont\u00e9s, elle a \u00e9t\u00e9 confi\u00e9e au cr\u00e9matorium de la Maison L.J.G. Mallet pour cr\u00e9mation.<\/p>\n<p>La famille re\u00e7oit parents et amis le vendredi 26 juillet 2024 de 10 h \u00e0 11 h \u00e0 l\u2019\u00e9glise St-Pierre de Havre Saint-Pierre.<\/p>\n<p>Elle laisse dans le deuil ses fils : Sylvio (Line Valli\u00e8res), Luc (Micheline Labrecque) et Elie (feu Bianca Talbot), sa fille Lucie (St\u00e9phane Paris\u00e9), ses petits-fils : Jean-Denis, Nicholas, J\u00e9r\u00f4me, Hubert, Dominic, Arthur et Victor, ses arri\u00e8re-petits-enfants : Charlie, James, Romy et Rachel ainsi que ses neveux, ses ni\u00e8ces et ami(e)s.<\/p>\n<p>Elle \u00e9tait la m\u00e8re de feu R\u00e9al (France St-Martin).<\/p>\n<p>La famille tient \u00e0 remercier le personnel du CHSLD de la Minganie, le Dr Boizard ainsi que le Dr Chartrand pour les bons soins prodigu\u00e9s \u00e0 notre m\u00e8re.<\/p>\n<p>La famille a confi\u00e9 la direction des fun\u00e9railles aux services professionnels de la Maison L.J.G. Mallet du 1429, rue du Canot \u00e0 Havre Saint-Pierre, maintenant reconnue Distinction et membre de la Corporation des Thanatologues du Qu\u00e9bec.<\/p>\n<p>Vous pouvez consulter cet avis de d\u00e9c\u00e8s sur le\u00a0<a href=\"https:\/\/nouveau.maisonmallet.com\/\">www.maisonmallet.com<\/a><\/p>\n<p>Ceux et celles qui le d\u00e9sirent, peuvent y envoyer des messages de sympathie.<\/p>\n<p>&nbsp;<\/p>\n<hr \/>\n<p>Envoyer vos condol\u00e9ances<\/p>\n<p>[contact-form to=\u00a0\u00bbcormierl@telus.net\u00a0\u00bb subject=\u00a0\u00bbCondol\u00e9ances Ethel Vigneault\u00a0\u00bb][contact-field label=\u00a0\u00bbVotre nom\u00a0\u00bb type=\u00a0\u00bbname\u00a0\u00bb required=\u00a0\u00bb1&Prime;][contact-field label=\u00a0\u00bbVotre courriel\u00a0\u00bb type=\u00a0\u00bbemail\u00a0\u00bb required=\u00a0\u00bb1&Prime;][contact-field label=\u00a0\u00bbCondol\u00e9ances\u00a0\u00bb type=\u00a0\u00bbtextarea\u00a0\u00bb][\/contact-form]<\/p>\n","protected":false},"featured_media":48029,"template":"","event_cat":[7],"class_list":["post-48023","event","type-event","status-publish","has-post-thumbnail","hentry","event_cat-maison-l-j-g-mallet-inc"],"_links":{"self":[{"href":"https:\/\/nouveau.maisonmallet.com\/back05_01\/index.php?rest_route=\/wp\/v2\/event\/48023","targetHints":{"allow":["GET"]}}],"collection":[{"href":"https:\/\/nouveau.maisonmallet.com\/back05_01\/index.php?rest_route=\/wp\/v2\/event"}],"about":[{"href":"https:\/\/nouveau.maisonmallet.com\/back05_01\/index.php?rest_route=\/wp\/v2\/types\/event"}],"wp:featuredmedia":[{"embeddable":true,"href":"https:\/\/nouveau.maisonmallet.com\/back05_01\/index.php?rest_route=\/wp\/v2\/media\/48029"}],"wp:attachment":[{"href":"https:\/\/nouveau.maisonmallet.com\/back05_01\/index.php?rest_route=%2Fwp%2Fv2%2Fmedia&parent=48023"}],"wp:term":[{"taxonomy":"event_cat","embeddable":true,"href":"https:\/\/nouveau.maisonmallet.com\/back05_01\/index.php?rest_route=%2Fwp%2Fv2%2Fevent_cat&post=48023"}],"curies":[{"name":"wp","href":"https:\/\/api.w.org\/{rel}","templated":true}]}}

<p>La Maison L.J.G. Mallet a le regret de vous annoncer le décès de</p>
<p>Ethel Vigneault</p>
<p>1932 – 2024</p>
<p>&nbsp;</p>
<p>À Havre Saint-Pierre, le 4 mars 2024, est décédée à l’âge de 91 ans, madame Ethel Vigneault épouse de feu Horace Cormier et domiciliée à Havre Saint-Pierre.</p>
<p>Les funérailles de madame Ethel Vigneault auront lieu le vendredi 26 juillet 2024 à 11 h en l’église St-Pierre de Havre Saint-Pierre.</p>
<p>Selon ses volontés, elle a été confiée au crématorium de la Maison L.J.G. Mallet pour crémation.</p>
<p>La famille reçoit parents et amis le vendredi 26 juillet 2024 de 10 h à 11 h à l’église St-Pierre de Havre Saint-Pierre.</p>
<p>Elle laisse dans le deuil ses fils : Sylvio (Line Vallières), Luc (Micheline Labrecque) et Elie (feu Bianca Talbot), sa fille Lucie (Stéphane Parisé), ses petits-fils : Jean-Denis, Nicholas, Jérôme, Hubert, Dominic, Arthur et Victor, ses arrière-petits-enfants : Charlie, James, Romy et Rachel ainsi que ses neveux, ses nièces et ami(e)s.</p>
<p>Elle était la mère de feu Réal (France St-Martin).</p>
<p>La famille tient à remercier le personnel du CHSLD de la Minganie, le Dr Boizard ainsi que le Dr Chartrand pour les bons soins prodigués à notre mère.</p>
<p>La famille a confié la direction des funérailles aux services professionnels de la Maison L.J.G. Mallet du 1429, rue du Canot à Havre Saint-Pierre, maintenant reconnue Distinction et membre de la Corporation des Thanatologues du Québec.</p>
<p>Vous pouvez consulter cet avis de décès sur le <a href="https://nouveau.maisonmallet.com/">www.maisonmallet.com</a></p>
<p>Ceux et celles qui le désirent, peuvent y envoyer des messages de sympathie.</p>
<p>&nbsp;</p>
<hr />
<p>Envoyer vos condoléances</p>
<p>[contact-form to= »cormierl@telus.net » subject= »Condoléances Ethel Vigneault »][contact-field label= »Votre nom » type= »name » required= »1&Prime;][contact-field label= »Votre courriel » type= »email » required= »1&Prime;][contact-field label= »Condoléances » type= »textarea »][/contact-form]</p>
