{"id":4823,"date":"2019-09-06T11:47:06","date_gmt":"2019-09-06T15:47:06","guid":{"rendered":"https:\/\/nouveau.maisonmallet.com\/?post_type=event&#038;p=4823"},"modified":"2019-09-08T12:48:37","modified_gmt":"2019-09-08T16:48:37","slug":"laflamme-celestine17061936","status":"publish","type":"event","link":"https:\/\/nouveau.maisonmallet.com\/back05_01\/?event=laflamme-celestine17061936","title":{"rendered":"LAFLAMME, C\u00e9lestine (Chouinard)"},"content":{"rendered":"<p>1936 -2019<\/p>\n<p>LAFLAMME, C\u00e9lestine (Chouinard)<\/p>\n<p>&nbsp;<\/p>\n<p>\u00c0 Sept-\u00celes (r\u00e9sidence Urgel Pelletier), le 6 septembre 2019, est d\u00e9c\u00e9d\u00e9e \u00e0 l\u2019\u00e2ge de 83 ans, madame C\u00e9lestine Laflamme \u00e9pouse de feu Roger Chouinard et domicili\u00e9e \u00e0 Sept-\u00celes.<\/p>\n<p>Les fun\u00e9railles de madame C\u00e9lestine Laflamme Chouinard auront lieu le mardi 10 septembre 2019 \u00e0 11 h en l\u2019\u00e9glise Marie-Immacul\u00e9e situ\u00e9e au 180, rue Papineau \u00e0 Sept-\u00celes et de l\u00e0 au cimeti\u00e8re Catholique de Sept-\u00celes.<\/p>\n<p>Selon ses volont\u00e9s, elle a \u00e9t\u00e9 confi\u00e9e au cr\u00e9matorium de la Maison Mallet &amp; fils pour cr\u00e9mation.<\/p>\n<p>La famille re\u00e7oit parents et amis le lundi 9 septembre 2019 de 19 h \u00e0 22 h. Le mardi 10 septembre 2019 jour des fun\u00e9railles \u00e0 compter de 9 h 30 au Complexe Thanatologique Mallet &amp; fils du 585, boul. Laure \u00e0 Sept-\u00celes.<\/p>\n<p>Elle laisse dans le deuil ses enfants\u00a0: Linda (Benoit Boudreault), Gilles, Lise et Sonia, ses petits-enfants\u00a0: Simon (No\u00e9mie Gervais), Billy (Fr\u00e9d\u00e9rique Otis), Jonathan (Maude Lemieux), H\u00e9l\u00e8ne (\u00c9ric Caire), Catherine (Christian Pelletier) et Philippe, ses arri\u00e8re-petits-enfants\u00a0: L\u00e9onie, Zac, Th\u00e9a, Violette et Sofia, ainsi que ses s\u0153urs, beaux-fr\u00e8res, ses neveux, ses ni\u00e8ces, et de nombreux ami(e)s.<\/p>\n<p>Vos marques de sympathie peuvent se traduire par un don \u00e0 la soci\u00e9t\u00e9 Alzheimer Cote-Nord <a href=\"http:\/\/www.alzheimerquebec.ca\/\">www.alzheimerquebec.ca<\/a><\/p>\n<p>La famille tient \u00e0 remercier le personnel de la r\u00e9sidence et Urgel Pelletier pour le support et les bons soins apport\u00e9s dans la derni\u00e8re ann\u00e9e.<\/p>\n<p>La famille a confi\u00e9 la direction des fun\u00e9railles aux services professionnels de la Maison Mallet &amp; fils du 585 boul. Laure \u00e0 Sept-\u00celes, maintenant reconnue Distinction et membre de la Corporation des Thanatologues du Qu\u00e9bec.<\/p>\n<p>Vous pouvez consulter cet avis de d\u00e9c\u00e8s sur le <a href=\"https:\/\/nouveau.maisonmallet.com\/back05_01\/\">www.maisonmallet.com<\/a><\/p>\n<p>Ceux et celles qui le d\u00e9sirent, peuvent y envoyer des messages de sympathie.<\/p>\n<p>&nbsp;<\/p>\n<p>&nbsp;<\/p>\n<hr \/>\n<p>Envoyer vos condol\u00e9ances<\/p>\n<p>[contact-form to=\u00a0\u00bblisechouinard2009@hotmail.com\u00a0\u00bb subject=\u00a0\u00bbCondol\u00e9ances C\u00e9lestine Laflamme\u00a0\u00bb][contact-field label=\u00a0\u00bbVotre nom\u00a0\u00bb type=\u00a0\u00bbname\u00a0\u00bb required=\u00a0\u00bb1&Prime;][contact-field label=\u00a0\u00bbVotre courriel\u00a0\u00bb type=\u00a0\u00bbemail\u00a0\u00bb required=\u00a0\u00bb1&Prime;][contact-field label=\u00a0\u00bbCondol\u00e9ances\u00a0\u00bb type=\u00a0\u00bbtextarea\u00a0\u00bb][\/contact-form]<\/p>\n","protected":false},"featured_media":4838,"template":"","event_cat":[6],"class_list":["post-4823","event","type-event","status-publish","has-post-thumbnail","hentry","event_cat-maison-mallet-et-fils-inc"],"_links":{"self":[{"href":"https:\/\/nouveau.maisonmallet.com\/back05_01\/index.php?rest_route=\/wp\/v2\/event\/4823","targetHints":{"allow":["GET"]}}],"collection":[{"href":"https:\/\/nouveau.maisonmallet.com\/back05_01\/index.php?rest_route=\/wp\/v2\/event"}],"about":[{"href":"https:\/\/nouveau.maisonmallet.com\/back05_01\/index.php?rest_route=\/wp\/v2\/types\/event"}],"wp:featuredmedia":[{"embeddable":true,"href":"https:\/\/nouveau.maisonmallet.com\/back05_01\/index.php?rest_route=\/wp\/v2\/media\/4838"}],"wp:attachment":[{"href":"https:\/\/nouveau.maisonmallet.com\/back05_01\/index.php?rest_route=%2Fwp%2Fv2%2Fmedia&parent=4823"}],"wp:term":[{"taxonomy":"event_cat","embeddable":true,"href":"https:\/\/nouveau.maisonmallet.com\/back05_01\/index.php?rest_route=%2Fwp%2Fv2%2Fevent_cat&post=4823"}],"curies":[{"name":"wp","href":"https:\/\/api.w.org\/{rel}","templated":true}]}}

LAFLAMME, Célestine (Chouinard)

<p>1936 -2019</p>
<p>LAFLAMME, Célestine (Chouinard)</p>
<p>&nbsp;</p>
<p>À Sept-Îles (résidence Urgel Pelletier), le 6 septembre 2019, est décédée à l’âge de 83 ans, madame Célestine Laflamme épouse de feu Roger Chouinard et domiciliée à Sept-Îles.</p>
<p>Les funérailles de madame Célestine Laflamme Chouinard auront lieu le mardi 10 septembre 2019 à 11 h en l’église Marie-Immaculée située au 180, rue Papineau à Sept-Îles et de là au cimetière Catholique de Sept-Îles.</p>
<p>Selon ses volontés, elle a été confiée au crématorium de la Maison Mallet &amp; fils pour crémation.</p>
<p>La famille reçoit parents et amis le lundi 9 septembre 2019 de 19 h à 22 h. Le mardi 10 septembre 2019 jour des funérailles à compter de 9 h 30 au Complexe Thanatologique Mallet &amp; fils du 585, boul. Laure à Sept-Îles.</p>
<p>Elle laisse dans le deuil ses enfants : Linda (Benoit Boudreault), Gilles, Lise et Sonia, ses petits-enfants : Simon (Noémie Gervais), Billy (Frédérique Otis), Jonathan (Maude Lemieux), Hélène (Éric Caire), Catherine (Christian Pelletier) et Philippe, ses arrière-petits-enfants : Léonie, Zac, Théa, Violette et Sofia, ainsi que ses sœurs, beaux-frères, ses neveux, ses nièces, et de nombreux ami(e)s.</p>
<p>Vos marques de sympathie peuvent se traduire par un don à la société Alzheimer Cote-Nord <a href="http://www.alzheimerquebec.ca/">www.alzheimerquebec.ca</a></p>
<p>La famille tient à remercier le personnel de la résidence et Urgel Pelletier pour le support et les bons soins apportés dans la dernière année.</p>
<p>La famille a confié la direction des funérailles aux services professionnels de la Maison Mallet &amp; fils du 585 boul. Laure à Sept-Îles, maintenant reconnue Distinction et membre de la Corporation des Thanatologues du Québec.</p>
<p>Vous pouvez consulter cet avis de décès sur le <a href="https://nouveau.maisonmallet.com/back05_01/">www.maisonmallet.com</a></p>
<p>Ceux et celles qui le désirent, peuvent y envoyer des messages de sympathie.</p>
<p>&nbsp;</p>
<p>&nbsp;</p>
<hr />
<p>Envoyer vos condoléances</p>
<p>[contact-form to= »lisechouinard2009@hotmail.com » subject= »Condoléances Célestine Laflamme »][contact-field label= »Votre nom » type= »name » required= »1&Prime;][contact-field label= »Votre courriel » type= »email » required= »1&Prime;][contact-field label= »Condoléances » type= »textarea »][/contact-form]</p>
