{"id":48255,"date":"2024-01-22T17:08:50","date_gmt":"2024-01-22T22:08:50","guid":{"rendered":"https:\/\/nouveau.maisonmallet.com\/?post_type=event&#038;p=48255"},"modified":"2024-07-01T11:23:08","modified_gmt":"2024-07-01T15:23:08","slug":"edwards-geraldine","status":"publish","type":"event","link":"https:\/\/nouveau.maisonmallet.com\/back05_01\/?event=edwards-geraldine","title":{"rendered":"EDWARDS, G\u00e9raldine"},"content":{"rendered":"<p>La Maison L.J.G. Mallet a le regret de vous annoncer le d\u00e9c\u00e8s de<\/p>\n<p>G\u00e9raldine Edwards<\/p>\n<p>1937 \u2013 2024<\/p>\n<p>&nbsp;<\/p>\n<p>\u00c0 Rivi\u00e8re-Saint-Jean, le 22 janvier 2024, est d\u00e9c\u00e9d\u00e9e \u00e0 l\u2019\u00e2ge de 86 ans, madame G\u00e9raldine Edwards fille de feu Benoit Edwards et de feu Lucie Devost domicili\u00e9e \u00e0 Rivi\u00e8re-Saint-Jean.<\/p>\n<p>Les fun\u00e9railles de madame G\u00e9raldine Edward auront lieu \u00e0 une date ult\u00e9rieure en l\u2019\u00e9glise St-Jean Ap\u00f4tre de Rivi\u00e8re-Saint-Jean.<\/p>\n<p>Selon ses volont\u00e9s, elle a \u00e9t\u00e9 confi\u00e9e au cr\u00e9matorium de la maison L.J.G. Mallet pour cr\u00e9mation.<\/p>\n<p>Elle laisse dans le deuil ses enfants\u00a0: Danielle, G\u00e9rald, Ren\u00e9e, Carla et M\u00e9lanie (Julien Plante), ses petits-enfants\u00a0: Fallon, Robert, Daisy, Steve, Roxane et Vanessa, ses quatorze arri\u00e8re-petits-enfants ainsi que ses fr\u00e8res, ses s\u0153urs, ses beaux-fr\u00e8res, ses belles-s\u0153urs, ses neveux, ses ni\u00e8ces, ses cousins, ses cousines et de nombreux ami(e)s.<\/p>\n<p>La famille a confi\u00e9 les arrangements aux services professionnels de la Maison L.J.G. Mallet du 1429, rue du Canot \u00e0 Havre-St-Pierre, membre de la Corporation des thanatologues du Qu\u00e9bec.<\/p>\n<p>Vous pouvez consulter cet avis de d\u00e9c\u00e8s, sur le <a href=\"https:\/\/nouveau.maisonmallet.com\">www.maisonmallet.com<\/a><\/p>\n<p>Ceux et celles qui le d\u00e9sirent, peuvent y envoyer des messages de sympathie.<\/p>\n<p>&nbsp;<\/p>\n<hr \/>\n<p>Envoyer vos condol\u00e9ances<\/p>\n<p>[contact-form to=\u00a0\u00bbgerald.beaudin1957@gmail.com\u00a0\u00bb subject=\u00a0\u00bbCondol\u00e9ances G\u00e9raldine Edwards\u00a0\u00bb][contact-field label=\u00a0\u00bbVotre nom\u00a0\u00bb type=\u00a0\u00bbname\u00a0\u00bb required=\u00a0\u00bb1&Prime;][contact-field label=\u00a0\u00bbVotre courriel\u00a0\u00bb type=\u00a0\u00bbemail\u00a0\u00bb required=\u00a0\u00bb1&Prime;][contact-field label=\u00a0\u00bbCondol\u00e9ances\u00a0\u00bb type=\u00a0\u00bbtextarea\u00a0\u00bb][\/contact-form]<\/p>\n","protected":false},"featured_media":48267,"template":"","event_cat":[7],"class_list":["post-48255","event","type-event","status-publish","has-post-thumbnail","hentry","event_cat-maison-l-j-g-mallet-inc"],"_links":{"self":[{"href":"https:\/\/nouveau.maisonmallet.com\/back05_01\/index.php?rest_route=\/wp\/v2\/event\/48255","targetHints":{"allow":["GET"]}}],"collection":[{"href":"https:\/\/nouveau.maisonmallet.com\/back05_01\/index.php?rest_route=\/wp\/v2\/event"}],"about":[{"href":"https:\/\/nouveau.maisonmallet.com\/back05_01\/index.php?rest_route=\/wp\/v2\/types\/event"}],"wp:featuredmedia":[{"embeddable":true,"href":"https:\/\/nouveau.maisonmallet.com\/back05_01\/index.php?rest_route=\/wp\/v2\/media\/48267"}],"wp:attachment":[{"href":"https:\/\/nouveau.maisonmallet.com\/back05_01\/index.php?rest_route=%2Fwp%2Fv2%2Fmedia&parent=48255"}],"wp:term":[{"taxonomy":"event_cat","embeddable":true,"href":"https:\/\/nouveau.maisonmallet.com\/back05_01\/index.php?rest_route=%2Fwp%2Fv2%2Fevent_cat&post=48255"}],"curies":[{"name":"wp","href":"https:\/\/api.w.org\/{rel}","templated":true}]}}

EDWARDS, Géraldine

<p>La Maison L.J.G. Mallet a le regret de vous annoncer le décès de</p>
<p>Géraldine Edwards</p>
<p>1937 – 2024</p>
<p>&nbsp;</p>
<p>À Rivière-Saint-Jean, le 22 janvier 2024, est décédée à l’âge de 86 ans, madame Géraldine Edwards fille de feu Benoit Edwards et de feu Lucie Devost domiciliée à Rivière-Saint-Jean.</p>
<p>Les funérailles de madame Géraldine Edward auront lieu à une date ultérieure en l’église St-Jean Apôtre de Rivière-Saint-Jean.</p>
<p>Selon ses volontés, elle a été confiée au crématorium de la maison L.J.G. Mallet pour crémation.</p>
<p>Elle laisse dans le deuil ses enfants : Danielle, Gérald, Renée, Carla et Mélanie (Julien Plante), ses petits-enfants : Fallon, Robert, Daisy, Steve, Roxane et Vanessa, ses quatorze arrière-petits-enfants ainsi que ses frères, ses sœurs, ses beaux-frères, ses belles-sœurs, ses neveux, ses nièces, ses cousins, ses cousines et de nombreux ami(e)s.</p>
<p>La famille a confié les arrangements aux services professionnels de la Maison L.J.G. Mallet du 1429, rue du Canot à Havre-St-Pierre, membre de la Corporation des thanatologues du Québec.</p>
<p>Vous pouvez consulter cet avis de décès, sur le <a href="https://nouveau.maisonmallet.com">www.maisonmallet.com</a></p>
<p>Ceux et celles qui le désirent, peuvent y envoyer des messages de sympathie.</p>
<p>&nbsp;</p>
<hr />
<p>Envoyer vos condoléances</p>
<p>[contact-form to= »gerald.beaudin1957@gmail.com » subject= »Condoléances Géraldine Edwards »][contact-field label= »Votre nom » type= »name » required= »1&Prime;][contact-field label= »Votre courriel » type= »email » required= »1&Prime;][contact-field label= »Condoléances » type= »textarea »][/contact-form]</p>
