{"id":48266,"date":"2024-02-10T17:30:28","date_gmt":"2024-02-10T22:30:28","guid":{"rendered":"https:\/\/nouveau.maisonmallet.com\/?post_type=event&#038;p=48266"},"modified":"2024-07-01T11:45:07","modified_gmt":"2024-07-01T15:45:07","slug":"ward-carmelle","status":"publish","type":"event","link":"https:\/\/nouveau.maisonmallet.com\/back05_01\/?event=ward-carmelle","title":{"rendered":"WARD, Carmelle"},"content":{"rendered":"<p>La Maison L.J.G. Mallet a le regret de vous annoncer le d\u00e9c\u00e8s de<\/p>\n<p>&nbsp;<\/p>\n<p>Carmelle Ward<\/p>\n<p>1939 \u2013 2024<\/p>\n<p>&nbsp;<\/p>\n<p>\u00c0 Havre Saint-Pierre, le 10 f\u00e9vrier 2024, est d\u00e9c\u00e9d\u00e9e \u00e0 l\u2019\u00e2ge de 84 ans madame Carmelle Ward \u00e9pouse de feu Donat Bond et domicili\u00e9e \u00e0 Longue-Pointe-de-Mingan.<\/p>\n<p>Les fun\u00e9railles de madame Carmelle Ward auront lieu le samedi 9 mars 2024 \u00e0 14 h en l\u2019\u00e9glise St-Fran\u00e7ois d\u2019Assise de Longue-Pointe-de-Mingan.<\/p>\n<p>Selon ses volont\u00e9s, elle a \u00e9t\u00e9 confi\u00e9e au cr\u00e9matorium de la Maison L.J.G. Mallet pour cr\u00e9mation.<\/p>\n<p>Elle laisse dans le deuil ses filles\u00a0: Suzanne (R\u00e9gis Vaillancourt), Jenny (Joel Vibert) et Candy (Alexandre Pelletier), ses fils\u00a0: Peter (Rosa Burgess) et Carlo (Nadia Gagnon), ses petits-fils\u00a0: Kelly (Karine Paris\u00e9), Reno (Rachel Maloney), Samuel (Judy Burgess Vibert), Brandon, James et Alexis, ses petites-filles\u00a0: Lucie, Jennifer et Alexanne, ses arri\u00e8re-petites-filles\u00a0: Joannie (Keven Boudreault) et Laurie, ses arri\u00e8re-petits-fils\u00a0: Nathan, Hugo, Zack, Vincent, Charles et Cayden ainsi que ses fr\u00e8res, ses s\u0153urs, ses beaux-fr\u00e8res, ses belles-s\u0153urs, ses neveux, ses ni\u00e8ces et de nombreux ami(e)s.<\/p>\n<p>La famille a confi\u00e9 la direction des fun\u00e9railles aux services professionnels de la Maison L.J.G. Mallet du 1429, rue du Canot \u00e0 Havre-St-Pierre, maintenant reconnue Distinction et membre de la Corporation des Thanatologues du Qu\u00e9bec.<\/p>\n<p>Vous pouvez consulter cet avis de d\u00e9c\u00e8s, sur le <a href=\"https:\/\/nouveau.maisonmallet.com\">www.maisonmallet.com<\/a><\/p>\n<p>Ceux et celles qui le d\u00e9sirent, peuvent y envoyer des messages de sympathie.<\/p>\n<p>&nbsp;<\/p>\n<p>&nbsp;<\/p>\n<p>&nbsp;<\/p>\n<hr \/>\n<p>Envoyer vos condol\u00e9ances<\/p>\n<p>[contact-form to=\u00a0\u00bbmarc@maisonmallet.com\u00a0\u00bb subject=\u00a0\u00bbCondol\u00e9ances Carmelle Ward\u00a0\u00bb][contact-field label=\u00a0\u00bbVotre nom\u00a0\u00bb type=\u00a0\u00bbname\u00a0\u00bb required=\u00a0\u00bb1&Prime;][contact-field label=\u00a0\u00bbVotre courriel\u00a0\u00bb type=\u00a0\u00bbemail\u00a0\u00bb required=\u00a0\u00bb1&Prime;][contact-field label=\u00a0\u00bbCondol\u00e9ances\u00a0\u00bb type=\u00a0\u00bbtextarea\u00a0\u00bb][\/contact-form]<\/p>\n","protected":false},"featured_media":48272,"template":"","event_cat":[7],"class_list":["post-48266","event","type-event","status-publish","has-post-thumbnail","hentry","event_cat-maison-l-j-g-mallet-inc"],"_links":{"self":[{"href":"https:\/\/nouveau.maisonmallet.com\/back05_01\/index.php?rest_route=\/wp\/v2\/event\/48266","targetHints":{"allow":["GET"]}}],"collection":[{"href":"https:\/\/nouveau.maisonmallet.com\/back05_01\/index.php?rest_route=\/wp\/v2\/event"}],"about":[{"href":"https:\/\/nouveau.maisonmallet.com\/back05_01\/index.php?rest_route=\/wp\/v2\/types\/event"}],"wp:featuredmedia":[{"embeddable":true,"href":"https:\/\/nouveau.maisonmallet.com\/back05_01\/index.php?rest_route=\/wp\/v2\/media\/48272"}],"wp:attachment":[{"href":"https:\/\/nouveau.maisonmallet.com\/back05_01\/index.php?rest_route=%2Fwp%2Fv2%2Fmedia&parent=48266"}],"wp:term":[{"taxonomy":"event_cat","embeddable":true,"href":"https:\/\/nouveau.maisonmallet.com\/back05_01\/index.php?rest_route=%2Fwp%2Fv2%2Fevent_cat&post=48266"}],"curies":[{"name":"wp","href":"https:\/\/api.w.org\/{rel}","templated":true}]}}

<p>La Maison L.J.G. Mallet a le regret de vous annoncer le décès de</p>
<p>&nbsp;</p>
<p>Carmelle Ward</p>
<p>1939 – 2024</p>
<p>&nbsp;</p>
<p>À Havre Saint-Pierre, le 10 février 2024, est décédée à l’âge de 84 ans madame Carmelle Ward épouse de feu Donat Bond et domiciliée à Longue-Pointe-de-Mingan.</p>
<p>Les funérailles de madame Carmelle Ward auront lieu le samedi 9 mars 2024 à 14 h en l’église St-François d’Assise de Longue-Pointe-de-Mingan.</p>
<p>Selon ses volontés, elle a été confiée au crématorium de la Maison L.J.G. Mallet pour crémation.</p>
<p>Elle laisse dans le deuil ses filles : Suzanne (Régis Vaillancourt), Jenny (Joel Vibert) et Candy (Alexandre Pelletier), ses fils : Peter (Rosa Burgess) et Carlo (Nadia Gagnon), ses petits-fils : Kelly (Karine Parisé), Reno (Rachel Maloney), Samuel (Judy Burgess Vibert), Brandon, James et Alexis, ses petites-filles : Lucie, Jennifer et Alexanne, ses arrière-petites-filles : Joannie (Keven Boudreault) et Laurie, ses arrière-petits-fils : Nathan, Hugo, Zack, Vincent, Charles et Cayden ainsi que ses frères, ses sœurs, ses beaux-frères, ses belles-sœurs, ses neveux, ses nièces et de nombreux ami(e)s.</p>
<p>La famille a confié la direction des funérailles aux services professionnels de la Maison L.J.G. Mallet du 1429, rue du Canot à Havre-St-Pierre, maintenant reconnue Distinction et membre de la Corporation des Thanatologues du Québec.</p>
<p>Vous pouvez consulter cet avis de décès, sur le <a href="https://nouveau.maisonmallet.com">www.maisonmallet.com</a></p>
<p>Ceux et celles qui le désirent, peuvent y envoyer des messages de sympathie.</p>
<p>&nbsp;</p>
<p>&nbsp;</p>
<p>&nbsp;</p>
<hr />
<p>Envoyer vos condoléances</p>
<p>[contact-form to= »marc@maisonmallet.com » subject= »Condoléances Carmelle Ward »][contact-field label= »Votre nom » type= »name » required= »1&Prime;][contact-field label= »Votre courriel » type= »email » required= »1&Prime;][contact-field label= »Condoléances » type= »textarea »][/contact-form]</p>
