{"id":48309,"date":"2024-03-13T13:30:43","date_gmt":"2024-03-13T17:30:43","guid":{"rendered":"https:\/\/nouveau.maisonmallet.com\/?post_type=event&#038;p=48309"},"modified":"2024-07-01T11:21:06","modified_gmt":"2024-07-01T15:21:06","slug":"maloney-richard-nenou","status":"publish","type":"event","link":"https:\/\/nouveau.maisonmallet.com\/back05_01\/?event=maloney-richard-nenou","title":{"rendered":"MALONEY, Richard (Nenou)"},"content":{"rendered":"<p>Le Complexe Thanatologique Mallet &amp; fils a le regret de vous annoncer le d\u00e9c\u00e8s de<\/p>\n<p>Richard Maloney (Nenou)<\/p>\n<p>1945 \u2013 2024<\/p>\n<p>&nbsp;<\/p>\n<p>&nbsp;<\/p>\n<p>\u00c0 Sept-\u00celes, le 13 f\u00e9vrier 2024, est d\u00e9c\u00e9d\u00e9 \u00e0 l\u2019\u00e2ge de 78 ans, monsieur Richard Maloney (Nenou) \u00e9poux de madame Lynda Vigneault et domicili\u00e9 \u00e0 Sept-\u00celes.<\/p>\n<p>Les fun\u00e9railles de monsieur Richard Maloney (Nenou) auront lieu le samedi 23 mars 2024 \u00e0 14 h en l\u2019\u00e9glise St-Joseph situ\u00e9e au 535, ave. Brochu \u00e0 Sept-\u00celes.<\/p>\n<p>Selon ses volont\u00e9s, il a \u00e9t\u00e9 confi\u00e9 au cr\u00e9matorium de la Maison Mallet &amp; fils pour cr\u00e9mation.<\/p>\n<p>La famille re\u00e7oit parents et amis le vendredi 22 mars 2024 de 19 h \u00e0 22 h au Complexe Thanatologique Mallet &amp; fils du 585, boul. Laure \u00e0 Sept-\u00celes.<\/p>\n<p>Il laisse dans le deuil outre son \u00e9pouse madame Lynda Vigneault, ses fils\u00a0: Yannick et Jean-Fran\u00e7ois (Chantal Michaud), ses petites-filles\u00a0: Megan, Camille et Anne-Sophie ainsi que ses neveux, ses ni\u00e8ces, ses cousins, ses cousines et de nombreux ami(e)s.<\/p>\n<p>Vos marques de sympathie peuvent se traduire par un don \u00e0 l\u2019\u00c9lyme des sables <a href=\"http:\/\/www.elymedessables.com\">www.elymedessables.com<\/a><\/p>\n<p>La famille a confi\u00e9 la direction des fun\u00e9railles aux services professionnels de la Maison Mallet &amp; fils du 585, boul. Laure \u00e0 Sept-\u00celes, maintenant reconnue Distinction et membre de la Corporation des Thanatologues du Qu\u00e9bec.<\/p>\n<p>Vous pouvez consulter cet avis de d\u00e9c\u00e8s sur le <a href=\"https:\/\/nouveau.maisonmallet.com\">www.maisonmallet.com<\/a><\/p>\n<p>Ceux et celles qui le d\u00e9sirent, peuvent y envoyer des messages de sympathies.<\/p>\n<p>&nbsp;<\/p>\n<hr \/>\n<p>Envoyer vos condol\u00e9ances<\/p>\n<p>[contact-form to=\u00a0\u00bbjfmaloney@boulonslpg.qc.ca\u00a0\u00bb subject=\u00a0\u00bbCondol\u00e9ances Richard Maloney\u00a0\u00bb][contact-field label=\u00a0\u00bbVotre nom\u00a0\u00bb type=\u00a0\u00bbname\u00a0\u00bb required=\u00a0\u00bb1&Prime;][contact-field label=\u00a0\u00bbVotre courriel\u00a0\u00bb type=\u00a0\u00bbemail\u00a0\u00bb required=\u00a0\u00bb1&Prime;][contact-field label=\u00a0\u00bbCondol\u00e9ances\u00a0\u00bb type=\u00a0\u00bbtextarea\u00a0\u00bb][\/contact-form]<\/p>\n","protected":false},"featured_media":48362,"template":"","event_cat":[6],"class_list":["post-48309","event","type-event","status-publish","has-post-thumbnail","hentry","event_cat-maison-mallet-et-fils-inc"],"_links":{"self":[{"href":"https:\/\/nouveau.maisonmallet.com\/back05_01\/index.php?rest_route=\/wp\/v2\/event\/48309","targetHints":{"allow":["GET"]}}],"collection":[{"href":"https:\/\/nouveau.maisonmallet.com\/back05_01\/index.php?rest_route=\/wp\/v2\/event"}],"about":[{"href":"https:\/\/nouveau.maisonmallet.com\/back05_01\/index.php?rest_route=\/wp\/v2\/types\/event"}],"wp:featuredmedia":[{"embeddable":true,"href":"https:\/\/nouveau.maisonmallet.com\/back05_01\/index.php?rest_route=\/wp\/v2\/media\/48362"}],"wp:attachment":[{"href":"https:\/\/nouveau.maisonmallet.com\/back05_01\/index.php?rest_route=%2Fwp%2Fv2%2Fmedia&parent=48309"}],"wp:term":[{"taxonomy":"event_cat","embeddable":true,"href":"https:\/\/nouveau.maisonmallet.com\/back05_01\/index.php?rest_route=%2Fwp%2Fv2%2Fevent_cat&post=48309"}],"curies":[{"name":"wp","href":"https:\/\/api.w.org\/{rel}","templated":true}]}}

<p>Le Complexe Thanatologique Mallet &amp; fils a le regret de vous annoncer le décès de</p>
<p>Richard Maloney (Nenou)</p>
<p>1945 – 2024</p>
<p>&nbsp;</p>
<p>&nbsp;</p>
<p>À Sept-Îles, le 13 février 2024, est décédé à l’âge de 78 ans, monsieur Richard Maloney (Nenou) époux de madame Lynda Vigneault et domicilié à Sept-Îles.</p>
<p>Les funérailles de monsieur Richard Maloney (Nenou) auront lieu le samedi 23 mars 2024 à 14 h en l’église St-Joseph située au 535, ave. Brochu à Sept-Îles.</p>
<p>Selon ses volontés, il a été confié au crématorium de la Maison Mallet &amp; fils pour crémation.</p>
<p>La famille reçoit parents et amis le vendredi 22 mars 2024 de 19 h à 22 h au Complexe Thanatologique Mallet &amp; fils du 585, boul. Laure à Sept-Îles.</p>
<p>Il laisse dans le deuil outre son épouse madame Lynda Vigneault, ses fils : Yannick et Jean-François (Chantal Michaud), ses petites-filles : Megan, Camille et Anne-Sophie ainsi que ses neveux, ses nièces, ses cousins, ses cousines et de nombreux ami(e)s.</p>
<p>Vos marques de sympathie peuvent se traduire par un don à l’Élyme des sables <a href="http://www.elymedessables.com">www.elymedessables.com</a></p>
<p>La famille a confié la direction des funérailles aux services professionnels de la Maison Mallet &amp; fils du 585, boul. Laure à Sept-Îles, maintenant reconnue Distinction et membre de la Corporation des Thanatologues du Québec.</p>
<p>Vous pouvez consulter cet avis de décès sur le <a href="https://nouveau.maisonmallet.com">www.maisonmallet.com</a></p>
<p>Ceux et celles qui le désirent, peuvent y envoyer des messages de sympathies.</p>
<p>&nbsp;</p>
<hr />
<p>Envoyer vos condoléances</p>
<p>[contact-form to= »jfmaloney@boulonslpg.qc.ca » subject= »Condoléances Richard Maloney »][contact-field label= »Votre nom » type= »name » required= »1&Prime;][contact-field label= »Votre courriel » type= »email » required= »1&Prime;][contact-field label= »Condoléances » type= »textarea »][/contact-form]</p>
