{"id":4833,"date":"2019-09-04T12:02:55","date_gmt":"2019-09-04T16:02:55","guid":{"rendered":"https:\/\/nouveau.maisonmallet.com\/?post_type=event&#038;p=4833"},"modified":"2019-09-13T13:20:31","modified_gmt":"2019-09-13T17:20:31","slug":"ritchie-alexander14011933","status":"publish","type":"event","link":"https:\/\/nouveau.maisonmallet.com\/back05_01\/?event=ritchie-alexander14011933","title":{"rendered":"RITCHIE, Alexander (Sandy)"},"content":{"rendered":"<p>1933 &#8211; 2019<\/p>\n<p>RITCHIE, Alexander (Sandy)<\/p>\n<p>&nbsp;<\/p>\n<p>\u00c0 Sept-\u00celes, le 4 septembre 2019, est d\u00e9c\u00e9d\u00e9 \u00e0 l\u2019\u00e2ge de 86 ans, monsieur Alexander Ritchie \u00e9poux en premi\u00e8re noce de feue Marie-Rose Aim\u00e9e No\u00ebl et en seconde noce de madame Yvette Boudreau et domicili\u00e9 \u00e0 Sept-\u00celes.<\/p>\n<p>Les fun\u00e9railles de monsieur Alexander Ritchie auront lieu le samedi 14 septembre 2019 \u00e0 10 h 30 en l\u2019\u00e9glise St-Joseph situ\u00e9e au 535, ave. Brochu \u00e0 Sept-\u00celes et de l\u00e0 au cr\u00e9matorium de la maison Mallet &amp; fils pour cr\u00e9mation.<\/p>\n<p>La famille re\u00e7oit parents et amis le vendredi 13 septembre 2019 de 13 h \u00e0 16 h et de 19 h \u00e0 22 h. Le samedi 14 septembre 2019 jour des fun\u00e9railles \u00e0 compter de 9 h au Complexe Thanatologique Mallet &amp; fils du 585, boul. Laure \u00e0 Sept-\u00celes.<\/p>\n<p>Il laisse dans le deuil outre son \u00e9pouse madame Yvette Boudreau, ses enfants : Andr\u00e9, Nancy, Lyne, Christine (Harvey Larriv\u00e9e), Gordon (Caroline Gregoire), Stephan, Carl (Cynthia Vollant), Jeane (Jean-Paul Castonguay), Dean (Nadia Ouellet) et Deborah (Alain Bonenfant), sa s\u0153ur Jeane (Charles Morrisson), ainsi que sa belle-fille Louise Rodgers (Michel Beaudin), ses petits-enfants, ses arri\u00e8re-petits-enfants, ses beaux-fr\u00e8res, ses belles-s\u0153urs, ses neveux, ses ni\u00e8ces, ses cousins, ses cousines et de nombreux ami(e)s.<\/p>\n<p>Il \u00e9tait le p\u00e8re de feu Kenneth Ritchie.<\/p>\n<p>La famille a confi\u00e9 la direction des fun\u00e9railles aux services professionnels de la Maison Mallet &amp; fils du 585 boul. Laure \u00e0 Sept-\u00celes, maintenant reconnue Distinction et membre de la Corporation des Thanatologues du Qu\u00e9bec.<\/p>\n<p>Vous pouvez consulter cet avis de d\u00e9c\u00e8s sur le <a href=\"https:\/\/nouveau.maisonmallet.com\/back05_01\/\">www.maisonmallet.com<\/a><\/p>\n<p>Ceux et celles qui le d\u00e9sirent, peuvent y envoyer des messages de sympathie.<\/p>\n<p>&nbsp;<\/p>\n<p>&nbsp;<\/p>\n<hr \/>\n<p>Envoyer vos condol\u00e9ances<\/p>\n<p>[contact-form to=\u00a0\u00bbredandhotcherry@gmail.com\u00a0\u00bb subject=\u00a0\u00bbCondol\u00e9ances Alexander Ritchie\u00a0\u00bb][contact-field label=\u00a0\u00bbVotre nom\u00a0\u00bb type=\u00a0\u00bbname\u00a0\u00bb required=\u00a0\u00bb1&Prime;][contact-field label=\u00a0\u00bbVotre courriel\u00a0\u00bb type=\u00a0\u00bbemail\u00a0\u00bb required=\u00a0\u00bb1&Prime;][contact-field label=\u00a0\u00bbCondol\u00e9ances\u00a0\u00bb type=\u00a0\u00bbtextarea\u00a0\u00bb][\/contact-form]<\/p>\n","protected":false},"featured_media":4930,"template":"","event_cat":[6],"class_list":["post-4833","event","type-event","status-publish","has-post-thumbnail","hentry","event_cat-maison-mallet-et-fils-inc"],"_links":{"self":[{"href":"https:\/\/nouveau.maisonmallet.com\/back05_01\/index.php?rest_route=\/wp\/v2\/event\/4833","targetHints":{"allow":["GET"]}}],"collection":[{"href":"https:\/\/nouveau.maisonmallet.com\/back05_01\/index.php?rest_route=\/wp\/v2\/event"}],"about":[{"href":"https:\/\/nouveau.maisonmallet.com\/back05_01\/index.php?rest_route=\/wp\/v2\/types\/event"}],"wp:featuredmedia":[{"embeddable":true,"href":"https:\/\/nouveau.maisonmallet.com\/back05_01\/index.php?rest_route=\/wp\/v2\/media\/4930"}],"wp:attachment":[{"href":"https:\/\/nouveau.maisonmallet.com\/back05_01\/index.php?rest_route=%2Fwp%2Fv2%2Fmedia&parent=4833"}],"wp:term":[{"taxonomy":"event_cat","embeddable":true,"href":"https:\/\/nouveau.maisonmallet.com\/back05_01\/index.php?rest_route=%2Fwp%2Fv2%2Fevent_cat&post=4833"}],"curies":[{"name":"wp","href":"https:\/\/api.w.org\/{rel}","templated":true}]}}

<p>1933 &#8211; 2019</p>
<p>RITCHIE, Alexander (Sandy)</p>
<p>&nbsp;</p>
<p>À Sept-Îles, le 4 septembre 2019, est décédé à l’âge de 86 ans, monsieur Alexander Ritchie époux en première noce de feue Marie-Rose Aimée Noël et en seconde noce de madame Yvette Boudreau et domicilié à Sept-Îles.</p>
<p>Les funérailles de monsieur Alexander Ritchie auront lieu le samedi 14 septembre 2019 à 10 h 30 en l’église St-Joseph située au 535, ave. Brochu à Sept-Îles et de là au crématorium de la maison Mallet &amp; fils pour crémation.</p>
<p>La famille reçoit parents et amis le vendredi 13 septembre 2019 de 13 h à 16 h et de 19 h à 22 h. Le samedi 14 septembre 2019 jour des funérailles à compter de 9 h au Complexe Thanatologique Mallet &amp; fils du 585, boul. Laure à Sept-Îles.</p>
<p>Il laisse dans le deuil outre son épouse madame Yvette Boudreau, ses enfants : André, Nancy, Lyne, Christine (Harvey Larrivée), Gordon (Caroline Gregoire), Stephan, Carl (Cynthia Vollant), Jeane (Jean-Paul Castonguay), Dean (Nadia Ouellet) et Deborah (Alain Bonenfant), sa sœur Jeane (Charles Morrisson), ainsi que sa belle-fille Louise Rodgers (Michel Beaudin), ses petits-enfants, ses arrière-petits-enfants, ses beaux-frères, ses belles-sœurs, ses neveux, ses nièces, ses cousins, ses cousines et de nombreux ami(e)s.</p>
<p>Il était le père de feu Kenneth Ritchie.</p>
<p>La famille a confié la direction des funérailles aux services professionnels de la Maison Mallet &amp; fils du 585 boul. Laure à Sept-Îles, maintenant reconnue Distinction et membre de la Corporation des Thanatologues du Québec.</p>
<p>Vous pouvez consulter cet avis de décès sur le <a href="https://nouveau.maisonmallet.com/back05_01/">www.maisonmallet.com</a></p>
<p>Ceux et celles qui le désirent, peuvent y envoyer des messages de sympathie.</p>
<p>&nbsp;</p>
<p>&nbsp;</p>
<hr />
<p>Envoyer vos condoléances</p>
<p>[contact-form to= »redandhotcherry@gmail.com » subject= »Condoléances Alexander Ritchie »][contact-field label= »Votre nom » type= »name » required= »1&Prime;][contact-field label= »Votre courriel » type= »email » required= »1&Prime;][contact-field label= »Condoléances » type= »textarea »][/contact-form]</p>
