{"id":48437,"date":"2024-03-13T16:42:47","date_gmt":"2024-03-13T20:42:47","guid":{"rendered":"https:\/\/nouveau.maisonmallet.com\/?post_type=event&#038;p=48437"},"modified":"2024-05-08T21:56:02","modified_gmt":"2024-05-09T01:56:02","slug":"cormier-dina","status":"publish","type":"event","link":"https:\/\/nouveau.maisonmallet.com\/back05_01\/?event=cormier-dina","title":{"rendered":"CORMIER, Dina"},"content":{"rendered":"<p>La Maison L.J.G. Mallet a le regret de vous annoncer le d\u00e9c\u00e8s de<\/p>\n<p>Dina Cormier<\/p>\n<p>1938 \u2013 2024<\/p>\n<p>&nbsp;<\/p>\n<p>\u00c0 Havre-Saint-Pierre, le 13 mars 2024, est d\u00e9c\u00e9d\u00e9e \u00e0 l\u2019\u00e2ge de 85 ans, madame Dina Cormier \u00e9pouse en premi\u00e8res noces de feu Ronald Mac Gillivray et en secondes noces de feu Yves Richard domicili\u00e9e \u00e0 Havre-Saint-Pierre.<\/p>\n<p>Les fun\u00e9railles de madame Dina Cormier auront lieu\u00a0le mardi 19 mars 2024 \u00e0 11 h en l\u2019\u00e9glise St-Pierre de Havre-Saint-Pierre.<\/p>\n<p>Selon ses volont\u00e9s, elle a \u00e9t\u00e9 confi\u00e9e au cr\u00e9matorium de la Maison L.J.G. Mallet pour cr\u00e9mation.<\/p>\n<p>La famille re\u00e7oit parents et amis le mardi 19 mars 2024 jour des fun\u00e9railles \u00e0 compter de 10 h \u00e0 l\u2019\u00e9glise St-Pierre de Havre-Saint-Pierre.<\/p>\n<p>Elle laisse dans le deuil ses filles : Claire et Martha (feu Rock Beaudin), ses fils : Steve, Richy et Keven (Marie-H\u00e9l\u00e8ne Lomlolou), ses petits-enfants : Jeasen, Tim, Jessica, Marc-Andr\u00e9, Jeff, Micheal, Ariel et Uapukun, ses arri\u00e8re-petits-enfants : Kim, Joey, Zack, Madison, Alexis, Noah, Issak, Shana, Alias, Maila, Livia, Milan et Mat\u00e9o, sa s\u0153ur Denise (Henri Coquelin) ainsi que sa famille, ses neveux, ses ni\u00e8ces, ses cousins, ses cousines et ami(e)s.<\/p>\n<p>La famille a confi\u00e9 la direction des fun\u00e9railles aux services professionnels de la Maison L.J.G. Mallet du 1429, rue du Canot \u00e0 Havre-Saint-Pierre, maintenant reconnue Distinction et membre de la Corporation des Thanatologues du Qu\u00e9bec.<\/p>\n<p>Vous pouvez consulter cet avis de d\u00e9c\u00e8s sur le\u00a0<a href=\"https:\/\/nouveau.maisonmallet.com\">www.maisonmallet.com<\/a><\/p>\n<p>Ceux et celles qui le d\u00e9sirent, peuvent y envoyer des messages de sympathie.<\/p>\n<p>&nbsp;<\/p>\n<hr \/>\n<p>Envoyer vos condol\u00e9ances<\/p>\n<p>[contact-form to=\u00a0\u00bbmarthahavre@hotmail.com\u00a0\u00bb subject=\u00a0\u00bbCondol\u00e9ances Dina Cormier\u00a0\u00bb][contact-field label=\u00a0\u00bbVotre nom\u00a0\u00bb type=\u00a0\u00bbname\u00a0\u00bb required=\u00a0\u00bb1&Prime;][contact-field label=\u00a0\u00bbVotre courriel\u00a0\u00bb type=\u00a0\u00bbemail\u00a0\u00bb required=\u00a0\u00bb1&Prime;][contact-field label=\u00a0\u00bbCondol\u00e9ances\u00a0\u00bb type=\u00a0\u00bbtextarea\u00a0\u00bb][\/contact-form]<\/p>\n","protected":false},"featured_media":23343,"template":"","event_cat":[7],"class_list":["post-48437","event","type-event","status-publish","has-post-thumbnail","hentry","event_cat-maison-l-j-g-mallet-inc"],"_links":{"self":[{"href":"https:\/\/nouveau.maisonmallet.com\/back05_01\/index.php?rest_route=\/wp\/v2\/event\/48437","targetHints":{"allow":["GET"]}}],"collection":[{"href":"https:\/\/nouveau.maisonmallet.com\/back05_01\/index.php?rest_route=\/wp\/v2\/event"}],"about":[{"href":"https:\/\/nouveau.maisonmallet.com\/back05_01\/index.php?rest_route=\/wp\/v2\/types\/event"}],"wp:featuredmedia":[{"embeddable":true,"href":"https:\/\/nouveau.maisonmallet.com\/back05_01\/index.php?rest_route=\/wp\/v2\/media\/23343"}],"wp:attachment":[{"href":"https:\/\/nouveau.maisonmallet.com\/back05_01\/index.php?rest_route=%2Fwp%2Fv2%2Fmedia&parent=48437"}],"wp:term":[{"taxonomy":"event_cat","embeddable":true,"href":"https:\/\/nouveau.maisonmallet.com\/back05_01\/index.php?rest_route=%2Fwp%2Fv2%2Fevent_cat&post=48437"}],"curies":[{"name":"wp","href":"https:\/\/api.w.org\/{rel}","templated":true}]}}

<p>La Maison L.J.G. Mallet a le regret de vous annoncer le décès de</p>
<p>Dina Cormier</p>
<p>1938 – 2024</p>
<p>&nbsp;</p>
<p>À Havre-Saint-Pierre, le 13 mars 2024, est décédée à l’âge de 85 ans, madame Dina Cormier épouse en premières noces de feu Ronald Mac Gillivray et en secondes noces de feu Yves Richard domiciliée à Havre-Saint-Pierre.</p>
<p>Les funérailles de madame Dina Cormier auront lieu le mardi 19 mars 2024 à 11 h en l’église St-Pierre de Havre-Saint-Pierre.</p>
<p>Selon ses volontés, elle a été confiée au crématorium de la Maison L.J.G. Mallet pour crémation.</p>
<p>La famille reçoit parents et amis le mardi 19 mars 2024 jour des funérailles à compter de 10 h à l’église St-Pierre de Havre-Saint-Pierre.</p>
<p>Elle laisse dans le deuil ses filles : Claire et Martha (feu Rock Beaudin), ses fils : Steve, Richy et Keven (Marie-Hélène Lomlolou), ses petits-enfants : Jeasen, Tim, Jessica, Marc-André, Jeff, Micheal, Ariel et Uapukun, ses arrière-petits-enfants : Kim, Joey, Zack, Madison, Alexis, Noah, Issak, Shana, Alias, Maila, Livia, Milan et Matéo, sa sœur Denise (Henri Coquelin) ainsi que sa famille, ses neveux, ses nièces, ses cousins, ses cousines et ami(e)s.</p>
<p>La famille a confié la direction des funérailles aux services professionnels de la Maison L.J.G. Mallet du 1429, rue du Canot à Havre-Saint-Pierre, maintenant reconnue Distinction et membre de la Corporation des Thanatologues du Québec.</p>
<p>Vous pouvez consulter cet avis de décès sur le <a href="https://nouveau.maisonmallet.com">www.maisonmallet.com</a></p>
<p>Ceux et celles qui le désirent, peuvent y envoyer des messages de sympathie.</p>
<p>&nbsp;</p>
<hr />
<p>Envoyer vos condoléances</p>
<p>[contact-form to= »marthahavre@hotmail.com » subject= »Condoléances Dina Cormier »][contact-field label= »Votre nom » type= »name » required= »1&Prime;][contact-field label= »Votre courriel » type= »email » required= »1&Prime;][contact-field label= »Condoléances » type= »textarea »][/contact-form]</p>
