{"id":48447,"date":"2024-02-27T10:04:07","date_gmt":"2024-02-27T15:04:07","guid":{"rendered":"https:\/\/nouveau.maisonmallet.com\/?post_type=event&#038;p=48447"},"modified":"2024-05-08T21:55:40","modified_gmt":"2024-05-09T01:55:40","slug":"lebrun-suzie","status":"publish","type":"event","link":"https:\/\/nouveau.maisonmallet.com\/back05_01\/?event=lebrun-suzie","title":{"rendered":"LEBRUN, Suzie"},"content":{"rendered":"<p>La Maison L.J.G. Mallet a le regret de vous annoncer le d\u00e9c\u00e8s de<\/p>\n<p>Suzie Lebrun<\/p>\n<p>1961 &#8211; 2024<\/p>\n<p>&nbsp;<\/p>\n<p>\u00c0 Rivi\u00e8re-au-Tonnerre, le 27 f\u00e9vrier 2024, est d\u00e9c\u00e9d\u00e9e \u00e0 l\u2019\u00e2ge de 63 ans, madame Suzie Lebrun fille de monsieur Rom\u00e9o Lebrun et de feu Norma Lapierre domicili\u00e9e \u00e0 Rivi\u00e8re-au-Tonnerre.<\/p>\n<p>Les fun\u00e9railles de madame Suzie Lebrun auront lieu \u00e0 une date ult\u00e9rieure \u00e0 Rivi\u00e8re-au-Tonnerre.<\/p>\n<p>Selon ses volont\u00e9s, elle a \u00e9t\u00e9 confi\u00e9e au cr\u00e9matorium de la Maison L.J.G. Mallet pour cr\u00e9mation.<\/p>\n<p>Elle laisse dans le deuil son p\u00e8re monsieur Rom\u00e9o Lebrun, ses s\u0153urs\u00a0: Marguerite (Alain), Guylaine (Mario) et Andr\u00e9a (Steve), ses neveux et ni\u00e8ces\u00a0: Nathalie (Josh), Isabelle (Jean-Philippe), Fanny (Hugo), Dan (M\u00e9lissa) et Pierre-Luc, son filleul Mike (Katrine) ainsi que ses cousins, ses cousines et ses ami(e)s.<\/p>\n<p>Elle \u00e9tait la s\u0153ur de feu Andr\u00e9 Lebrun.<\/p>\n<p>La famille a confi\u00e9 la direction des fun\u00e9railles aux services professionnels de la Maison L.J.G. Mallet du 1429, du Canot \u00e0 Havre-St-Pierre, maintenant reconnue Distinction et membre de la Corporation des Thanatologues du Qu\u00e9bec.<\/p>\n<p>Vous pouvez consulter cet avis de d\u00e9c\u00e8s, sur le <a href=\"https:\/\/nouveau.maisonmallet.com\">www.maisonmallet.com<\/a><\/p>\n<p>Ceux et celles qui le d\u00e9sirent, peuvent y envoyer des messages de sympathie.<\/p>\n<p>&nbsp;<\/p>\n<hr \/>\n<p>Envoyer vos condol\u00e9ances<\/p>\n<p>[contact-form to=\u00a0\u00bblebrun_guylaine@hotmail.com\u00a0\u00bb subject=\u00a0\u00bbCondol\u00e9ances Suzie Lebrun\u00a0\u00bb][contact-field label=\u00a0\u00bbVotre nom\u00a0\u00bb type=\u00a0\u00bbname\u00a0\u00bb required=\u00a0\u00bb1&Prime;][contact-field label=\u00a0\u00bbVotre courriel\u00a0\u00bb type=\u00a0\u00bbemail\u00a0\u00bb required=\u00a0\u00bb1&Prime;][contact-field label=\u00a0\u00bbCondol\u00e9ances\u00a0\u00bb type=\u00a0\u00bbtextarea\u00a0\u00bb][\/contact-form]<\/p>\n","protected":false},"featured_media":48489,"template":"","event_cat":[7],"class_list":["post-48447","event","type-event","status-publish","has-post-thumbnail","hentry","event_cat-maison-l-j-g-mallet-inc"],"_links":{"self":[{"href":"https:\/\/nouveau.maisonmallet.com\/back05_01\/index.php?rest_route=\/wp\/v2\/event\/48447","targetHints":{"allow":["GET"]}}],"collection":[{"href":"https:\/\/nouveau.maisonmallet.com\/back05_01\/index.php?rest_route=\/wp\/v2\/event"}],"about":[{"href":"https:\/\/nouveau.maisonmallet.com\/back05_01\/index.php?rest_route=\/wp\/v2\/types\/event"}],"wp:featuredmedia":[{"embeddable":true,"href":"https:\/\/nouveau.maisonmallet.com\/back05_01\/index.php?rest_route=\/wp\/v2\/media\/48489"}],"wp:attachment":[{"href":"https:\/\/nouveau.maisonmallet.com\/back05_01\/index.php?rest_route=%2Fwp%2Fv2%2Fmedia&parent=48447"}],"wp:term":[{"taxonomy":"event_cat","embeddable":true,"href":"https:\/\/nouveau.maisonmallet.com\/back05_01\/index.php?rest_route=%2Fwp%2Fv2%2Fevent_cat&post=48447"}],"curies":[{"name":"wp","href":"https:\/\/api.w.org\/{rel}","templated":true}]}}

<p>La Maison L.J.G. Mallet a le regret de vous annoncer le décès de</p>
<p>Suzie Lebrun</p>
<p>1961 &#8211; 2024</p>
<p>&nbsp;</p>
<p>À Rivière-au-Tonnerre, le 27 février 2024, est décédée à l’âge de 63 ans, madame Suzie Lebrun fille de monsieur Roméo Lebrun et de feu Norma Lapierre domiciliée à Rivière-au-Tonnerre.</p>
<p>Les funérailles de madame Suzie Lebrun auront lieu à une date ultérieure à Rivière-au-Tonnerre.</p>
<p>Selon ses volontés, elle a été confiée au crématorium de la Maison L.J.G. Mallet pour crémation.</p>
<p>Elle laisse dans le deuil son père monsieur Roméo Lebrun, ses sœurs : Marguerite (Alain), Guylaine (Mario) et Andréa (Steve), ses neveux et nièces : Nathalie (Josh), Isabelle (Jean-Philippe), Fanny (Hugo), Dan (Mélissa) et Pierre-Luc, son filleul Mike (Katrine) ainsi que ses cousins, ses cousines et ses ami(e)s.</p>
<p>Elle était la sœur de feu André Lebrun.</p>
<p>La famille a confié la direction des funérailles aux services professionnels de la Maison L.J.G. Mallet du 1429, du Canot à Havre-St-Pierre, maintenant reconnue Distinction et membre de la Corporation des Thanatologues du Québec.</p>
<p>Vous pouvez consulter cet avis de décès, sur le <a href="https://nouveau.maisonmallet.com">www.maisonmallet.com</a></p>
<p>Ceux et celles qui le désirent, peuvent y envoyer des messages de sympathie.</p>
<p>&nbsp;</p>
<hr />
<p>Envoyer vos condoléances</p>
<p>[contact-form to= »lebrun_guylaine@hotmail.com » subject= »Condoléances Suzie Lebrun »][contact-field label= »Votre nom » type= »name » required= »1&Prime;][contact-field label= »Votre courriel » type= »email » required= »1&Prime;][contact-field label= »Condoléances » type= »textarea »][/contact-form]</p>
