{"id":48487,"date":"2024-03-07T10:32:34","date_gmt":"2024-03-07T15:32:34","guid":{"rendered":"https:\/\/nouveau.maisonmallet.com\/?post_type=event&#038;p=48487"},"modified":"2024-05-08T21:55:09","modified_gmt":"2024-05-09T01:55:09","slug":"richard-claudette","status":"publish","type":"event","link":"https:\/\/nouveau.maisonmallet.com\/back05_01\/?event=richard-claudette","title":{"rendered":"RICHARD, Claudette"},"content":{"rendered":"<p>La Maison L.J.G. Mallet a le regret de vous annoncer le d\u00e9c\u00e8s de<\/p>\n<p>&nbsp;<\/p>\n<p>Claudette Richard<\/p>\n<p>1946 \u2013 2024<\/p>\n<p>&nbsp;<\/p>\n<p>\u00c0 Havre Saint-Pierre, le 7 mars 2024, est d\u00e9c\u00e9d\u00e9e \u00e0 l\u2019\u00e2ge de 77 ans, madame Claudette Richard \u00e9pouse de feu Jean Cormier et domicili\u00e9e \u00e0 Havre Saint-Pierre.<\/p>\n<p>Les fun\u00e9railles de madame Claudette Richard auront lieu le vendredi 22 mars 2024 \u00e0 14 h en l\u2019\u00e9glise St-Pierre de Havre Saint-Pierre.<\/p>\n<p>Selon ses volont\u00e9s, elle a \u00e9t\u00e9 confi\u00e9e au cr\u00e9matorium de la Maison L.J.G. Mallet pour cr\u00e9mation.<\/p>\n<p>La famille re\u00e7oit parents et amis le vendredi 22 mars 2024 jour des fun\u00e9railles \u00e0 compter de 13 h \u00e0 l\u2019\u00e9glise St-Pierre de Havre Saint-Pierre.<\/p>\n<p>Elle laisse dans le deuil ses fils\u00a0: Jean-Claude (Suzanne Boudreau) et Sylvain (Chantale Fortin), sa fille Christine (Denis Lavoie), ses petites-filles\u00a0: Andr\u00e9e-Anne (Simon), Genevi\u00e8ve (Kelly), Audrey (Pierre-Luc), Rose-Marie et Juliette, ses petits-fils\u00a0: David (Catherine) et Francis, ses arri\u00e8re-petites-filles\u00a0: Clara et Romy, son arri\u00e8re-petit-fils Jules ainsi que ses fr\u00e8res\u00a0: Jean-Marie (Jacynthe Landry), Fran\u00e7ois (Claude Morin), Alain (Florence Vigneault) et Robert (Diane Turbis), sa s\u0153ur Marie-Th\u00e9r\u00e8se (feu Maurice Scherrer), ses beaux-fr\u00e8res, ses belles-s\u0153urs, ses neveux, ses ni\u00e8ces, ses cousins, ses cousines et de nombreux \u00a0ami(e)s.<\/p>\n<p>La famille a confi\u00e9 la direction des fun\u00e9railles aux services professionnels de la Maison L.J.G. Mallet du 1429, rue du Canot \u00e0 Havre Saint-Pierre, maintenant reconnue Distinction et membre de la Corporation des Thanatologues du Qu\u00e9bec.<\/p>\n<p>Vous pouvez consulter cet avis de d\u00e9c\u00e8s sur le\u00a0<a href=\"https:\/\/nouveau.maisonmallet.com\">www.maisonmallet.com<\/a><\/p>\n<p>Ceux et celles qui le d\u00e9sirent, peuvent y envoyer des messages de sympathie.<\/p>\n<hr \/>\n<p>Envoyer vos condol\u00e9ances<\/p>\n<p>[contact-form to=\u00a0\u00bbclaudettefamille@gmail.com\u00a0\u00bb subject=\u00a0\u00bbCondol\u00e9ances Claudette Richard\u00a0\u00bb][contact-field label=\u00a0\u00bbVotre nom\u00a0\u00bb type=\u00a0\u00bbname\u00a0\u00bb required=\u00a0\u00bb1&Prime;][contact-field label=\u00a0\u00bbVotre courriel\u00a0\u00bb type=\u00a0\u00bbemail\u00a0\u00bb required=\u00a0\u00bb1&Prime;][contact-field label=\u00a0\u00bbCondol\u00e9ances\u00a0\u00bb type=\u00a0\u00bbtextarea\u00a0\u00bb][\/contact-form]<\/p>\n","protected":false},"featured_media":48492,"template":"","event_cat":[7],"class_list":["post-48487","event","type-event","status-publish","has-post-thumbnail","hentry","event_cat-maison-l-j-g-mallet-inc"],"_links":{"self":[{"href":"https:\/\/nouveau.maisonmallet.com\/back05_01\/index.php?rest_route=\/wp\/v2\/event\/48487","targetHints":{"allow":["GET"]}}],"collection":[{"href":"https:\/\/nouveau.maisonmallet.com\/back05_01\/index.php?rest_route=\/wp\/v2\/event"}],"about":[{"href":"https:\/\/nouveau.maisonmallet.com\/back05_01\/index.php?rest_route=\/wp\/v2\/types\/event"}],"wp:featuredmedia":[{"embeddable":true,"href":"https:\/\/nouveau.maisonmallet.com\/back05_01\/index.php?rest_route=\/wp\/v2\/media\/48492"}],"wp:attachment":[{"href":"https:\/\/nouveau.maisonmallet.com\/back05_01\/index.php?rest_route=%2Fwp%2Fv2%2Fmedia&parent=48487"}],"wp:term":[{"taxonomy":"event_cat","embeddable":true,"href":"https:\/\/nouveau.maisonmallet.com\/back05_01\/index.php?rest_route=%2Fwp%2Fv2%2Fevent_cat&post=48487"}],"curies":[{"name":"wp","href":"https:\/\/api.w.org\/{rel}","templated":true}]}}

<p>La Maison L.J.G. Mallet a le regret de vous annoncer le décès de</p>
<p>&nbsp;</p>
<p>Claudette Richard</p>
<p>1946 – 2024</p>
<p>&nbsp;</p>
<p>À Havre Saint-Pierre, le 7 mars 2024, est décédée à l’âge de 77 ans, madame Claudette Richard épouse de feu Jean Cormier et domiciliée à Havre Saint-Pierre.</p>
<p>Les funérailles de madame Claudette Richard auront lieu le vendredi 22 mars 2024 à 14 h en l’église St-Pierre de Havre Saint-Pierre.</p>
<p>Selon ses volontés, elle a été confiée au crématorium de la Maison L.J.G. Mallet pour crémation.</p>
<p>La famille reçoit parents et amis le vendredi 22 mars 2024 jour des funérailles à compter de 13 h à l’église St-Pierre de Havre Saint-Pierre.</p>
<p>Elle laisse dans le deuil ses fils : Jean-Claude (Suzanne Boudreau) et Sylvain (Chantale Fortin), sa fille Christine (Denis Lavoie), ses petites-filles : Andrée-Anne (Simon), Geneviève (Kelly), Audrey (Pierre-Luc), Rose-Marie et Juliette, ses petits-fils : David (Catherine) et Francis, ses arrière-petites-filles : Clara et Romy, son arrière-petit-fils Jules ainsi que ses frères : Jean-Marie (Jacynthe Landry), François (Claude Morin), Alain (Florence Vigneault) et Robert (Diane Turbis), sa sœur Marie-Thérèse (feu Maurice Scherrer), ses beaux-frères, ses belles-sœurs, ses neveux, ses nièces, ses cousins, ses cousines et de nombreux  ami(e)s.</p>
<p>La famille a confié la direction des funérailles aux services professionnels de la Maison L.J.G. Mallet du 1429, rue du Canot à Havre Saint-Pierre, maintenant reconnue Distinction et membre de la Corporation des Thanatologues du Québec.</p>
<p>Vous pouvez consulter cet avis de décès sur le <a href="https://nouveau.maisonmallet.com">www.maisonmallet.com</a></p>
<p>Ceux et celles qui le désirent, peuvent y envoyer des messages de sympathie.</p>
<hr />
<p>Envoyer vos condoléances</p>
<p>[contact-form to= »claudettefamille@gmail.com » subject= »Condoléances Claudette Richard »][contact-field label= »Votre nom » type= »name » required= »1&Prime;][contact-field label= »Votre courriel » type= »email » required= »1&Prime;][contact-field label= »Condoléances » type= »textarea »][/contact-form]</p>
