{"id":48490,"date":"2024-03-16T11:59:36","date_gmt":"2024-03-16T15:59:36","guid":{"rendered":"https:\/\/nouveau.maisonmallet.com\/?post_type=event&#038;p=48490"},"modified":"2024-07-08T16:35:36","modified_gmt":"2024-07-08T20:35:36","slug":"boudreau-eliane","status":"publish","type":"event","link":"https:\/\/nouveau.maisonmallet.com\/back05_01\/?event=boudreau-eliane","title":{"rendered":"BOUDREAU, \u00c9liane"},"content":{"rendered":"<p>La Maison L.J.G. Mallet a le regret de vous annoncer le d\u00e9c\u00e8s de<\/p>\n<p>\u00c9liane Boudreau<\/p>\n<p>1927 \u2013 2024<\/p>\n<p>&nbsp;<\/p>\n<p>\u00c0 Havre-Saint-Pierre, le 16 mars 2024, est d\u00e9c\u00e9d\u00e9e \u00e0 l\u2019\u00e2ge de 96 ans et 11 mois madame \u00c9liane Boudreau \u00e9pouse de feu Jacques E. Boudreau et domicili\u00e9e \u00e0 Havre-Saint-Pierre.<\/p>\n<p>Les fun\u00e9railles de madame \u00c9liane Boudreau auront lieu le samedi 6 avril 2024 \u00e0 14 h en l\u2019\u00e9glise Saint-Pierre de Havre-Saint-Pierre.<\/p>\n<p>La famille re\u00e7oit parents et amis le vendredi 5 avril 2024 de 19 h \u00e0 22 h ainsi que le samedi 6 avril 2024 jour des fun\u00e9railles \u00e0 compter de 12 h 30 au salon de la Maison L.J.G. Mallet du 1429, rue du Canot \u00e0 Havre-Saint-Pierre.<\/p>\n<p>Elle laisse dans le deuil ses enfants : Ga\u00e9tan (Ginette M\u00e9thot), Viateur, Valmont, Agathe (Charles Gauthier), Antonin et Anna, ses petits-enfants : Fran\u00e7ois (Isabelle), Lucie (St\u00e9phanie), Daniel (Kelsey), Michel (Claudine), Philippe (Naouli), Chantale et Sylvain, ses arri\u00e8re-petits-enfants : Dana\u00eb, Ma\u00e8ve, \u00c9mile, Thomas, Milo, Julia, \u00c9lie, Flora et Emma, ses s\u0153urs : Marie-Claire sscm, Madeleine sscm et Raymonde (Andr\u00e9 Simard), son fr\u00e8re Julien (Claudette Gagnon), son beau-fr\u00e8re Jean-Vic ainsi que ses belles-s\u0153urs : Carmelle et Laure-Anna, ses neveux, ses ni\u00e8ces, ses cousins, ses cousines et de nombreux ami(e)s.<\/p>\n<p>Elle \u00e9tait la m\u00e8re de feu Serge et feu Cyprien.<\/p>\n<p>Vos marques de sympathie peuvent se traduire par un don \u00e0 la fondation du centre de sant\u00e9 de la Minganie.<\/p>\n<p>La famille a confi\u00e9 la direction des fun\u00e9railles aux services professionnels de la Maison L.J.G. Mallet du 1429, rue du Canot \u00e0 Havre-Saint-Pierre, maintenant reconnue Distinction et membre de la Corporation des Thanatologues du Qu\u00e9bec.<\/p>\n<p>Vous pouvez consulter cet avis de d\u00e9c\u00e8s sur le <a href=\"https:\/\/nouveau.maisonmallet.com\">www.maisonmallet.com<\/a><\/p>\n<p>Ceux et celles qui le d\u00e9sirent, peuvent y envoyer des messages de sympathie.<\/p>\n<p>&nbsp;<\/p>\n<hr \/>\n<p>Envoyer vos condol\u00e9ances<\/p>\n<p>[contact-form to=\u00a0\u00bbmetgin78@hotmail.com\u00a0\u00bb subject=\u00a0\u00bbCondol\u00e9ances \u00c9liane Boudreau\u00a0\u00bb][contact-field label=\u00a0\u00bbVotre nom\u00a0\u00bb type=\u00a0\u00bbname\u00a0\u00bb required=\u00a0\u00bb1&Prime;][contact-field label=\u00a0\u00bbVotre courriel\u00a0\u00bb type=\u00a0\u00bbemail\u00a0\u00bb required=\u00a0\u00bb1&Prime;][contact-field label=\u00a0\u00bbCondol\u00e9ances\u00a0\u00bb type=\u00a0\u00bbtextarea\u00a0\u00bb][\/contact-form]<\/p>\n","protected":false},"featured_media":48516,"template":"","event_cat":[7],"class_list":["post-48490","event","type-event","status-publish","has-post-thumbnail","hentry","event_cat-maison-l-j-g-mallet-inc"],"_links":{"self":[{"href":"https:\/\/nouveau.maisonmallet.com\/back05_01\/index.php?rest_route=\/wp\/v2\/event\/48490","targetHints":{"allow":["GET"]}}],"collection":[{"href":"https:\/\/nouveau.maisonmallet.com\/back05_01\/index.php?rest_route=\/wp\/v2\/event"}],"about":[{"href":"https:\/\/nouveau.maisonmallet.com\/back05_01\/index.php?rest_route=\/wp\/v2\/types\/event"}],"wp:featuredmedia":[{"embeddable":true,"href":"https:\/\/nouveau.maisonmallet.com\/back05_01\/index.php?rest_route=\/wp\/v2\/media\/48516"}],"wp:attachment":[{"href":"https:\/\/nouveau.maisonmallet.com\/back05_01\/index.php?rest_route=%2Fwp%2Fv2%2Fmedia&parent=48490"}],"wp:term":[{"taxonomy":"event_cat","embeddable":true,"href":"https:\/\/nouveau.maisonmallet.com\/back05_01\/index.php?rest_route=%2Fwp%2Fv2%2Fevent_cat&post=48490"}],"curies":[{"name":"wp","href":"https:\/\/api.w.org\/{rel}","templated":true}]}}

BOUDREAU, Éliane

<p>La Maison L.J.G. Mallet a le regret de vous annoncer le décès de</p>
<p>Éliane Boudreau</p>
<p>1927 – 2024</p>
<p>&nbsp;</p>
<p>À Havre-Saint-Pierre, le 16 mars 2024, est décédée à l’âge de 96 ans et 11 mois madame Éliane Boudreau épouse de feu Jacques E. Boudreau et domiciliée à Havre-Saint-Pierre.</p>
<p>Les funérailles de madame Éliane Boudreau auront lieu le samedi 6 avril 2024 à 14 h en l’église Saint-Pierre de Havre-Saint-Pierre.</p>
<p>La famille reçoit parents et amis le vendredi 5 avril 2024 de 19 h à 22 h ainsi que le samedi 6 avril 2024 jour des funérailles à compter de 12 h 30 au salon de la Maison L.J.G. Mallet du 1429, rue du Canot à Havre-Saint-Pierre.</p>
<p>Elle laisse dans le deuil ses enfants : Gaétan (Ginette Méthot), Viateur, Valmont, Agathe (Charles Gauthier), Antonin et Anna, ses petits-enfants : François (Isabelle), Lucie (Stéphanie), Daniel (Kelsey), Michel (Claudine), Philippe (Naouli), Chantale et Sylvain, ses arrière-petits-enfants : Danaë, Maève, Émile, Thomas, Milo, Julia, Élie, Flora et Emma, ses sœurs : Marie-Claire sscm, Madeleine sscm et Raymonde (André Simard), son frère Julien (Claudette Gagnon), son beau-frère Jean-Vic ainsi que ses belles-sœurs : Carmelle et Laure-Anna, ses neveux, ses nièces, ses cousins, ses cousines et de nombreux ami(e)s.</p>
<p>Elle était la mère de feu Serge et feu Cyprien.</p>
<p>Vos marques de sympathie peuvent se traduire par un don à la fondation du centre de santé de la Minganie.</p>
<p>La famille a confié la direction des funérailles aux services professionnels de la Maison L.J.G. Mallet du 1429, rue du Canot à Havre-Saint-Pierre, maintenant reconnue Distinction et membre de la Corporation des Thanatologues du Québec.</p>
<p>Vous pouvez consulter cet avis de décès sur le <a href="https://nouveau.maisonmallet.com">www.maisonmallet.com</a></p>
<p>Ceux et celles qui le désirent, peuvent y envoyer des messages de sympathie.</p>
<p>&nbsp;</p>
<hr />
<p>Envoyer vos condoléances</p>
<p>[contact-form to= »metgin78@hotmail.com » subject= »Condoléances Éliane Boudreau »][contact-field label= »Votre nom » type= »name » required= »1&Prime;][contact-field label= »Votre courriel » type= »email » required= »1&Prime;][contact-field label= »Condoléances » type= »textarea »][/contact-form]</p>
