{"id":48570,"date":"2024-02-22T21:14:58","date_gmt":"2024-02-23T02:14:58","guid":{"rendered":"https:\/\/nouveau.maisonmallet.com\/?post_type=event&#038;p=48570"},"modified":"2024-05-08T21:53:30","modified_gmt":"2024-05-09T01:53:30","slug":"boucher-alfreda","status":"publish","type":"event","link":"https:\/\/nouveau.maisonmallet.com\/back05_01\/?event=boucher-alfreda","title":{"rendered":"BOUCHER, Alfreda"},"content":{"rendered":"<p>La Maison L.J.G. Mallet a le regret de vous annoncer le d\u00e9c\u00e8s de<\/p>\n<p>&nbsp;<\/p>\n<p>Alfreda Boucher<\/p>\n<p>1931 \u2013 2024<\/p>\n<p>&nbsp;<\/p>\n<p>\u00c0 Havre Saint-Pierre, le 22 f\u00e9vrier 2024, est d\u00e9c\u00e9d\u00e9e \u00e0 l\u2019\u00e2ge de 92 ans 11 mois madame Alfreda Boucher \u00e9pouse de feu Benoit Albert et domicili\u00e9e \u00e0 Longue-Pointe-de-Mingan.<\/p>\n<p>Les fun\u00e9railles de madame Alfreda Boucher auront lieu le samedi 18 mai 2024 \u00e0 14 h en l\u2019\u00e9glise St Fran\u00e7ois d\u2019Assise de Longue-Pointe-de-Mingan et de l\u00e0 au cimeti\u00e8re de l\u2019endroit.<\/p>\n<p>Selon ses volont\u00e9s, elle a \u00e9t\u00e9 confi\u00e9e au cr\u00e9matorium de la Maison L.J.G. Mallet pour cr\u00e9mation.<\/p>\n<p>La famille re\u00e7oit parents et amis le samedi 18 mai 2024 jour des fun\u00e9railles \u00e0 compter de 13 h \u00e0 l\u2019\u00e9glise St Fran\u00e7ois d\u2019Assise de Longue-Pointe-de-Mingan.<\/p>\n<p>Elle laisse dans le deuil ses fils\u00a0: Dany, G\u00e9rald (Louise Moyen) et Gino (Marie Ouellet), ses petits-fils\u00a0: Steve (C\u00e9line), Marc (Julie), David (Mely) et St\u00e9phane (Anik), ses petites-filles\u00a0: M\u00e9lanie, Laurie (Jason) et Carolan, ses quinze arri\u00e8re-petits-enfants ainsi que ses s\u0153urs\u00a0: B\u00e9atrice, \u00c9velyne (Cyprien), Marie-Marthe et Fran\u00e7oise, ses beaux-fr\u00e8res, ses belles-s\u0153urs, ses neveux, ses ni\u00e8ces et de nombreux ami(e)s.<\/p>\n<p>Elle \u00e9tait la m\u00e8re de feu Jean-Paul (Fran\u00e7oise Pelletier)<\/p>\n<p>La famille tient \u00e0 remercier le personnel soignant du deuxi\u00e8me longue dur\u00e9e de l\u2019h\u00f4pital de Havre Saint-pierre pour les bons soins re\u00e7us<\/p>\n<p>La famille a confi\u00e9 la direction des fun\u00e9railles aux services professionnels de la Maison L.J.G. Mallet du 1429, rue du Canot \u00e0 Havre Saint-Pierre, maintenant reconnue Distinction et membre de la Corporation des Thanatologues du Qu\u00e9bec.<\/p>\n<p>Vous pouvez consulter cet avis de d\u00e9c\u00e8s, sur le <a href=\"https:\/\/nouveau.maisonmallet.com\">www.maisonmallet.com<\/a><\/p>\n<p>Ceux et celles qui le d\u00e9sirent, peuvent y envoyer des messages de sympathie.<\/p>\n<hr \/>\n<p>Envoyer vos condol\u00e9ances<\/p>\n<p>[contact-form to=\u00a0\u00bbmarc@maisonmallet.com\u00a0\u00bb subject=\u00a0\u00bbCondol\u00e9ances Alfreda Boucher\u00a0\u00bb][contact-field label=\u00a0\u00bbVotre nom\u00a0\u00bb type=\u00a0\u00bbname\u00a0\u00bb required=\u00a0\u00bb1&Prime;][contact-field label=\u00a0\u00bbVotre courriel\u00a0\u00bb type=\u00a0\u00bbemail\u00a0\u00bb required=\u00a0\u00bb1&Prime;][contact-field label=\u00a0\u00bbCondol\u00e9ances\u00a0\u00bb type=\u00a0\u00bbtextarea\u00a0\u00bb][\/contact-form]<\/p>\n","protected":false},"featured_media":48575,"template":"","event_cat":[7],"class_list":["post-48570","event","type-event","status-publish","has-post-thumbnail","hentry","event_cat-maison-l-j-g-mallet-inc"],"_links":{"self":[{"href":"https:\/\/nouveau.maisonmallet.com\/back05_01\/index.php?rest_route=\/wp\/v2\/event\/48570","targetHints":{"allow":["GET"]}}],"collection":[{"href":"https:\/\/nouveau.maisonmallet.com\/back05_01\/index.php?rest_route=\/wp\/v2\/event"}],"about":[{"href":"https:\/\/nouveau.maisonmallet.com\/back05_01\/index.php?rest_route=\/wp\/v2\/types\/event"}],"wp:featuredmedia":[{"embeddable":true,"href":"https:\/\/nouveau.maisonmallet.com\/back05_01\/index.php?rest_route=\/wp\/v2\/media\/48575"}],"wp:attachment":[{"href":"https:\/\/nouveau.maisonmallet.com\/back05_01\/index.php?rest_route=%2Fwp%2Fv2%2Fmedia&parent=48570"}],"wp:term":[{"taxonomy":"event_cat","embeddable":true,"href":"https:\/\/nouveau.maisonmallet.com\/back05_01\/index.php?rest_route=%2Fwp%2Fv2%2Fevent_cat&post=48570"}],"curies":[{"name":"wp","href":"https:\/\/api.w.org\/{rel}","templated":true}]}}

<p>La Maison L.J.G. Mallet a le regret de vous annoncer le décès de</p>
<p>&nbsp;</p>
<p>Alfreda Boucher</p>
<p>1931 – 2024</p>
<p>&nbsp;</p>
<p>À Havre Saint-Pierre, le 22 février 2024, est décédée à l’âge de 92 ans 11 mois madame Alfreda Boucher épouse de feu Benoit Albert et domiciliée à Longue-Pointe-de-Mingan.</p>
<p>Les funérailles de madame Alfreda Boucher auront lieu le samedi 18 mai 2024 à 14 h en l’église St François d’Assise de Longue-Pointe-de-Mingan et de là au cimetière de l’endroit.</p>
<p>Selon ses volontés, elle a été confiée au crématorium de la Maison L.J.G. Mallet pour crémation.</p>
<p>La famille reçoit parents et amis le samedi 18 mai 2024 jour des funérailles à compter de 13 h à l’église St François d’Assise de Longue-Pointe-de-Mingan.</p>
<p>Elle laisse dans le deuil ses fils : Dany, Gérald (Louise Moyen) et Gino (Marie Ouellet), ses petits-fils : Steve (Céline), Marc (Julie), David (Mely) et Stéphane (Anik), ses petites-filles : Mélanie, Laurie (Jason) et Carolan, ses quinze arrière-petits-enfants ainsi que ses sœurs : Béatrice, Évelyne (Cyprien), Marie-Marthe et Françoise, ses beaux-frères, ses belles-sœurs, ses neveux, ses nièces et de nombreux ami(e)s.</p>
<p>Elle était la mère de feu Jean-Paul (Françoise Pelletier)</p>
<p>La famille tient à remercier le personnel soignant du deuxième longue durée de l’hôpital de Havre Saint-pierre pour les bons soins reçus</p>
<p>La famille a confié la direction des funérailles aux services professionnels de la Maison L.J.G. Mallet du 1429, rue du Canot à Havre Saint-Pierre, maintenant reconnue Distinction et membre de la Corporation des Thanatologues du Québec.</p>
<p>Vous pouvez consulter cet avis de décès, sur le <a href="https://nouveau.maisonmallet.com">www.maisonmallet.com</a></p>
<p>Ceux et celles qui le désirent, peuvent y envoyer des messages de sympathie.</p>
<hr />
<p>Envoyer vos condoléances</p>
<p>[contact-form to= »marc@maisonmallet.com » subject= »Condoléances Alfreda Boucher »][contact-field label= »Votre nom » type= »name » required= »1&Prime;][contact-field label= »Votre courriel » type= »email » required= »1&Prime;][contact-field label= »Condoléances » type= »textarea »][/contact-form]</p>
