{"id":48573,"date":"2024-03-13T16:45:27","date_gmt":"2024-03-13T20:45:27","guid":{"rendered":"https:\/\/nouveau.maisonmallet.com\/?post_type=event&#038;p=48573"},"modified":"2024-05-08T21:52:41","modified_gmt":"2024-05-09T01:52:41","slug":"michel-nteish-kateri","status":"publish","type":"event","link":"https:\/\/nouveau.maisonmallet.com\/back05_01\/?event=michel-nteish-kateri","title":{"rendered":"MICHEL, Nteish Kateri"},"content":{"rendered":"<p>Le Complexe Thanatologique Mallet &amp; fils a le regret de vous annoncer le d\u00e9c\u00e8s de<\/p>\n<p>Nteish Kateri Michel<\/p>\n<p>1981 \u2013 2024<\/p>\n<p>&nbsp;<\/p>\n<p>\u00c0 Uashat, le 13 mars 2024, est d\u00e9c\u00e9d\u00e9e \u00e0 l\u2019\u00e2ge de 42 ans, Nteish Kateri Michel fille de monsieur Louis Bertin Michel et de madame Jeannine Vollant domicili\u00e9e \u00e0 Uashat.<\/p>\n<p>Les fun\u00e9railles de Nteish Kateri Michel auront lieu le samedi 23 mars 2024 \u00e0 10 h en l\u2019\u00e9glise Marie-Immacul\u00e9e situ\u00e9e au 180, rue Papineau \u00e0 Sept-\u00celes et de l\u00e0 au cimeti\u00e8re de Uashat.<\/p>\n<p>La famille re\u00e7oit parents et amis le jeudi 21 mars 2024 \u00e0 compter de 19 h au 1031, rue Babel \u00e0 Uashat.<\/p>\n<p>Elle laisse dans le deuil ses enfants\u00a0: Devin (Alyah), Joshua (Tshanikuess), Patrick-Paul et Lucie-Love, son petit-fils Kane, son ami de c\u0153ur Claude Mckenzie, son p\u00e8re Louis Bertin Michel (Jenny), sa m\u00e8re Jeannine Vollant, ses fr\u00e8res\u00a0et ses s\u0153urs : Gervais (Katshushia), Tshakapesh (Anne) et Brad-Kelly, Louis-Brian, Peggy-Sue, Janice et Marie-Chlo\u00e9 (Jean-Fran\u00e7ois) ainsi que ses neveux, ses ni\u00e8ces, ses oncles, ses tantes, ses cousins, ses cousines et de nombreux ami(e)s.<\/p>\n<p>La famille a confi\u00e9 la direction des fun\u00e9railles aux services professionnels de la Maison Mallet &amp; fils du 585, Boul. Laure \u00e0 Sept-\u00celes, maintenant reconnue Distinction et membre de la Corporation des Thanatologues du Qu\u00e9bec.<\/p>\n<p>Vous pouvez consulter cet avis de d\u00e9c\u00e8s sur le <a href=\"https:\/\/nouveau.maisonmallet.com\">www.maisonmallet.com<\/a><\/p>\n<p>Ceux et celles qui le d\u00e9sirent, peuvent y envoyer des messages de condol\u00e9ances.<\/p>\n<p>&nbsp;<\/p>\n<hr \/>\n<p>Envoyer vos condol\u00e9ances<\/p>\n<p>[contact-form to=\u00a0\u00bblise@maisonmallet.com\u00a0\u00bb subject=\u00a0\u00bbCondol\u00e9ances Kateri Michel\u00a0\u00bb][contact-field label=\u00a0\u00bbVotre nom\u00a0\u00bb type=\u00a0\u00bbname\u00a0\u00bb required=\u00a0\u00bb1&Prime;][contact-field label=\u00a0\u00bbVotre courriel\u00a0\u00bb type=\u00a0\u00bbemail\u00a0\u00bb required=\u00a0\u00bb1&Prime;][contact-field label=\u00a0\u00bbCondol\u00e9ances\u00a0\u00bb type=\u00a0\u00bbtextarea\u00a0\u00bb][\/contact-form]<\/p>\n","protected":false},"featured_media":48751,"template":"","event_cat":[6],"class_list":["post-48573","event","type-event","status-publish","has-post-thumbnail","hentry","event_cat-maison-mallet-et-fils-inc"],"_links":{"self":[{"href":"https:\/\/nouveau.maisonmallet.com\/back05_01\/index.php?rest_route=\/wp\/v2\/event\/48573","targetHints":{"allow":["GET"]}}],"collection":[{"href":"https:\/\/nouveau.maisonmallet.com\/back05_01\/index.php?rest_route=\/wp\/v2\/event"}],"about":[{"href":"https:\/\/nouveau.maisonmallet.com\/back05_01\/index.php?rest_route=\/wp\/v2\/types\/event"}],"wp:featuredmedia":[{"embeddable":true,"href":"https:\/\/nouveau.maisonmallet.com\/back05_01\/index.php?rest_route=\/wp\/v2\/media\/48751"}],"wp:attachment":[{"href":"https:\/\/nouveau.maisonmallet.com\/back05_01\/index.php?rest_route=%2Fwp%2Fv2%2Fmedia&parent=48573"}],"wp:term":[{"taxonomy":"event_cat","embeddable":true,"href":"https:\/\/nouveau.maisonmallet.com\/back05_01\/index.php?rest_route=%2Fwp%2Fv2%2Fevent_cat&post=48573"}],"curies":[{"name":"wp","href":"https:\/\/api.w.org\/{rel}","templated":true}]}}

<p>Le Complexe Thanatologique Mallet &amp; fils a le regret de vous annoncer le décès de</p>
<p>Nteish Kateri Michel</p>
<p>1981 – 2024</p>
<p>&nbsp;</p>
<p>À Uashat, le 13 mars 2024, est décédée à l’âge de 42 ans, Nteish Kateri Michel fille de monsieur Louis Bertin Michel et de madame Jeannine Vollant domiciliée à Uashat.</p>
<p>Les funérailles de Nteish Kateri Michel auront lieu le samedi 23 mars 2024 à 10 h en l’église Marie-Immaculée située au 180, rue Papineau à Sept-Îles et de là au cimetière de Uashat.</p>
<p>La famille reçoit parents et amis le jeudi 21 mars 2024 à compter de 19 h au 1031, rue Babel à Uashat.</p>
<p>Elle laisse dans le deuil ses enfants : Devin (Alyah), Joshua (Tshanikuess), Patrick-Paul et Lucie-Love, son petit-fils Kane, son ami de cœur Claude Mckenzie, son père Louis Bertin Michel (Jenny), sa mère Jeannine Vollant, ses frères et ses sœurs : Gervais (Katshushia), Tshakapesh (Anne) et Brad-Kelly, Louis-Brian, Peggy-Sue, Janice et Marie-Chloé (Jean-François) ainsi que ses neveux, ses nièces, ses oncles, ses tantes, ses cousins, ses cousines et de nombreux ami(e)s.</p>
<p>La famille a confié la direction des funérailles aux services professionnels de la Maison Mallet &amp; fils du 585, Boul. Laure à Sept-Îles, maintenant reconnue Distinction et membre de la Corporation des Thanatologues du Québec.</p>
<p>Vous pouvez consulter cet avis de décès sur le <a href="https://nouveau.maisonmallet.com">www.maisonmallet.com</a></p>
<p>Ceux et celles qui le désirent, peuvent y envoyer des messages de condoléances.</p>
<p>&nbsp;</p>
<hr />
<p>Envoyer vos condoléances</p>
<p>[contact-form to= »lise@maisonmallet.com » subject= »Condoléances Kateri Michel »][contact-field label= »Votre nom » type= »name » required= »1&Prime;][contact-field label= »Votre courriel » type= »email » required= »1&Prime;][contact-field label= »Condoléances » type= »textarea »][/contact-form]</p>
