{"id":48749,"date":"2024-03-16T17:10:17","date_gmt":"2024-03-16T21:10:17","guid":{"rendered":"https:\/\/nouveau.maisonmallet.com\/?post_type=event&#038;p=48749"},"modified":"2024-05-08T21:52:17","modified_gmt":"2024-05-09T01:52:17","slug":"lebrun-jean-guy","status":"publish","type":"event","link":"https:\/\/nouveau.maisonmallet.com\/back05_01\/?event=lebrun-jean-guy","title":{"rendered":"LEBRUN, Jean Guy"},"content":{"rendered":"<p>La Maison L.J.G Mallet \u00e0 le regret de vous annonc\u00e9 le d\u00e9c\u00e8s de<\/p>\n<p>&nbsp;<\/p>\n<p>Jean-Guy Lebrun<\/p>\n<p>1946 \u2013 2024<\/p>\n<p>&nbsp;<\/p>\n<p>\u00c0 Qu\u00e9bec, le 16 mars 2024, est d\u00e9c\u00e9d\u00e9 \u00e0 l\u2019\u00e2ge de 78 ans, monsieur Jean-Guy Lebrun \u00e9poux de madame Candide Landry et domicili\u00e9 \u00e0 Havre-Saint-Pierre.<\/p>\n<p>Les fun\u00e9railles de monsieur Jean-Guy Lebrun auront lieu le vendredi 5 avril 2024 \u00e0 14 h en l\u2019\u00e9glise Saint-Pierre de Havre-Saint-Pierre.<\/p>\n<p>Selon ses volont\u00e9s il a \u00e9t\u00e9 confi\u00e9 au cr\u00e9matorium de la Maison L.J.G. Mallet pour cr\u00e9mation.<\/p>\n<p>La famille re\u00e7oit parents et amis le jeudi 4 avril 2024 de 19 h \u00e0 22 h. Le vendredi 5 avril 2024 jour des fun\u00e9railles \u00e0 compter de 13 h au salon de la Maison L.J.G. Mallet situ\u00e9 au 1429, rue du Canot \u00e0 Havre-Saint-Pierre.<\/p>\n<p>Il laisse dans le deuil outre son \u00e9pouse madame Candide Landry, ses filles : Monia (G\u00e9rald), Jos\u00e9e et Julie, sa petite-fille\u00a0: Isabelle (Maxime), ses petits-fils : Samuel, Hugo, Jasmin (Isa-\u00c8ve) et J\u00e9r\u00e9mie, ses arri\u00e8re-petites-filles : L\u00e9arose et Abiga\u00ebl ainsi que sa s\u0153ur Aline, son fr\u00e8re Louis, ses beaux-fr\u00e8res, ses belles-s\u0153urs, ses neveux, ses ni\u00e8ces, ses cousins, ses cousines et de nombreux ami(e)s.<\/p>\n<p>La famille tient \u00e0 remercier l\u2019\u00e9quipe des soins \u00e0 domicile de Havre-Saint-Pierre et l\u2019\u00e9quipe m\u00e9dicale de l&rsquo;H\u00f4pital Saint-Fran\u00e7ois d\u2019Assise\u00a0pour les bons soins prodigu\u00e9s.<\/p>\n<p>La famille a confi\u00e9 la direction des fun\u00e9railles aux services professionnels de la Maison L.J.G. Mallet du 1429, rue du Canot \u00e0 Havre-Saint-Pierre, maintenant reconnue Distinction et membre de la Corporation des Thanatologues du Qu\u00e9bec.<\/p>\n<p>Vous pouvez consulter cet avis de d\u00e9c\u00e8s, sur le site web \u00e0 l\u2019adresse\u00a0 <a href=\"https:\/\/nouveau.maisonmallet.com\">www.maisonmallet.com<\/a><\/p>\n<p>Ceux et celles qui le d\u00e9sirent, peuvent y envoyer des messages de sympathie.<\/p>\n<hr \/>\n<p>Envoyer vos condol\u00e9ances<\/p>\n<p>[contact-form to=\u00a0\u00bbmoniaclinique000@hotmail.com\u00a0\u00bb subject=\u00a0\u00bbCondol\u00e9ances Jean Guy Lebrun\u00a0\u00bb][contact-field label=\u00a0\u00bbVotre nom\u00a0\u00bb type=\u00a0\u00bbname\u00a0\u00bb required=\u00a0\u00bb1&Prime;][contact-field label=\u00a0\u00bbVotre courriel\u00a0\u00bb type=\u00a0\u00bbemail\u00a0\u00bb required=\u00a0\u00bb1&Prime;][contact-field label=\u00a0\u00bbCondol\u00e9ances\u00a0\u00bb type=\u00a0\u00bbtextarea\u00a0\u00bb][\/contact-form]<\/p>\n","protected":false},"featured_media":48779,"template":"","event_cat":[7],"class_list":["post-48749","event","type-event","status-publish","has-post-thumbnail","hentry","event_cat-maison-l-j-g-mallet-inc"],"_links":{"self":[{"href":"https:\/\/nouveau.maisonmallet.com\/back05_01\/index.php?rest_route=\/wp\/v2\/event\/48749","targetHints":{"allow":["GET"]}}],"collection":[{"href":"https:\/\/nouveau.maisonmallet.com\/back05_01\/index.php?rest_route=\/wp\/v2\/event"}],"about":[{"href":"https:\/\/nouveau.maisonmallet.com\/back05_01\/index.php?rest_route=\/wp\/v2\/types\/event"}],"wp:featuredmedia":[{"embeddable":true,"href":"https:\/\/nouveau.maisonmallet.com\/back05_01\/index.php?rest_route=\/wp\/v2\/media\/48779"}],"wp:attachment":[{"href":"https:\/\/nouveau.maisonmallet.com\/back05_01\/index.php?rest_route=%2Fwp%2Fv2%2Fmedia&parent=48749"}],"wp:term":[{"taxonomy":"event_cat","embeddable":true,"href":"https:\/\/nouveau.maisonmallet.com\/back05_01\/index.php?rest_route=%2Fwp%2Fv2%2Fevent_cat&post=48749"}],"curies":[{"name":"wp","href":"https:\/\/api.w.org\/{rel}","templated":true}]}}

<p>La Maison L.J.G Mallet à le regret de vous annoncé le décès de</p>
<p>&nbsp;</p>
<p>Jean-Guy Lebrun</p>
<p>1946 – 2024</p>
<p>&nbsp;</p>
<p>À Québec, le 16 mars 2024, est décédé à l’âge de 78 ans, monsieur Jean-Guy Lebrun époux de madame Candide Landry et domicilié à Havre-Saint-Pierre.</p>
<p>Les funérailles de monsieur Jean-Guy Lebrun auront lieu le vendredi 5 avril 2024 à 14 h en l’église Saint-Pierre de Havre-Saint-Pierre.</p>
<p>Selon ses volontés il a été confié au crématorium de la Maison L.J.G. Mallet pour crémation.</p>
<p>La famille reçoit parents et amis le jeudi 4 avril 2024 de 19 h à 22 h. Le vendredi 5 avril 2024 jour des funérailles à compter de 13 h au salon de la Maison L.J.G. Mallet situé au 1429, rue du Canot à Havre-Saint-Pierre.</p>
<p>Il laisse dans le deuil outre son épouse madame Candide Landry, ses filles : Monia (Gérald), Josée et Julie, sa petite-fille : Isabelle (Maxime), ses petits-fils : Samuel, Hugo, Jasmin (Isa-Ève) et Jérémie, ses arrière-petites-filles : Léarose et Abigaël ainsi que sa sœur Aline, son frère Louis, ses beaux-frères, ses belles-sœurs, ses neveux, ses nièces, ses cousins, ses cousines et de nombreux ami(e)s.</p>
<p>La famille tient à remercier l’équipe des soins à domicile de Havre-Saint-Pierre et l’équipe médicale de l&rsquo;Hôpital Saint-François d’Assise pour les bons soins prodigués.</p>
<p>La famille a confié la direction des funérailles aux services professionnels de la Maison L.J.G. Mallet du 1429, rue du Canot à Havre-Saint-Pierre, maintenant reconnue Distinction et membre de la Corporation des Thanatologues du Québec.</p>
<p>Vous pouvez consulter cet avis de décès, sur le site web à l’adresse  <a href="https://nouveau.maisonmallet.com">www.maisonmallet.com</a></p>
<p>Ceux et celles qui le désirent, peuvent y envoyer des messages de sympathie.</p>
<hr />
<p>Envoyer vos condoléances</p>
<p>[contact-form to= »moniaclinique000@hotmail.com » subject= »Condoléances Jean Guy Lebrun »][contact-field label= »Votre nom » type= »name » required= »1&Prime;][contact-field label= »Votre courriel » type= »email » required= »1&Prime;][contact-field label= »Condoléances » type= »textarea »][/contact-form]</p>
