{"id":48777,"date":"2024-03-24T12:15:11","date_gmt":"2024-03-24T16:15:11","guid":{"rendered":"https:\/\/nouveau.maisonmallet.com\/?post_type=event&#038;p=48777"},"modified":"2024-07-01T11:17:00","modified_gmt":"2024-07-01T15:17:00","slug":"bellefleur-claude","status":"publish","type":"event","link":"https:\/\/nouveau.maisonmallet.com\/back05_01\/?event=bellefleur-claude","title":{"rendered":"BELLEFLEUR, Claude"},"content":{"rendered":"<p>La Maison L.J.G. Mallet a le regret de vous annoncer le d\u00e9c\u00e8s de<\/p>\n<p>&nbsp;<\/p>\n<p>Claude Bellefleur<\/p>\n<p>1967 \u2013 2024<\/p>\n<p>&nbsp;<\/p>\n<p>&nbsp;<\/p>\n<p>\u00c0 Sept-\u00celes, le 24 mars 2024, est d\u00e9c\u00e9d\u00e9 \u00e0 l\u2019\u00e2ge de 56 ans, monsieur Claude Bellefleur \u00e9poux de feu Mariette Mestokosho et domicili\u00e9 \u00e0 Nutashkuan.<\/p>\n<p>Les fun\u00e9railles de monsieur Claude Bellefleur auront lieu le mercredi 27 mars 2024 \u00e0 10 h en l\u2019\u00e9glise Notre-Dame-des-Indiens de Nutashkuan et de l\u00e0 au cimeti\u00e8re de l\u2019endroit.<\/p>\n<p>La famille re\u00e7oit parents et amis le mardi 26 mars 2024 \u00e0 compter de 19 h au 203, rue Pashin \u00e0 Nutashkuan.<\/p>\n<p>Il laisse dans le deuil son fils Jean-Philippe, ses filles\u00a0: Tessa (Donavan Courtois) et C\u00e9cile-Tamara (Tommy Kaltush), ses petits-enfants\u00a0: Heidi, Dimitri, Pierryck, Maveryck, Louanne et Loak, sa belle-m\u00e8re madame Charlotte Ishpatao (feu Jean-Marie Mestokosho) ainsi que ses fr\u00e8res, ses s\u0153urs, ses beaux-fr\u00e8res, ses belles-s\u0153urs, ses neveux, ses ni\u00e8ces, ses oncles, ses tantes, ses cousins, ses cousines et de nombreux amis.<\/p>\n<p>La famille a confi\u00e9 la direction des fun\u00e9railles aux services professionnels de la Maison L.J.G. Mallet du 1429, rue du Canot \u00e0 Havre-Saint-Pierre, maintenant reconnue Distinction et membre de la Corporation des Thanatologues du Qu\u00e9bec.<\/p>\n<p>Vous pouvez consulter cet avis de d\u00e9c\u00e8s sur le <a href=\"https:\/\/nouveau.maisonmallet.com\">www.maisonmallet.com<\/a><\/p>\n<p>Ceux et celles qui le d\u00e9sirent, peuvent y envoyer des messages de sympathie.<\/p>\n<hr \/>\n<p>Envoyer vos condol\u00e9ances<\/p>\n<p>[contact-form to=\u00a0\u00bbtessa_mest@outlook.com\u00a0\u00bb subject=\u00a0\u00bbCondol\u00e9ances Claude Bellefleur\u00a0\u00bb][contact-field label=\u00a0\u00bbVotre nom\u00a0\u00bb type=\u00a0\u00bbname\u00a0\u00bb required=\u00a0\u00bb1&Prime;][contact-field label=\u00a0\u00bbVotre courriel\u00a0\u00bb type=\u00a0\u00bbemail\u00a0\u00bb required=\u00a0\u00bb1&Prime;][contact-field label=\u00a0\u00bbCondol\u00e9ances\u00a0\u00bb type=\u00a0\u00bbtextarea\u00a0\u00bb][\/contact-form]<\/p>\n","protected":false},"featured_media":48892,"template":"","event_cat":[7],"class_list":["post-48777","event","type-event","status-publish","has-post-thumbnail","hentry","event_cat-maison-l-j-g-mallet-inc"],"_links":{"self":[{"href":"https:\/\/nouveau.maisonmallet.com\/back05_01\/index.php?rest_route=\/wp\/v2\/event\/48777","targetHints":{"allow":["GET"]}}],"collection":[{"href":"https:\/\/nouveau.maisonmallet.com\/back05_01\/index.php?rest_route=\/wp\/v2\/event"}],"about":[{"href":"https:\/\/nouveau.maisonmallet.com\/back05_01\/index.php?rest_route=\/wp\/v2\/types\/event"}],"wp:featuredmedia":[{"embeddable":true,"href":"https:\/\/nouveau.maisonmallet.com\/back05_01\/index.php?rest_route=\/wp\/v2\/media\/48892"}],"wp:attachment":[{"href":"https:\/\/nouveau.maisonmallet.com\/back05_01\/index.php?rest_route=%2Fwp%2Fv2%2Fmedia&parent=48777"}],"wp:term":[{"taxonomy":"event_cat","embeddable":true,"href":"https:\/\/nouveau.maisonmallet.com\/back05_01\/index.php?rest_route=%2Fwp%2Fv2%2Fevent_cat&post=48777"}],"curies":[{"name":"wp","href":"https:\/\/api.w.org\/{rel}","templated":true}]}}

<p>La Maison L.J.G. Mallet a le regret de vous annoncer le décès de</p>
<p>&nbsp;</p>
<p>Claude Bellefleur</p>
<p>1967 – 2024</p>
<p>&nbsp;</p>
<p>&nbsp;</p>
<p>À Sept-Îles, le 24 mars 2024, est décédé à l’âge de 56 ans, monsieur Claude Bellefleur époux de feu Mariette Mestokosho et domicilié à Nutashkuan.</p>
<p>Les funérailles de monsieur Claude Bellefleur auront lieu le mercredi 27 mars 2024 à 10 h en l’église Notre-Dame-des-Indiens de Nutashkuan et de là au cimetière de l’endroit.</p>
<p>La famille reçoit parents et amis le mardi 26 mars 2024 à compter de 19 h au 203, rue Pashin à Nutashkuan.</p>
<p>Il laisse dans le deuil son fils Jean-Philippe, ses filles : Tessa (Donavan Courtois) et Cécile-Tamara (Tommy Kaltush), ses petits-enfants : Heidi, Dimitri, Pierryck, Maveryck, Louanne et Loak, sa belle-mère madame Charlotte Ishpatao (feu Jean-Marie Mestokosho) ainsi que ses frères, ses sœurs, ses beaux-frères, ses belles-sœurs, ses neveux, ses nièces, ses oncles, ses tantes, ses cousins, ses cousines et de nombreux amis.</p>
<p>La famille a confié la direction des funérailles aux services professionnels de la Maison L.J.G. Mallet du 1429, rue du Canot à Havre-Saint-Pierre, maintenant reconnue Distinction et membre de la Corporation des Thanatologues du Québec.</p>
<p>Vous pouvez consulter cet avis de décès sur le <a href="https://nouveau.maisonmallet.com">www.maisonmallet.com</a></p>
<p>Ceux et celles qui le désirent, peuvent y envoyer des messages de sympathie.</p>
<hr />
<p>Envoyer vos condoléances</p>
<p>[contact-form to= »tessa_mest@outlook.com » subject= »Condoléances Claude Bellefleur »][contact-field label= »Votre nom » type= »name » required= »1&Prime;][contact-field label= »Votre courriel » type= »email » required= »1&Prime;][contact-field label= »Condoléances » type= »textarea »][/contact-form]</p>
