{"id":48926,"date":"2024-03-24T22:13:51","date_gmt":"2024-03-25T02:13:51","guid":{"rendered":"https:\/\/nouveau.maisonmallet.com\/?post_type=event&#038;p=48926"},"modified":"2024-05-08T21:50:36","modified_gmt":"2024-05-09T01:50:36","slug":"blaney-leopold","status":"publish","type":"event","link":"https:\/\/nouveau.maisonmallet.com\/back05_01\/?event=blaney-leopold","title":{"rendered":"BLANEY, L\u00e9opold"},"content":{"rendered":"<p>La Maison L.J.G. Mallet a le regret de vous annoncer le d\u00e9c\u00e8s de<\/p>\n<p>L\u00e9opold Blaney<\/p>\n<p>1949 \u2013 2024<\/p>\n<p>&nbsp;<\/p>\n<p>\u00c0 Havre Saint-Pierre, le 24 mars 2024, est d\u00e9c\u00e9d\u00e9 \u00e0 l\u2019\u00e2ge de 74 ans, monsieur L\u00e9opold Blaney \u00e9poux de madame Marie-Th\u00e9r\u00e8se Landry et domicili\u00e9 \u00e0 Havre-Saint-Pierre.<\/p>\n<p>Les fun\u00e9railles de monsieur L\u00e9opold Blaney auront lieu le mardi 9 avril 2024 \u00e0 14 h en l\u2019\u00e9glise Saint-Pierre de Havre-Saint-Pierre.<\/p>\n<p>Selon ses volont\u00e9s il a \u00e9t\u00e9 confi\u00e9 au cr\u00e9matorium de la Maison L.J.G. Mallet pour cr\u00e9mation.<\/p>\n<p>La famille re\u00e7oit parents et amis le lundi 8 avril 2024 de 19 h \u00e0 22 h au salon de la Maison L.J.G. Mallet situ\u00e9 au 1429, rue du Canot \u00e0 Havre-Saint-Pierre.<\/p>\n<p>Il laisse dans le deuil outre son \u00e9pouse madame Marie-Th\u00e9r\u00e8se Landry, ses filles\u00a0: Jos\u00e9e (Bobby Anderson), Sindy, Val\u00e9rie et Mira (Marc-Andr\u00e9 Cyr), ses petits-fils\u00a0: David et Samuel, ses petites-filles\u00a0: Mah\u00e9-Lee et Marianne ainsi que son fr\u00e8re Raymond, ses s\u0153urs\u00a0: Denise et Antoinette, ses belles-s\u0153urs\u00a0: Yvonnette, Simone, Dolor\u00e8se (Gilles Huard), Lyne (Eddy Prince), ses neveux, ses ni\u00e8ces, ses cousins, ses cousines et de nombreux ami(e)s.<\/p>\n<p>La famille a confi\u00e9 la direction des fun\u00e9railles aux services professionnels de la Maison L.J.G. Mallet du 1429, rue du Canot \u00e0 Havre-Saint-Pierre, maintenant reconnue Distinction et membre de la Corporation des Thanatologues du Qu\u00e9bec.<\/p>\n<p>Vous pouvez consulter cet avis de d\u00e9c\u00e8s, sur le site web \u00e0 l\u2019adresse\u00a0 <a href=\"https:\/\/nouveau.maisonmallet.com\">www.maisonmallet.com<\/a><\/p>\n<p>Ceux et celles qui le d\u00e9sirent, peuvent y envoyer des messages de sympathie.<\/p>\n<hr \/>\n<p>Envoyer vos condol\u00e9ances<\/p>\n<p>[contact-form to=\u00a0\u00bbmtlandry1@outlook.com\u00a0\u00bb subject=\u00a0\u00bbCondol\u00e9ances L\u00e9opold Blaney\u00a0\u00bb][contact-field label=\u00a0\u00bbVotre nom\u00a0\u00bb type=\u00a0\u00bbname\u00a0\u00bb required=\u00a0\u00bb1&Prime;][contact-field label=\u00a0\u00bbVotre courriel\u00a0\u00bb type=\u00a0\u00bbemail\u00a0\u00bb required=\u00a0\u00bb1&Prime;][contact-field label=\u00a0\u00bbCondol\u00e9ances\u00a0\u00bb type=\u00a0\u00bbtextarea\u00a0\u00bb][\/contact-form]<\/p>\n","protected":false},"featured_media":49015,"template":"","event_cat":[7],"class_list":["post-48926","event","type-event","status-publish","has-post-thumbnail","hentry","event_cat-maison-l-j-g-mallet-inc"],"_links":{"self":[{"href":"https:\/\/nouveau.maisonmallet.com\/back05_01\/index.php?rest_route=\/wp\/v2\/event\/48926","targetHints":{"allow":["GET"]}}],"collection":[{"href":"https:\/\/nouveau.maisonmallet.com\/back05_01\/index.php?rest_route=\/wp\/v2\/event"}],"about":[{"href":"https:\/\/nouveau.maisonmallet.com\/back05_01\/index.php?rest_route=\/wp\/v2\/types\/event"}],"wp:featuredmedia":[{"embeddable":true,"href":"https:\/\/nouveau.maisonmallet.com\/back05_01\/index.php?rest_route=\/wp\/v2\/media\/49015"}],"wp:attachment":[{"href":"https:\/\/nouveau.maisonmallet.com\/back05_01\/index.php?rest_route=%2Fwp%2Fv2%2Fmedia&parent=48926"}],"wp:term":[{"taxonomy":"event_cat","embeddable":true,"href":"https:\/\/nouveau.maisonmallet.com\/back05_01\/index.php?rest_route=%2Fwp%2Fv2%2Fevent_cat&post=48926"}],"curies":[{"name":"wp","href":"https:\/\/api.w.org\/{rel}","templated":true}]}}

BLANEY, Léopold

<p>La Maison L.J.G. Mallet a le regret de vous annoncer le décès de</p>
<p>Léopold Blaney</p>
<p>1949 – 2024</p>
<p>&nbsp;</p>
<p>À Havre Saint-Pierre, le 24 mars 2024, est décédé à l’âge de 74 ans, monsieur Léopold Blaney époux de madame Marie-Thérèse Landry et domicilié à Havre-Saint-Pierre.</p>
<p>Les funérailles de monsieur Léopold Blaney auront lieu le mardi 9 avril 2024 à 14 h en l’église Saint-Pierre de Havre-Saint-Pierre.</p>
<p>Selon ses volontés il a été confié au crématorium de la Maison L.J.G. Mallet pour crémation.</p>
<p>La famille reçoit parents et amis le lundi 8 avril 2024 de 19 h à 22 h au salon de la Maison L.J.G. Mallet situé au 1429, rue du Canot à Havre-Saint-Pierre.</p>
<p>Il laisse dans le deuil outre son épouse madame Marie-Thérèse Landry, ses filles : Josée (Bobby Anderson), Sindy, Valérie et Mira (Marc-André Cyr), ses petits-fils : David et Samuel, ses petites-filles : Mahé-Lee et Marianne ainsi que son frère Raymond, ses sœurs : Denise et Antoinette, ses belles-sœurs : Yvonnette, Simone, Dolorèse (Gilles Huard), Lyne (Eddy Prince), ses neveux, ses nièces, ses cousins, ses cousines et de nombreux ami(e)s.</p>
<p>La famille a confié la direction des funérailles aux services professionnels de la Maison L.J.G. Mallet du 1429, rue du Canot à Havre-Saint-Pierre, maintenant reconnue Distinction et membre de la Corporation des Thanatologues du Québec.</p>
<p>Vous pouvez consulter cet avis de décès, sur le site web à l’adresse  <a href="https://nouveau.maisonmallet.com">www.maisonmallet.com</a></p>
<p>Ceux et celles qui le désirent, peuvent y envoyer des messages de sympathie.</p>
<hr />
<p>Envoyer vos condoléances</p>
<p>[contact-form to= »mtlandry1@outlook.com » subject= »Condoléances Léopold Blaney »][contact-field label= »Votre nom » type= »name » required= »1&Prime;][contact-field label= »Votre courriel » type= »email » required= »1&Prime;][contact-field label= »Condoléances » type= »textarea »][/contact-form]</p>
