{"id":49072,"date":"2024-03-18T15:22:44","date_gmt":"2024-03-18T19:22:44","guid":{"rendered":"https:\/\/nouveau.maisonmallet.com\/?post_type=event&#038;p=49072"},"modified":"2024-05-08T21:48:49","modified_gmt":"2024-05-09T01:48:49","slug":"cormier-alphonsine","status":"publish","type":"event","link":"https:\/\/nouveau.maisonmallet.com\/back05_01\/?event=cormier-alphonsine","title":{"rendered":"CORMIER, Alphonsine"},"content":{"rendered":"<p>La Maison L.J.G. Mallet a le regret de vous annoncer le d\u00e9c\u00e8s de<\/p>\n<p>&nbsp;<\/p>\n<p>Alphonsine Cormier<\/p>\n<p>1925 &#8211; 2024<\/p>\n<p>&nbsp;<\/p>\n<p>\u00c0 Havre Saint-Pierre, le 18 mars 2024, est d\u00e9c\u00e9d\u00e9e \u00e0 l\u2019\u00e2ge de 98 ans, madame Alphonsine Cormier \u00e9pouse de feu Edmond Lapierre et domicili\u00e9e \u00e0 Rivi\u00e8re-au-Tonnerre.<\/p>\n<p>La famille re\u00e7oit parents et amis le samedi 11 mai 2024 de 12 h 30 \u00e0 14 h \u00e0 l\u2019\u00e9glise Saint-Hippolyte de Rivi\u00e8re-au-Tonnerre.<\/p>\n<p>Selon ses volont\u00e9s, elle a \u00e9t\u00e9 confi\u00e9e au cr\u00e9matorium de la Maison L.J.G. Mallet pour cr\u00e9mation.<\/p>\n<p>Les fun\u00e9railles de madame Alphonsine Cormier auront lieu le samedi 11 mai 2024 \u00e0 14 h en l\u2019\u00e9glise Saint-Hippolyte de Rivi\u00e8re-au-Tonnerre et de l\u00e0 au cimeti\u00e8re de Rivi\u00e8re-au-Tonnerre.<\/p>\n<p>Elle laisse dans le deuil ses filles\u00a0: L\u00e9ona (Pierre Dupuis), C\u00e9line (Germain Tremblay), Ga\u00e9tane (Julien Bisson) et Ella (Hermel Leblanc), ses fils\u00a0: Julien et Richard (Estelle Lapierre), quinze petits-enfants, ses trente arri\u00e8re-petits-enfants, ses cinq arri\u00e8re-arri\u00e8re-petits-enfants ainsi que ses neveux, ses ni\u00e8ces et de nombreux ami(e)s.<\/p>\n<p>Elle \u00e9tait la m\u00e8re de feu R\u00e9nald (Armande Bouchard).<\/p>\n<p>La famille a confi\u00e9 la direction des fun\u00e9railles aux services professionnels de la Maison L.J.G. Mallet du 1429, du Canot \u00e0 Havre-St-Pierre, maintenant reconnue Distinction et membre de la Corporation des Thanatologues du Qu\u00e9bec.<\/p>\n<p>Vous pouvez consulter cet avis de d\u00e9c\u00e8s, sur le <a href=\"https:\/\/nouveau.maisonmallet.com\">www.maisonmallet.com<\/a><\/p>\n<p>Ceux et celles qui le d\u00e9sirent, peuvent y envoyer des messages de sympathie.<\/p>\n<hr \/>\n<p>Envoyer vos condol\u00e9ances<\/p>\n<p>[contact-form to=\u00a0\u00bbgaetanelapierre1@icloud.com\u00a0\u00bb subject=\u00a0\u00bbCondol\u00e9ances Alphonsine Cormier\u00a0\u00bb][contact-field label=\u00a0\u00bbVotre nom\u00a0\u00bb type=\u00a0\u00bbname\u00a0\u00bb required=\u00a0\u00bb1&Prime;][contact-field label=\u00a0\u00bbVotre courriel\u00a0\u00bb type=\u00a0\u00bbemail\u00a0\u00bb required=\u00a0\u00bb1&Prime;][contact-field label=\u00a0\u00bbCondol\u00e9ances\u00a0\u00bb type=\u00a0\u00bbtextarea\u00a0\u00bb][\/contact-form]<\/p>\n","protected":false},"featured_media":49135,"template":"","event_cat":[7],"class_list":["post-49072","event","type-event","status-publish","has-post-thumbnail","hentry","event_cat-maison-l-j-g-mallet-inc"],"_links":{"self":[{"href":"https:\/\/nouveau.maisonmallet.com\/back05_01\/index.php?rest_route=\/wp\/v2\/event\/49072","targetHints":{"allow":["GET"]}}],"collection":[{"href":"https:\/\/nouveau.maisonmallet.com\/back05_01\/index.php?rest_route=\/wp\/v2\/event"}],"about":[{"href":"https:\/\/nouveau.maisonmallet.com\/back05_01\/index.php?rest_route=\/wp\/v2\/types\/event"}],"wp:featuredmedia":[{"embeddable":true,"href":"https:\/\/nouveau.maisonmallet.com\/back05_01\/index.php?rest_route=\/wp\/v2\/media\/49135"}],"wp:attachment":[{"href":"https:\/\/nouveau.maisonmallet.com\/back05_01\/index.php?rest_route=%2Fwp%2Fv2%2Fmedia&parent=49072"}],"wp:term":[{"taxonomy":"event_cat","embeddable":true,"href":"https:\/\/nouveau.maisonmallet.com\/back05_01\/index.php?rest_route=%2Fwp%2Fv2%2Fevent_cat&post=49072"}],"curies":[{"name":"wp","href":"https:\/\/api.w.org\/{rel}","templated":true}]}}

<p>La Maison L.J.G. Mallet a le regret de vous annoncer le décès de</p>
<p>&nbsp;</p>
<p>Alphonsine Cormier</p>
<p>1925 &#8211; 2024</p>
<p>&nbsp;</p>
<p>À Havre Saint-Pierre, le 18 mars 2024, est décédée à l’âge de 98 ans, madame Alphonsine Cormier épouse de feu Edmond Lapierre et domiciliée à Rivière-au-Tonnerre.</p>
<p>La famille reçoit parents et amis le samedi 11 mai 2024 de 12 h 30 à 14 h à l’église Saint-Hippolyte de Rivière-au-Tonnerre.</p>
<p>Selon ses volontés, elle a été confiée au crématorium de la Maison L.J.G. Mallet pour crémation.</p>
<p>Les funérailles de madame Alphonsine Cormier auront lieu le samedi 11 mai 2024 à 14 h en l’église Saint-Hippolyte de Rivière-au-Tonnerre et de là au cimetière de Rivière-au-Tonnerre.</p>
<p>Elle laisse dans le deuil ses filles : Léona (Pierre Dupuis), Céline (Germain Tremblay), Gaétane (Julien Bisson) et Ella (Hermel Leblanc), ses fils : Julien et Richard (Estelle Lapierre), quinze petits-enfants, ses trente arrière-petits-enfants, ses cinq arrière-arrière-petits-enfants ainsi que ses neveux, ses nièces et de nombreux ami(e)s.</p>
<p>Elle était la mère de feu Rénald (Armande Bouchard).</p>
<p>La famille a confié la direction des funérailles aux services professionnels de la Maison L.J.G. Mallet du 1429, du Canot à Havre-St-Pierre, maintenant reconnue Distinction et membre de la Corporation des Thanatologues du Québec.</p>
<p>Vous pouvez consulter cet avis de décès, sur le <a href="https://nouveau.maisonmallet.com">www.maisonmallet.com</a></p>
<p>Ceux et celles qui le désirent, peuvent y envoyer des messages de sympathie.</p>
<hr />
<p>Envoyer vos condoléances</p>
<p>[contact-form to= »gaetanelapierre1@icloud.com » subject= »Condoléances Alphonsine Cormier »][contact-field label= »Votre nom » type= »name » required= »1&Prime;][contact-field label= »Votre courriel » type= »email » required= »1&Prime;][contact-field label= »Condoléances » type= »textarea »][/contact-form]</p>
