{"id":49134,"date":"2023-11-28T17:30:21","date_gmt":"2023-11-28T22:30:21","guid":{"rendered":"https:\/\/nouveau.maisonmallet.com\/?post_type=event&#038;p=49134"},"modified":"2024-07-08T09:22:53","modified_gmt":"2024-07-08T13:22:53","slug":"vigneault-rita","status":"publish","type":"event","link":"https:\/\/nouveau.maisonmallet.com\/back05_01\/?event=vigneault-rita","title":{"rendered":"VIGNEAULT, Rita"},"content":{"rendered":"<p>La Maison L.J.G. Mallet a le regret de vous annoncer le d\u00e9c\u00e8s de<\/p>\n<p>Rita Vigneault<\/p>\n<p>1931 &#8211; 2023<\/p>\n<p>&nbsp;<\/p>\n<p>\u00c0 Sept-\u00celes, le 28 novembre 2023, est d\u00e9c\u00e9d\u00e9e \u00e0 l\u2019\u00e2ge de 92 ans, madame Rita Vigneault \u00e9pouse de feu Aless Beaudin et domicili\u00e9e \u00e0 Rivi\u00e8re-au-Tonnerre.<\/p>\n<p>Selon ses volont\u00e9s, elle a \u00e9t\u00e9 confi\u00e9e au cr\u00e9matorium de la Maison L.J.G. Mallet pour cr\u00e9mation.<\/p>\n<p>Elle laisse dans le deuil ses filles\u00a0: R\u00e9jeanne et Ginette, son fils Jean-Neil (Chantale Boucher), ses petites-filles\u00a0: Anick (Dave Fortin), \u00c9rika (Christian Imbeault), Kelly (Keven Gosselin) et M\u00e9gan (Steven Brindamour), son petit-fils Jimmy (V\u00e9ronique Lemieux), ses arri\u00e8re-petits-enfants\u00a0: No\u00e9mie, Joey, Laurie, Coralie, Yan et \u00c9lie ainsi que ses belles-s\u0153urs, ses neveux, ses ni\u00e8ces, ses cousins, ses cousines et de nombreux ami(e)s.<\/p>\n<p>La famille a confi\u00e9 les arrangements aux services professionnels de la Maison L.J.G. Mallet du 1429, rue du Canot \u00e0 Havre-Saint-Pierre, maintenant reconnue Distinction et membre de la Corporation des Thanatologues du Qu\u00e9bec.<\/p>\n<p>Vous pouvez consulter cet avis de d\u00e9c\u00e8s, sur le <a href=\"https:\/\/nouveau.maisonmallet.com\">www.maisonmallet.com<\/a><\/p>\n<p>Ceux et celles qui le d\u00e9sirent, peuvent y envoyer des messages de sympathie.<\/p>\n<p>&nbsp;<\/p>\n<hr \/>\n<p>Envoyer vos condol\u00e9ances<\/p>\n<p>[contact-form to=\u00a0\u00bberikamethot@hotmail.com\u00a0\u00bb subject=\u00a0\u00bbCondol\u00e9ances Rita Vigneault\u00a0\u00bb][contact-field label=\u00a0\u00bbVotre nom\u00a0\u00bb type=\u00a0\u00bbname\u00a0\u00bb required=\u00a0\u00bb1&Prime;][contact-field label=\u00a0\u00bbVotre courriel\u00a0\u00bb type=\u00a0\u00bbemail\u00a0\u00bb required=\u00a0\u00bb1&Prime;][contact-field label=\u00a0\u00bbCondol\u00e9ances\u00a0\u00bb type=\u00a0\u00bbtextarea\u00a0\u00bb][\/contact-form]<\/p>\n","protected":false},"featured_media":49148,"template":"","event_cat":[7],"class_list":["post-49134","event","type-event","status-publish","has-post-thumbnail","hentry","event_cat-maison-l-j-g-mallet-inc"],"_links":{"self":[{"href":"https:\/\/nouveau.maisonmallet.com\/back05_01\/index.php?rest_route=\/wp\/v2\/event\/49134","targetHints":{"allow":["GET"]}}],"collection":[{"href":"https:\/\/nouveau.maisonmallet.com\/back05_01\/index.php?rest_route=\/wp\/v2\/event"}],"about":[{"href":"https:\/\/nouveau.maisonmallet.com\/back05_01\/index.php?rest_route=\/wp\/v2\/types\/event"}],"wp:featuredmedia":[{"embeddable":true,"href":"https:\/\/nouveau.maisonmallet.com\/back05_01\/index.php?rest_route=\/wp\/v2\/media\/49148"}],"wp:attachment":[{"href":"https:\/\/nouveau.maisonmallet.com\/back05_01\/index.php?rest_route=%2Fwp%2Fv2%2Fmedia&parent=49134"}],"wp:term":[{"taxonomy":"event_cat","embeddable":true,"href":"https:\/\/nouveau.maisonmallet.com\/back05_01\/index.php?rest_route=%2Fwp%2Fv2%2Fevent_cat&post=49134"}],"curies":[{"name":"wp","href":"https:\/\/api.w.org\/{rel}","templated":true}]}}

<p>La Maison L.J.G. Mallet a le regret de vous annoncer le décès de</p>
<p>Rita Vigneault</p>
<p>1931 &#8211; 2023</p>
<p>&nbsp;</p>
<p>À Sept-Îles, le 28 novembre 2023, est décédée à l’âge de 92 ans, madame Rita Vigneault épouse de feu Aless Beaudin et domiciliée à Rivière-au-Tonnerre.</p>
<p>Selon ses volontés, elle a été confiée au crématorium de la Maison L.J.G. Mallet pour crémation.</p>
<p>Elle laisse dans le deuil ses filles : Réjeanne et Ginette, son fils Jean-Neil (Chantale Boucher), ses petites-filles : Anick (Dave Fortin), Érika (Christian Imbeault), Kelly (Keven Gosselin) et Mégan (Steven Brindamour), son petit-fils Jimmy (Véronique Lemieux), ses arrière-petits-enfants : Noémie, Joey, Laurie, Coralie, Yan et Élie ainsi que ses belles-sœurs, ses neveux, ses nièces, ses cousins, ses cousines et de nombreux ami(e)s.</p>
<p>La famille a confié les arrangements aux services professionnels de la Maison L.J.G. Mallet du 1429, rue du Canot à Havre-Saint-Pierre, maintenant reconnue Distinction et membre de la Corporation des Thanatologues du Québec.</p>
<p>Vous pouvez consulter cet avis de décès, sur le <a href="https://nouveau.maisonmallet.com">www.maisonmallet.com</a></p>
<p>Ceux et celles qui le désirent, peuvent y envoyer des messages de sympathie.</p>
<p>&nbsp;</p>
<hr />
<p>Envoyer vos condoléances</p>
<p>[contact-form to= »erikamethot@hotmail.com » subject= »Condoléances Rita Vigneault »][contact-field label= »Votre nom » type= »name » required= »1&Prime;][contact-field label= »Votre courriel » type= »email » required= »1&Prime;][contact-field label= »Condoléances » type= »textarea »][/contact-form]</p>
