{"id":49146,"date":"2024-03-23T12:29:32","date_gmt":"2024-03-23T16:29:32","guid":{"rendered":"https:\/\/nouveau.maisonmallet.com\/?post_type=event&#038;p=49146"},"modified":"2024-05-08T21:47:03","modified_gmt":"2024-05-09T01:47:03","slug":"poirier-odette","status":"publish","type":"event","link":"https:\/\/nouveau.maisonmallet.com\/back05_01\/?event=poirier-odette","title":{"rendered":"POIRIER, Odette"},"content":{"rendered":"<p>Le Complexe Thanatologique Mallet &amp; fils a le regret de vous annoncer le d\u00e9c\u00e8s de<\/p>\n<p>Odette Poirier<\/p>\n<p>1937 \u2013 2024<\/p>\n<p>&nbsp;<\/p>\n<p>&nbsp;<\/p>\n<p>\u00c0 Sept-\u00celes, le 23 mars 2024, est d\u00e9c\u00e9d\u00e9e \u00e0 l\u2019\u00e2ge de 87 ans, madame Odette Poirier \u00e9pouse de monsieur Andr\u00e9 B. Ch\u00e9n\u00e9 et domicili\u00e9e \u00e0 Clarke City.<\/p>\n<p>Les fun\u00e9railles de madame Odette Poirier auront lieu le samedi 13 avril 2024 \u00e0 11 h en l\u2019\u00e9glise St-C\u0153ur de Marie situ\u00e9e au 175, rue de l\u2019\u00e9glise \u00e0 Clarke City.<\/p>\n<p>Selon ses volont\u00e9s, elle a \u00e9t\u00e9 confi\u00e9e au cr\u00e9matorium de la Maison Mallet &amp; fils pour cr\u00e9mation.<\/p>\n<p>La famille re\u00e7oit parents et amis le samedi 13 avril 2024 jour des fun\u00e9railles \u00e0 compter de 9 h \u00e0 l\u2019\u00e9glise St-C\u0153ur de Marie de Clarke City.<\/p>\n<p>Elle laisse dans le deuil outre son \u00e9poux monsieur Andr\u00e9 B. Ch\u00e9n\u00e9, ses enfants : Patricia (Richard Maggioni), Karl, Julia (Vincent L\u00e9vesque), Eric (Stella Renganeschi), Christine (Yvan Nolin), Dominique et Pier-Augustin (Julie B\u00e9dard), ses petits-enfants : Brigitte, Fran\u00e7ois, David, Genevi\u00e8ve, Fr\u00e9d\u00e9rique, Alexandre, \u00c8ve-Marie et Florence, ses arri\u00e8re-petits-enfants : Malik, Noah et Liam, ses beaux-fr\u00e8res, ses belles-s\u0153urs ainsi que ses neveux, ses ni\u00e8ces, ses cousins, ses cousines et de nombreux ami(e)s.<\/p>\n<p>Vos marques de sympathie peuvent se traduire par un don \u00e0 l\u2019\u00c9lyme des sables <a href=\"http:\/\/www.elymedessables.com\">www.elymedessables.com<\/a><\/p>\n<p>La famille a confi\u00e9 les arrangements aux services professionnels de la Maison Mallet &amp; fils du 585 Boul. Laure \u00e0 Sept-\u00celes, maintenant reconnue Distinction et membre de la Corporation des Thanatologues du Qu\u00e9bec.<\/p>\n<p>Vous pouvez consulter cet avis de d\u00e9c\u00e8s sur le\u00a0: <a href=\"https:\/\/nouveau.maisonmallet.com\">www.maisonmallet.com<\/a><\/p>\n<p>Ceux et celles qui le d\u00e9sirent, peuvent y envoyer des messages de sympathie.<\/p>\n<p>&nbsp;<\/p>\n<hr \/>\n<p>Envoyer vos condol\u00e9ances<\/p>\n<p>[contact-form to=\u00a0\u00bbabcode@cgocable.ca\u00a0\u00bb subject=\u00a0\u00bbCondol\u00e9ances Odette Poirier\u00a0\u00bb][contact-field label=\u00a0\u00bbVotre nom\u00a0\u00bb type=\u00a0\u00bbname\u00a0\u00bb required=\u00a0\u00bb1&Prime;][contact-field label=\u00a0\u00bbVotre courriel\u00a0\u00bb type=\u00a0\u00bbemail\u00a0\u00bb required=\u00a0\u00bb1&Prime;][contact-field label=\u00a0\u00bbCondol\u00e9ances\u00a0\u00bb type=\u00a0\u00bbtextarea\u00a0\u00bb][\/contact-form]<\/p>\n","protected":false},"featured_media":49190,"template":"","event_cat":[6],"class_list":["post-49146","event","type-event","status-publish","has-post-thumbnail","hentry","event_cat-maison-mallet-et-fils-inc"],"_links":{"self":[{"href":"https:\/\/nouveau.maisonmallet.com\/back05_01\/index.php?rest_route=\/wp\/v2\/event\/49146","targetHints":{"allow":["GET"]}}],"collection":[{"href":"https:\/\/nouveau.maisonmallet.com\/back05_01\/index.php?rest_route=\/wp\/v2\/event"}],"about":[{"href":"https:\/\/nouveau.maisonmallet.com\/back05_01\/index.php?rest_route=\/wp\/v2\/types\/event"}],"wp:featuredmedia":[{"embeddable":true,"href":"https:\/\/nouveau.maisonmallet.com\/back05_01\/index.php?rest_route=\/wp\/v2\/media\/49190"}],"wp:attachment":[{"href":"https:\/\/nouveau.maisonmallet.com\/back05_01\/index.php?rest_route=%2Fwp%2Fv2%2Fmedia&parent=49146"}],"wp:term":[{"taxonomy":"event_cat","embeddable":true,"href":"https:\/\/nouveau.maisonmallet.com\/back05_01\/index.php?rest_route=%2Fwp%2Fv2%2Fevent_cat&post=49146"}],"curies":[{"name":"wp","href":"https:\/\/api.w.org\/{rel}","templated":true}]}}

<p>Le Complexe Thanatologique Mallet &amp; fils a le regret de vous annoncer le décès de</p>
<p>Odette Poirier</p>
<p>1937 – 2024</p>
<p>&nbsp;</p>
<p>&nbsp;</p>
<p>À Sept-Îles, le 23 mars 2024, est décédée à l’âge de 87 ans, madame Odette Poirier épouse de monsieur André B. Chéné et domiciliée à Clarke City.</p>
<p>Les funérailles de madame Odette Poirier auront lieu le samedi 13 avril 2024 à 11 h en l’église St-Cœur de Marie située au 175, rue de l’église à Clarke City.</p>
<p>Selon ses volontés, elle a été confiée au crématorium de la Maison Mallet &amp; fils pour crémation.</p>
<p>La famille reçoit parents et amis le samedi 13 avril 2024 jour des funérailles à compter de 9 h à l’église St-Cœur de Marie de Clarke City.</p>
<p>Elle laisse dans le deuil outre son époux monsieur André B. Chéné, ses enfants : Patricia (Richard Maggioni), Karl, Julia (Vincent Lévesque), Eric (Stella Renganeschi), Christine (Yvan Nolin), Dominique et Pier-Augustin (Julie Bédard), ses petits-enfants : Brigitte, François, David, Geneviève, Frédérique, Alexandre, Ève-Marie et Florence, ses arrière-petits-enfants : Malik, Noah et Liam, ses beaux-frères, ses belles-sœurs ainsi que ses neveux, ses nièces, ses cousins, ses cousines et de nombreux ami(e)s.</p>
<p>Vos marques de sympathie peuvent se traduire par un don à l’Élyme des sables <a href="http://www.elymedessables.com">www.elymedessables.com</a></p>
<p>La famille a confié les arrangements aux services professionnels de la Maison Mallet &amp; fils du 585 Boul. Laure à Sept-Îles, maintenant reconnue Distinction et membre de la Corporation des Thanatologues du Québec.</p>
<p>Vous pouvez consulter cet avis de décès sur le : <a href="https://nouveau.maisonmallet.com">www.maisonmallet.com</a></p>
<p>Ceux et celles qui le désirent, peuvent y envoyer des messages de sympathie.</p>
<p>&nbsp;</p>
<hr />
<p>Envoyer vos condoléances</p>
<p>[contact-form to= »abcode@cgocable.ca » subject= »Condoléances Odette Poirier »][contact-field label= »Votre nom » type= »name » required= »1&Prime;][contact-field label= »Votre courriel » type= »email » required= »1&Prime;][contact-field label= »Condoléances » type= »textarea »][/contact-form]</p>
