{"id":49469,"date":"2024-02-25T15:35:41","date_gmt":"2024-02-25T20:35:41","guid":{"rendered":"https:\/\/nouveau.maisonmallet.com\/?post_type=event&#038;p=49469"},"modified":"2024-05-08T21:45:11","modified_gmt":"2024-05-09T01:45:11","slug":"lapointe-joelle","status":"publish","type":"event","link":"https:\/\/nouveau.maisonmallet.com\/back05_01\/?event=lapointe-joelle","title":{"rendered":"LAPOINTE, Joelle"},"content":{"rendered":"<p>Le Complexe Thanatologique Mallet &amp; fils a le regret de vous annoncer le d\u00e9c\u00e8s de<\/p>\n<p>&nbsp;<\/p>\n<p>Joelle Lapointe<\/p>\n<p>1981 \u2013 2024<\/p>\n<p>&nbsp;<\/p>\n<p>\u00c0 Qu\u00e9bec, le 25 f\u00e9vrier 2024, est d\u00e9c\u00e9d\u00e9e \u00e0 l\u2019\u00e2ge de 42 ans, Joelle Lapointe conjointe de Johny-Dave Albert, fille de monsieur Martial Lapointe et de madame Ghislaine Laforge domicili\u00e9e \u00e0 Qu\u00e9bec.<\/p>\n<p>La c\u00e9r\u00e9monie comm\u00e9morative de Joelle Lapointe aura lieu le samedi 20 avril 2024 \u00e0 21 h 45 \u00e0 la chapelle du Complexe Thanatologique Mallet &amp; fils du 585, boul. Laure \u00e0 Sept-\u00celes.<\/p>\n<p>Selon ses volont\u00e9s, elle a \u00e9t\u00e9 confi\u00e9e au cr\u00e9matorium de la maison Mallet &amp; fils pour cr\u00e9mation.<\/p>\n<p>La famille re\u00e7oit parents et amis le samedi 20 avril 2024 de 13 h \u00e0 16 h et de 19 h \u00e0 22 h, au Complexe Thanatologique Mallet &amp; fils du 585 Boul. Laure \u00e0 Sept-\u00celes.<\/p>\n<p>Elle laisse dans le deuil outre son conjoint Johny-Dave Albert (ses enfants Samuel et Dory-Ann), sa fille Ariel D\u2019Anjou, son fils Derek Chamberland, ses parents monsieur Martial Lapointe et madame Ghislaine Laforge, sa s\u0153ur Marylin Gagnon (Simon Boudreau), ses neveux, ses ni\u00e8ces, beaux-fr\u00e8res, ses belles-s\u0153urs, ses oncles, ses tantes, ses cousins, ses cousines et de nombreux ami(e)s.<\/p>\n<p>La famille a confi\u00e9 les arrangement fun\u00e9raires aux services professionnels de la Maison Mallet &amp; fils du 585 boul. Laure \u00e0 Sept-\u00celes, maintenant reconnue Distinction et membre de la Corporation des Thanatologues du Qu\u00e9bec.<\/p>\n<p>Vous pouvez consulter cet avis de d\u00e9c\u00e8s sur le <a href=\"https:\/\/nouveau.maisonmallet.com\">www.maisonmallet.com<\/a><\/p>\n<p>Ceux et celles qui le d\u00e9sirent, peuvent y envoyer des messages de sympathie.<\/p>\n<hr \/>\n<p>Envoyer vos condol\u00e9ances<\/p>\n<p>[contact-form to=\u00a0\u00bbmatial.lapointe@hotmail.com\u00a0\u00bb subject=\u00a0\u00bbCondol\u00e9ances Joelle Lapointe\u00a0\u00bb][contact-field label=\u00a0\u00bbVotre nom\u00a0\u00bb type=\u00a0\u00bbname\u00a0\u00bb required=\u00a0\u00bb1&Prime;][contact-field label=\u00a0\u00bbVotre courriel\u00a0\u00bb type=\u00a0\u00bbemail\u00a0\u00bb required=\u00a0\u00bb1&Prime;][contact-field label=\u00a0\u00bbCondol\u00e9ances\u00a0\u00bb type=\u00a0\u00bbtextarea\u00a0\u00bb][\/contact-form]<\/p>\n","protected":false},"featured_media":49471,"template":"","event_cat":[6],"class_list":["post-49469","event","type-event","status-publish","has-post-thumbnail","hentry","event_cat-maison-mallet-et-fils-inc"],"_links":{"self":[{"href":"https:\/\/nouveau.maisonmallet.com\/back05_01\/index.php?rest_route=\/wp\/v2\/event\/49469","targetHints":{"allow":["GET"]}}],"collection":[{"href":"https:\/\/nouveau.maisonmallet.com\/back05_01\/index.php?rest_route=\/wp\/v2\/event"}],"about":[{"href":"https:\/\/nouveau.maisonmallet.com\/back05_01\/index.php?rest_route=\/wp\/v2\/types\/event"}],"wp:featuredmedia":[{"embeddable":true,"href":"https:\/\/nouveau.maisonmallet.com\/back05_01\/index.php?rest_route=\/wp\/v2\/media\/49471"}],"wp:attachment":[{"href":"https:\/\/nouveau.maisonmallet.com\/back05_01\/index.php?rest_route=%2Fwp%2Fv2%2Fmedia&parent=49469"}],"wp:term":[{"taxonomy":"event_cat","embeddable":true,"href":"https:\/\/nouveau.maisonmallet.com\/back05_01\/index.php?rest_route=%2Fwp%2Fv2%2Fevent_cat&post=49469"}],"curies":[{"name":"wp","href":"https:\/\/api.w.org\/{rel}","templated":true}]}}

<p>Le Complexe Thanatologique Mallet &amp; fils a le regret de vous annoncer le décès de</p>
<p>&nbsp;</p>
<p>Joelle Lapointe</p>
<p>1981 – 2024</p>
<p>&nbsp;</p>
<p>À Québec, le 25 février 2024, est décédée à l’âge de 42 ans, Joelle Lapointe conjointe de Johny-Dave Albert, fille de monsieur Martial Lapointe et de madame Ghislaine Laforge domiciliée à Québec.</p>
<p>La cérémonie commémorative de Joelle Lapointe aura lieu le samedi 20 avril 2024 à 21 h 45 à la chapelle du Complexe Thanatologique Mallet &amp; fils du 585, boul. Laure à Sept-Îles.</p>
<p>Selon ses volontés, elle a été confiée au crématorium de la maison Mallet &amp; fils pour crémation.</p>
<p>La famille reçoit parents et amis le samedi 20 avril 2024 de 13 h à 16 h et de 19 h à 22 h, au Complexe Thanatologique Mallet &amp; fils du 585 Boul. Laure à Sept-Îles.</p>
<p>Elle laisse dans le deuil outre son conjoint Johny-Dave Albert (ses enfants Samuel et Dory-Ann), sa fille Ariel D’Anjou, son fils Derek Chamberland, ses parents monsieur Martial Lapointe et madame Ghislaine Laforge, sa sœur Marylin Gagnon (Simon Boudreau), ses neveux, ses nièces, beaux-frères, ses belles-sœurs, ses oncles, ses tantes, ses cousins, ses cousines et de nombreux ami(e)s.</p>
<p>La famille a confié les arrangement funéraires aux services professionnels de la Maison Mallet &amp; fils du 585 boul. Laure à Sept-Îles, maintenant reconnue Distinction et membre de la Corporation des Thanatologues du Québec.</p>
<p>Vous pouvez consulter cet avis de décès sur le <a href="https://nouveau.maisonmallet.com">www.maisonmallet.com</a></p>
<p>Ceux et celles qui le désirent, peuvent y envoyer des messages de sympathie.</p>
<hr />
<p>Envoyer vos condoléances</p>
<p>[contact-form to= »matial.lapointe@hotmail.com » subject= »Condoléances Joelle Lapointe »][contact-field label= »Votre nom » type= »name » required= »1&Prime;][contact-field label= »Votre courriel » type= »email » required= »1&Prime;][contact-field label= »Condoléances » type= »textarea »][/contact-form]</p>
