{"id":49925,"date":"2024-04-29T16:39:46","date_gmt":"2024-04-29T20:39:46","guid":{"rendered":"https:\/\/nouveau.maisonmallet.com\/?post_type=event&#038;p=49925"},"modified":"2024-05-08T21:38:43","modified_gmt":"2024-05-09T01:38:43","slug":"cormier-alexandre","status":"publish","type":"event","link":"https:\/\/nouveau.maisonmallet.com\/back05_01\/?event=cormier-alexandre","title":{"rendered":"CORMIER, Alexandre"},"content":{"rendered":"<p>Le Complexe Thanatologique Mallet &amp; fils a le regret de vous annoncer le d\u00e9c\u00e8s de<\/p>\n<p>Alexandre Cormier<\/p>\n<p>1934 \u2013 2024<\/p>\n<p>&nbsp;<\/p>\n<p>\u00c0 Sept-\u00celes (maison \u00c9lyme des sables), le 29 avril 2024, est d\u00e9c\u00e9d\u00e9 \u00e0 l\u2019\u00e2ge de 89 ans, monsieur Alexandre Cormier \u00e9poux de madame Ginette Guimont et domicili\u00e9 \u00e0 Sept-\u00celes.<\/p>\n<p>La c\u00e9r\u00e9monie comm\u00e9morative de monsieur Alexandre Cormier aura lieu le jeudi 2 mai 2024 \u00e0 21 h 30 \u00e0 la chapelle du Complexe Thanatologique Mallet &amp; fils du 585, Boul. Laure \u00e0 Sept-\u00celes.<\/p>\n<p>La famille re\u00e7oit parents et amis le jeudi 2 mai 2024 jour de la c\u00e9r\u00e9monie de 13 h \u00e0 16 h et de 19 h \u00e0 22 h au Complexe Thanatologique Mallet &amp; fils du 585 Boul. Laure \u00e0 Sept-\u00celes.<\/p>\n<p>Il laisse dans le deuil outre son \u00e9pouse madame Ginette Guimont, ses enfants\u00a0: Bruno (Angela Cormier), Dominique (Langis Tremblay), Ren\u00e9e (Gilles Croteau) et Marc (Am\u00e9lie Robillard), ses petits-enfants, ses arri\u00e8re-petits-enfants ainsi que ses beaux-fr\u00e8res, ses belles-s\u0153urs, ses neveux, ses ni\u00e8ces et ses ami(e)s.<\/p>\n<p>Vos marques de sympathie peuvent se traduire par un don \u00e0 l\u2019\u00c9lyme des sables <a href=\"http:\/\/www.elymedessables.com\">www.elymedessables.com<\/a><\/p>\n<p>La famille a confi\u00e9 les arrangements aux services professionnels de la Maison Mallet &amp; fils du 585 Boul. Laure \u00e0 Sept-\u00celes, maintenant reconnue Distinction et membre de la Corporation des Thanatologues du Qu\u00e9bec.<\/p>\n<p>Vous pouvez consulter cet avis de d\u00e9c\u00e8s sur le\u00a0: <a href=\"https:\/\/nouveau.maisonmallet.com\">www.maisonmallet.com<\/a><\/p>\n<p>Ceux et celles qui le d\u00e9sirent, peuvent y envoyer des messages de sympathie.<\/p>\n<p>&nbsp;<\/p>\n<hr \/>\n<p>Envoyer vos condol\u00e9ances<\/p>\n<p>[contact-form to=\u00a0\u00bbginette.cormier@cgocable.ca\u00a0\u00bb subject=\u00a0\u00bbCondol\u00e9ances Alexandre Cormier\u00a0\u00bb][contact-field label=\u00a0\u00bbVotre nom\u00a0\u00bb type=\u00a0\u00bbname\u00a0\u00bb required=\u00a0\u00bb1&Prime;][contact-field label=\u00a0\u00bbVotre courriel\u00a0\u00bb type=\u00a0\u00bbemail\u00a0\u00bb required=\u00a0\u00bb1&Prime;][contact-field label=\u00a0\u00bbCondol\u00e9ances\u00a0\u00bb type=\u00a0\u00bbtextarea\u00a0\u00bb][\/contact-form]<\/p>\n","protected":false},"featured_media":49943,"template":"","event_cat":[6],"class_list":["post-49925","event","type-event","status-publish","has-post-thumbnail","hentry","event_cat-maison-mallet-et-fils-inc"],"_links":{"self":[{"href":"https:\/\/nouveau.maisonmallet.com\/back05_01\/index.php?rest_route=\/wp\/v2\/event\/49925","targetHints":{"allow":["GET"]}}],"collection":[{"href":"https:\/\/nouveau.maisonmallet.com\/back05_01\/index.php?rest_route=\/wp\/v2\/event"}],"about":[{"href":"https:\/\/nouveau.maisonmallet.com\/back05_01\/index.php?rest_route=\/wp\/v2\/types\/event"}],"wp:featuredmedia":[{"embeddable":true,"href":"https:\/\/nouveau.maisonmallet.com\/back05_01\/index.php?rest_route=\/wp\/v2\/media\/49943"}],"wp:attachment":[{"href":"https:\/\/nouveau.maisonmallet.com\/back05_01\/index.php?rest_route=%2Fwp%2Fv2%2Fmedia&parent=49925"}],"wp:term":[{"taxonomy":"event_cat","embeddable":true,"href":"https:\/\/nouveau.maisonmallet.com\/back05_01\/index.php?rest_route=%2Fwp%2Fv2%2Fevent_cat&post=49925"}],"curies":[{"name":"wp","href":"https:\/\/api.w.org\/{rel}","templated":true}]}}

<p>Le Complexe Thanatologique Mallet &amp; fils a le regret de vous annoncer le décès de</p>
<p>Alexandre Cormier</p>
<p>1934 – 2024</p>
<p>&nbsp;</p>
<p>À Sept-Îles (maison Élyme des sables), le 29 avril 2024, est décédé à l’âge de 89 ans, monsieur Alexandre Cormier époux de madame Ginette Guimont et domicilié à Sept-Îles.</p>
<p>La cérémonie commémorative de monsieur Alexandre Cormier aura lieu le jeudi 2 mai 2024 à 21 h 30 à la chapelle du Complexe Thanatologique Mallet &amp; fils du 585, Boul. Laure à Sept-Îles.</p>
<p>La famille reçoit parents et amis le jeudi 2 mai 2024 jour de la cérémonie de 13 h à 16 h et de 19 h à 22 h au Complexe Thanatologique Mallet &amp; fils du 585 Boul. Laure à Sept-Îles.</p>
<p>Il laisse dans le deuil outre son épouse madame Ginette Guimont, ses enfants : Bruno (Angela Cormier), Dominique (Langis Tremblay), Renée (Gilles Croteau) et Marc (Amélie Robillard), ses petits-enfants, ses arrière-petits-enfants ainsi que ses beaux-frères, ses belles-sœurs, ses neveux, ses nièces et ses ami(e)s.</p>
<p>Vos marques de sympathie peuvent se traduire par un don à l’Élyme des sables <a href="http://www.elymedessables.com">www.elymedessables.com</a></p>
<p>La famille a confié les arrangements aux services professionnels de la Maison Mallet &amp; fils du 585 Boul. Laure à Sept-Îles, maintenant reconnue Distinction et membre de la Corporation des Thanatologues du Québec.</p>
<p>Vous pouvez consulter cet avis de décès sur le : <a href="https://nouveau.maisonmallet.com">www.maisonmallet.com</a></p>
<p>Ceux et celles qui le désirent, peuvent y envoyer des messages de sympathie.</p>
<p>&nbsp;</p>
<hr />
<p>Envoyer vos condoléances</p>
<p>[contact-form to= »ginette.cormier@cgocable.ca » subject= »Condoléances Alexandre Cormier »][contact-field label= »Votre nom » type= »name » required= »1&Prime;][contact-field label= »Votre courriel » type= »email » required= »1&Prime;][contact-field label= »Condoléances » type= »textarea »][/contact-form]</p>
