{"id":50038,"date":"2024-04-30T14:42:09","date_gmt":"2024-04-30T18:42:09","guid":{"rendered":"https:\/\/nouveau.maisonmallet.com\/?post_type=event&#038;p=50038"},"modified":"2024-07-01T11:01:05","modified_gmt":"2024-07-01T15:01:05","slug":"picard-rheal","status":"publish","type":"event","link":"https:\/\/nouveau.maisonmallet.com\/back05_01\/?event=picard-rheal","title":{"rendered":"PICARD, Rh\u00e9al"},"content":{"rendered":"<p>Le Complexe Thanatologique Mallet &amp; fils a le regret de vous annoncer le d\u00e9c\u00e8s de<\/p>\n<p>Rh\u00e9al Picard<\/p>\n<p>1935 \u2013 2024<\/p>\n<p>&nbsp;<\/p>\n<p>\u00c0 Sept-\u00celes, le 30 avril 2024, est d\u00e9c\u00e9d\u00e9 \u00e0 l\u2019\u00e2ge de 88 ans, monsieur Rh\u00e9al Picard \u00e9poux de feu Monette Jourdain et domicili\u00e9 \u00e0 Sept-\u00celes.<\/p>\n<p>La c\u00e9r\u00e9monie comm\u00e9morative de monsieur Rh\u00e9al Picard aura lieu, le samedi 11 mai 2024 \u00e0 11 h en la chapelle Sainte-Anne des Ilets Caribou et de l\u00e0 au cimeti\u00e8re de l\u2019endroit.<\/p>\n<p>Selon ses volont\u00e9s, il a \u00e9t\u00e9 confi\u00e9 au cr\u00e9matorium de la Maison Mallet &amp; fils pour cr\u00e9mation.<\/p>\n<p>La famille re\u00e7oit parents et amis, le samedi 11 mai 2024 jour de la c\u00e9r\u00e9monie \u00e0 compter de 10 h \u00e0 la chapelle Saint-Anne des Ilets Caribou.<\/p>\n<p>Il laisse dans le deuil\u00a0ses enfants\u00a0: Yanick (Nadine Roussy), Alain (Myl\u00e8ne Gauthier), Denis, Pierre, France et Steve, ses petits-enfants\u00a0: Camille, Justin, Gabrielle, Alexandre, Myriam, Claudy, M\u00e9lanie, Jonathan et Yves,\u00a0ses arri\u00e8re-petits-enfants, ses s\u0153urs\u00a0: Solange et Huguette (Gilles Belzile), son fr\u00e8re Roger (Francine Pouliot) ainsi que ses beaux-fr\u00e8res, ses belles-s\u0153urs, ses neveux, ses ni\u00e8ces, ses cousins, ses cousines et ses ami(e)s.<\/p>\n<p>Vos marques de sympathie peuvent se traduire par un don \u00e0 l\u2019Association du cancer Est du Qu\u00e9bec <a href=\"http:\/\/www.aceq.org\">www.aceq.org<\/a><\/p>\n<p>La famille a confi\u00e9 la direction des fun\u00e9railles aux services professionnels de la Maison Mallet &amp; fils du 57, route 138 \u00e0 Port-Cartier, maintenant reconnue Distinction et membre de la Corporation des Thanatologues du Qu\u00e9bec.<\/p>\n<p>Vous pouvez consulter cet avis de d\u00e9c\u00e8s, sur le <a href=\"https:\/\/nouveau.maisonmallet.com\">www.maisonmallet.com<\/a><\/p>\n<p>Ceux et celles qui le d\u00e9sirent, peuvent y envoyer des messages de sympathie.<\/p>\n<p>&nbsp;<\/p>\n<hr \/>\n<p>Envoyer vos condol\u00e9ances<\/p>\n<p>[contact-form to=\u00a0\u00bbyanpic@outlook.com\u00a0\u00bb subject=\u00a0\u00bbCondol\u00e9ances Rh\u00e9al Picard\u00a0\u00bb][contact-field label=\u00a0\u00bbVotre nom\u00a0\u00bb type=\u00a0\u00bbname\u00a0\u00bb required=\u00a0\u00bb1&Prime;][contact-field label=\u00a0\u00bbVotre courriel\u00a0\u00bb type=\u00a0\u00bbemail\u00a0\u00bb required=\u00a0\u00bb1&Prime;][contact-field label=\u00a0\u00bbCondol\u00e9ances\u00a0\u00bb type=\u00a0\u00bbtextarea\u00a0\u00bb][\/contact-form]<\/p>\n","protected":false},"featured_media":50075,"template":"","event_cat":[6],"class_list":["post-50038","event","type-event","status-publish","has-post-thumbnail","hentry","event_cat-maison-mallet-et-fils-inc"],"_links":{"self":[{"href":"https:\/\/nouveau.maisonmallet.com\/back05_01\/index.php?rest_route=\/wp\/v2\/event\/50038","targetHints":{"allow":["GET"]}}],"collection":[{"href":"https:\/\/nouveau.maisonmallet.com\/back05_01\/index.php?rest_route=\/wp\/v2\/event"}],"about":[{"href":"https:\/\/nouveau.maisonmallet.com\/back05_01\/index.php?rest_route=\/wp\/v2\/types\/event"}],"wp:featuredmedia":[{"embeddable":true,"href":"https:\/\/nouveau.maisonmallet.com\/back05_01\/index.php?rest_route=\/wp\/v2\/media\/50075"}],"wp:attachment":[{"href":"https:\/\/nouveau.maisonmallet.com\/back05_01\/index.php?rest_route=%2Fwp%2Fv2%2Fmedia&parent=50038"}],"wp:term":[{"taxonomy":"event_cat","embeddable":true,"href":"https:\/\/nouveau.maisonmallet.com\/back05_01\/index.php?rest_route=%2Fwp%2Fv2%2Fevent_cat&post=50038"}],"curies":[{"name":"wp","href":"https:\/\/api.w.org\/{rel}","templated":true}]}}

PICARD, Rhéal

<p>Le Complexe Thanatologique Mallet &amp; fils a le regret de vous annoncer le décès de</p>
<p>Rhéal Picard</p>
<p>1935 – 2024</p>
<p>&nbsp;</p>
<p>À Sept-Îles, le 30 avril 2024, est décédé à l’âge de 88 ans, monsieur Rhéal Picard époux de feu Monette Jourdain et domicilié à Sept-Îles.</p>
<p>La cérémonie commémorative de monsieur Rhéal Picard aura lieu, le samedi 11 mai 2024 à 11 h en la chapelle Sainte-Anne des Ilets Caribou et de là au cimetière de l’endroit.</p>
<p>Selon ses volontés, il a été confié au crématorium de la Maison Mallet &amp; fils pour crémation.</p>
<p>La famille reçoit parents et amis, le samedi 11 mai 2024 jour de la cérémonie à compter de 10 h à la chapelle Saint-Anne des Ilets Caribou.</p>
<p>Il laisse dans le deuil ses enfants : Yanick (Nadine Roussy), Alain (Mylène Gauthier), Denis, Pierre, France et Steve, ses petits-enfants : Camille, Justin, Gabrielle, Alexandre, Myriam, Claudy, Mélanie, Jonathan et Yves, ses arrière-petits-enfants, ses sœurs : Solange et Huguette (Gilles Belzile), son frère Roger (Francine Pouliot) ainsi que ses beaux-frères, ses belles-sœurs, ses neveux, ses nièces, ses cousins, ses cousines et ses ami(e)s.</p>
<p>Vos marques de sympathie peuvent se traduire par un don à l’Association du cancer Est du Québec <a href="http://www.aceq.org">www.aceq.org</a></p>
<p>La famille a confié la direction des funérailles aux services professionnels de la Maison Mallet &amp; fils du 57, route 138 à Port-Cartier, maintenant reconnue Distinction et membre de la Corporation des Thanatologues du Québec.</p>
<p>Vous pouvez consulter cet avis de décès, sur le <a href="https://nouveau.maisonmallet.com">www.maisonmallet.com</a></p>
<p>Ceux et celles qui le désirent, peuvent y envoyer des messages de sympathie.</p>
<p>&nbsp;</p>
<hr />
<p>Envoyer vos condoléances</p>
<p>[contact-form to= »yanpic@outlook.com » subject= »Condoléances Rhéal Picard »][contact-field label= »Votre nom » type= »name » required= »1&Prime;][contact-field label= »Votre courriel » type= »email » required= »1&Prime;][contact-field label= »Condoléances » type= »textarea »][/contact-form]</p>
