{"id":50073,"date":"2024-05-05T16:57:45","date_gmt":"2024-05-05T20:57:45","guid":{"rendered":"https:\/\/nouveau.maisonmallet.com\/?post_type=event&#038;p=50073"},"modified":"2024-07-01T11:00:29","modified_gmt":"2024-07-01T15:00:29","slug":"mark-dominique-pierre","status":"publish","type":"event","link":"https:\/\/nouveau.maisonmallet.com\/back05_01\/?event=mark-dominique-pierre","title":{"rendered":"MARK, Dominique-Pierre"},"content":{"rendered":"<p>Le Complexe Thanatologique Mallet &amp; fils a le regret de vous annoncer le d\u00e9c\u00e8s de<\/p>\n<p>Dominique-Pierre Mark<\/p>\n<p>1948 \u2013 2024<\/p>\n<p>&nbsp;<\/p>\n<p>\u00c0 Sept-\u00celes (maison \u00c9lyme des sables), le 5 mai 2024 est d\u00e9c\u00e9d\u00e9 l\u2019\u00e2ge de 76 ans, monsieur Dominique-Pierre Mark \u00e9poux de feu Catherine Lalo et domicili\u00e9 \u00e0 La Romaine.<\/p>\n<p>Les fun\u00e9railles de monsieur Dominique-Pierre Mark auront lieu le samedi 11 mai 2024 \u00e0 10 h en l\u2019\u00e9glise Marie-Reine-des-Indiens \u00e0 La Romaine et de l\u00e0 au cimeti\u00e8re de l\u2019endroit.<\/p>\n<p>\u00c0 Sept-\u00celes<\/p>\n<p>La famille re\u00e7oit parents et amis le mardi 7 mai 2024 de 19 h \u00e0 22 h au Complexe Thanatologique Mallet &amp; fils du 585 Boul. Laure \u00e0 Sept-\u00celes.<\/p>\n<p>\u00c0 La Romaine<\/p>\n<p>La famille re\u00e7oit parents et amis le jeudi 9 mai 2024 \u00e0 compter de 14 h au 7, rue Tshakapesh \u00e0 La Romaine.<\/p>\n<p>Il laisse dans le deuil ses enfants\u00a0: Carole, Chantale (Daniel), Jackie et Athanase (Isabelle), sa fille adoptive Anna-Sheila, ses petits-enfants, ses arri\u00e8re-petits-enfants, ses fr\u00e8res\u00a0: William-Pierre, Rapha\u00ebl, Charles-Pierre et Antoine-Pierre ainsi que sa s\u0153ur No\u00eblla, ses beaux-fr\u00e8res, ses belles-s\u0153urs, ses neveux, ses ni\u00e8ces, ses cousins, ses cousines et de nombreux ami(e)s.<\/p>\n<p>La famille a confi\u00e9 les arrangements aux services professionnels de la Maison Mallet &amp; fils du 585, boul. Laure \u00e0 Sept-\u00celes, maintenant reconnue Distinction et membre de la Corporation des Thanatologues du Qu\u00e9bec.<\/p>\n<p>Vous pouvez consulter cet avis de d\u00e9c\u00e8s, sur le <a href=\"https:\/\/nouveau.maisonmallet.com\">www.maisonmallet.com<\/a><\/p>\n<p>Ceux et celles qui le d\u00e9sirent, peuvent y envoyer des messages de sympathie.<\/p>\n<p>&nbsp;<\/p>\n<hr \/>\n<p>Envoyer vos condol\u00e9ances<\/p>\n<p>[contact-form to=\u00a0\u00bbasbellefleur007@gmail.com\u00a0\u00bb subject=\u00a0\u00bbCondol\u00e9ances Dominique-Pierre Mark\u00a0\u00bb][contact-field label=\u00a0\u00bbVotre nom\u00a0\u00bb type=\u00a0\u00bbname\u00a0\u00bb required=\u00a0\u00bb1&Prime;][contact-field label=\u00a0\u00bbVotre courriel\u00a0\u00bb type=\u00a0\u00bbemail\u00a0\u00bb required=\u00a0\u00bb1&Prime;][contact-field label=\u00a0\u00bbCondol\u00e9ances\u00a0\u00bb type=\u00a0\u00bbtextarea\u00a0\u00bb][\/contact-form]<\/p>\n","protected":false},"featured_media":50126,"template":"","event_cat":[6],"class_list":["post-50073","event","type-event","status-publish","has-post-thumbnail","hentry","event_cat-maison-mallet-et-fils-inc"],"_links":{"self":[{"href":"https:\/\/nouveau.maisonmallet.com\/back05_01\/index.php?rest_route=\/wp\/v2\/event\/50073","targetHints":{"allow":["GET"]}}],"collection":[{"href":"https:\/\/nouveau.maisonmallet.com\/back05_01\/index.php?rest_route=\/wp\/v2\/event"}],"about":[{"href":"https:\/\/nouveau.maisonmallet.com\/back05_01\/index.php?rest_route=\/wp\/v2\/types\/event"}],"wp:featuredmedia":[{"embeddable":true,"href":"https:\/\/nouveau.maisonmallet.com\/back05_01\/index.php?rest_route=\/wp\/v2\/media\/50126"}],"wp:attachment":[{"href":"https:\/\/nouveau.maisonmallet.com\/back05_01\/index.php?rest_route=%2Fwp%2Fv2%2Fmedia&parent=50073"}],"wp:term":[{"taxonomy":"event_cat","embeddable":true,"href":"https:\/\/nouveau.maisonmallet.com\/back05_01\/index.php?rest_route=%2Fwp%2Fv2%2Fevent_cat&post=50073"}],"curies":[{"name":"wp","href":"https:\/\/api.w.org\/{rel}","templated":true}]}}

<p>Le Complexe Thanatologique Mallet &amp; fils a le regret de vous annoncer le décès de</p>
<p>Dominique-Pierre Mark</p>
<p>1948 – 2024</p>
<p>&nbsp;</p>
<p>À Sept-Îles (maison Élyme des sables), le 5 mai 2024 est décédé l’âge de 76 ans, monsieur Dominique-Pierre Mark époux de feu Catherine Lalo et domicilié à La Romaine.</p>
<p>Les funérailles de monsieur Dominique-Pierre Mark auront lieu le samedi 11 mai 2024 à 10 h en l’église Marie-Reine-des-Indiens à La Romaine et de là au cimetière de l’endroit.</p>
<p>À Sept-Îles</p>
<p>La famille reçoit parents et amis le mardi 7 mai 2024 de 19 h à 22 h au Complexe Thanatologique Mallet &amp; fils du 585 Boul. Laure à Sept-Îles.</p>
<p>À La Romaine</p>
<p>La famille reçoit parents et amis le jeudi 9 mai 2024 à compter de 14 h au 7, rue Tshakapesh à La Romaine.</p>
<p>Il laisse dans le deuil ses enfants : Carole, Chantale (Daniel), Jackie et Athanase (Isabelle), sa fille adoptive Anna-Sheila, ses petits-enfants, ses arrière-petits-enfants, ses frères : William-Pierre, Raphaël, Charles-Pierre et Antoine-Pierre ainsi que sa sœur Noëlla, ses beaux-frères, ses belles-sœurs, ses neveux, ses nièces, ses cousins, ses cousines et de nombreux ami(e)s.</p>
<p>La famille a confié les arrangements aux services professionnels de la Maison Mallet &amp; fils du 585, boul. Laure à Sept-Îles, maintenant reconnue Distinction et membre de la Corporation des Thanatologues du Québec.</p>
<p>Vous pouvez consulter cet avis de décès, sur le <a href="https://nouveau.maisonmallet.com">www.maisonmallet.com</a></p>
<p>Ceux et celles qui le désirent, peuvent y envoyer des messages de sympathie.</p>
<p>&nbsp;</p>
<hr />
<p>Envoyer vos condoléances</p>
<p>[contact-form to= »asbellefleur007@gmail.com » subject= »Condoléances Dominique-Pierre Mark »][contact-field label= »Votre nom » type= »name » required= »1&Prime;][contact-field label= »Votre courriel » type= »email » required= »1&Prime;][contact-field label= »Condoléances » type= »textarea »][/contact-form]</p>
