{"id":50154,"date":"2024-04-28T22:07:11","date_gmt":"2024-04-29T02:07:11","guid":{"rendered":"https:\/\/nouveau.maisonmallet.com\/?post_type=event&#038;p=50154"},"modified":"2024-07-01T11:00:00","modified_gmt":"2024-07-01T15:00:00","slug":"hamilton-eliette","status":"publish","type":"event","link":"https:\/\/nouveau.maisonmallet.com\/back05_01\/?event=hamilton-eliette","title":{"rendered":"HAMILTON, Eliette"},"content":{"rendered":"<p>Le Complexe Thanatologique Mallet &amp; fils a le regret de vous annoncer le d\u00e9c\u00e8s de<\/p>\n<p>&nbsp;<\/p>\n<p>Eliette Hamilton<\/p>\n<p>1944- 2024<\/p>\n<p>&nbsp;<\/p>\n<p>\u00c0 Port-Cartier, le 28 avril 2024, est d\u00e9c\u00e9d\u00e9e \u00e0 l\u2019\u00e2ge de 79 ans, madame Eliette Hamilton \u00e9pouse de feu Ghislain Roy et domicili\u00e9e \u00e0 Port-Cartier.<\/p>\n<p>Les fun\u00e9railles de madame Eliette Hamilton auront lieu le vendredi 17 mai 2024 \u00e0 14 h en l\u2019\u00e9glise Sacr\u00e9-C\u0153ur situ\u00e9e au 38, rue Parent \u00e0 Port-Cartier et de l\u00e0 au Cimeti\u00e8re de Port-Cartier.<\/p>\n<p>Selon ses volont\u00e9s, elle a \u00e9t\u00e9 confi\u00e9e au cr\u00e9matorium de la Maison Mallet &amp; fils pour cr\u00e9mation.<\/p>\n<p>La famille re\u00e7oit parents et amis le vendredi 17 mai 2024 jour des fun\u00e9railles \u00e0 compter de 13 h \u00e0 l\u2019\u00e9glise Sacr\u00e9-C\u0153ur de Port-Cartier.<\/p>\n<p>Elle laisse dans le deuil son fils Bruno (Suzanne Dufour), ses filles\u00a0: Brenda (Robert Beaudin) et M\u00e9lanie (Ken Langevin), ses petits-fils\u00a0: Jonathan (Modelsa Potvin), Gabriel et Micha\u00ebl (St\u00e9phanie Giasson), ses petites-filles\u00a0: M\u00e9gane (Enrick Charest) et Daphn\u00e9e, ses arri\u00e8re-petits-fils Liel et Aggian ainsi que ses fr\u00e8res\u00a0: Jean-Louis (Nicole Lamontagne), Georges (Danielle Blanchette), Jacques et R\u00e9jean (Sylvie Boucher), ses neveux, ses ni\u00e8ces, ses cousins, ses cousines et de nombreux ami(e)s.<\/p>\n<p>La famille a confi\u00e9 la direction des fun\u00e9railles aux services professionnels de la maison Mallet &amp; fils du 57, route 138 \u00e0 Port-Cartier, maintenant reconnue Distinction et membre de la Corporation des Thanatologues du Qu\u00e9bec.<\/p>\n<p>Vous pouvez consulter cet avis de d\u00e9c\u00e8s, sur le\u00a0<a href=\"https:\/\/nouveau.maisonmallet.com\/\">www.maisonmallet.com<\/a><\/p>\n<p>Ceux et celles qui le d\u00e9sirent, peuvent y envoyer des messages de sympathie.<\/p>\n<hr \/>\n<p>Envoyer vos condol\u00e9ances<\/p>\n<p>[contact-form to=\u00a0\u00bbmarc@maisonmallet.com\u00a0\u00bb subject=\u00a0\u00bbCondol\u00e9ances Eliette Hamilton\u00a0\u00bb][contact-field label=\u00a0\u00bbVotre nom\u00a0\u00bb type=\u00a0\u00bbname\u00a0\u00bb required=\u00a0\u00bb1&Prime;][contact-field label=\u00a0\u00bbVotre courriel\u00a0\u00bb type=\u00a0\u00bbemail\u00a0\u00bb required=\u00a0\u00bb1&Prime;][contact-field label=\u00a0\u00bbCondol\u00e9ances\u00a0\u00bb type=\u00a0\u00bbtextarea\u00a0\u00bb][\/contact-form]<\/p>\n","protected":false},"featured_media":50156,"template":"","event_cat":[6],"class_list":["post-50154","event","type-event","status-publish","has-post-thumbnail","hentry","event_cat-maison-mallet-et-fils-inc"],"_links":{"self":[{"href":"https:\/\/nouveau.maisonmallet.com\/back05_01\/index.php?rest_route=\/wp\/v2\/event\/50154","targetHints":{"allow":["GET"]}}],"collection":[{"href":"https:\/\/nouveau.maisonmallet.com\/back05_01\/index.php?rest_route=\/wp\/v2\/event"}],"about":[{"href":"https:\/\/nouveau.maisonmallet.com\/back05_01\/index.php?rest_route=\/wp\/v2\/types\/event"}],"wp:featuredmedia":[{"embeddable":true,"href":"https:\/\/nouveau.maisonmallet.com\/back05_01\/index.php?rest_route=\/wp\/v2\/media\/50156"}],"wp:attachment":[{"href":"https:\/\/nouveau.maisonmallet.com\/back05_01\/index.php?rest_route=%2Fwp%2Fv2%2Fmedia&parent=50154"}],"wp:term":[{"taxonomy":"event_cat","embeddable":true,"href":"https:\/\/nouveau.maisonmallet.com\/back05_01\/index.php?rest_route=%2Fwp%2Fv2%2Fevent_cat&post=50154"}],"curies":[{"name":"wp","href":"https:\/\/api.w.org\/{rel}","templated":true}]}}

<p>Le Complexe Thanatologique Mallet &amp; fils a le regret de vous annoncer le décès de</p>
<p>&nbsp;</p>
<p>Eliette Hamilton</p>
<p>1944- 2024</p>
<p>&nbsp;</p>
<p>À Port-Cartier, le 28 avril 2024, est décédée à l’âge de 79 ans, madame Eliette Hamilton épouse de feu Ghislain Roy et domiciliée à Port-Cartier.</p>
<p>Les funérailles de madame Eliette Hamilton auront lieu le vendredi 17 mai 2024 à 14 h en l’église Sacré-Cœur située au 38, rue Parent à Port-Cartier et de là au Cimetière de Port-Cartier.</p>
<p>Selon ses volontés, elle a été confiée au crématorium de la Maison Mallet &amp; fils pour crémation.</p>
<p>La famille reçoit parents et amis le vendredi 17 mai 2024 jour des funérailles à compter de 13 h à l’église Sacré-Cœur de Port-Cartier.</p>
<p>Elle laisse dans le deuil son fils Bruno (Suzanne Dufour), ses filles : Brenda (Robert Beaudin) et Mélanie (Ken Langevin), ses petits-fils : Jonathan (Modelsa Potvin), Gabriel et Michaël (Stéphanie Giasson), ses petites-filles : Mégane (Enrick Charest) et Daphnée, ses arrière-petits-fils Liel et Aggian ainsi que ses frères : Jean-Louis (Nicole Lamontagne), Georges (Danielle Blanchette), Jacques et Réjean (Sylvie Boucher), ses neveux, ses nièces, ses cousins, ses cousines et de nombreux ami(e)s.</p>
<p>La famille a confié la direction des funérailles aux services professionnels de la maison Mallet &amp; fils du 57, route 138 à Port-Cartier, maintenant reconnue Distinction et membre de la Corporation des Thanatologues du Québec.</p>
<p>Vous pouvez consulter cet avis de décès, sur le <a href="https://nouveau.maisonmallet.com/">www.maisonmallet.com</a></p>
<p>Ceux et celles qui le désirent, peuvent y envoyer des messages de sympathie.</p>
<hr />
<p>Envoyer vos condoléances</p>
<p>[contact-form to= »marc@maisonmallet.com » subject= »Condoléances Eliette Hamilton »][contact-field label= »Votre nom » type= »name » required= »1&Prime;][contact-field label= »Votre courriel » type= »email » required= »1&Prime;][contact-field label= »Condoléances » type= »textarea »][/contact-form]</p>
