{"id":50155,"date":"2024-04-11T15:08:09","date_gmt":"2024-04-11T19:08:09","guid":{"rendered":"https:\/\/nouveau.maisonmallet.com\/?post_type=event&#038;p=50155"},"modified":"2024-07-01T10:59:28","modified_gmt":"2024-07-01T14:59:28","slug":"levesque-gerard-belou","status":"publish","type":"event","link":"https:\/\/nouveau.maisonmallet.com\/back05_01\/?event=levesque-gerard-belou","title":{"rendered":"LEVESQUE, G\u00e9rard (Belou)"},"content":{"rendered":"<p>Le Complexe Thanatologique Mallet &amp; fils a le regret de vous annoncer le d\u00e9c\u00e8s de<\/p>\n<p>G\u00e9rard (Belou) Levesque<\/p>\n<p>1938 &#8211; 2024<\/p>\n<p>&nbsp;<\/p>\n<p>\u00c0 Sept-\u00celes (maison \u00c9lyme des sables), le 11 avril 2024, est d\u00e9c\u00e9d\u00e9 \u00e0 l\u2019\u00e2ge de 86 ans, monsieur G\u00e9rard (Belou) Levesque \u00e9poux de feu Vivian Richards et domicili\u00e9 \u00e0 Sept-\u00celes.<\/p>\n<p>Les fun\u00e9railles de monsieur G\u00e9rard (Belou) Levesque auront lieu le lundi 13 mai 2024 \u00e0 10 h en l\u2019\u00e9glise St-Joseph situ\u00e9e au 535, ave. Brochu \u00e0 Sept-\u00celes et de l\u00e0 au Cimeti\u00e8re Catholique de Sept-\u00celes.<\/p>\n<p>La famille re\u00e7oit parents et amis le dimanche 12 mai 2024 de 13 h \u00e0 16 h et de 19 h \u00e0 22 h. Le lundi 13 mai 2024 jour des fun\u00e9railles \u00e0 compter de 8 h 30 au Complexe Thanatologique Mallet &amp; fils du 585 Boul. Laure \u00e0 Sept-\u00celes.<\/p>\n<p>Il laisse dans le deuil son fils\u00a0: Michel (Marie-France Boudreau), sa fille France (Pierre D\u2019Astou), ses petites-filles\u00a0: M\u00e9lanie (Guillaume Pellerin) et Pascale (Maxime Isabelle), son petit-fils Fr\u00e9d\u00e9ric, ses arri\u00e8re-petites-filles\u00a0: Victoria, Lauralie et Julianna, ses arri\u00e8re-petits-fils\u00a0: Liham et Kyle ainsi que ses belles-s\u0153urs\u00a0: Lauraine et Murielle, ses neveux, ses ni\u00e8ces et de nombreux ami(e)s.<\/p>\n<p>Vos marques de sympathie peuvent se traduire par un don \u00e0 l\u2019\u00c9lyme des sables <a href=\"http:\/\/www.elymedessables.com\">www.elymedessables.com<\/a><\/p>\n<p>La famille a confi\u00e9 la direction des fun\u00e9railles aux services professionnels de la Maison Mallet &amp; fils du 585 boul. Laure \u00e0 Sept-\u00celes, maintenant reconnue Distinction et membre de la Corporation des Thanatologues du Qu\u00e9bec.<\/p>\n<p>Vous pouvez consulter cet avis de d\u00e9c\u00e8s sur le <a href=\"https:\/\/nouveau.maisonmallet.com\">www.maisonmallet.com<\/a><\/p>\n<p>Ceux et celles qui le d\u00e9sirent, peuvent y envoyer des messages de sympathie.<\/p>\n<hr \/>\n<p>Envoyer vos condol\u00e9ances<\/p>\n<p>[contact-form to=\u00a0\u00bbbeloujr@hotmail.com\u00a0\u00bb subject=\u00a0\u00bbCondol\u00e9ances G\u00e9rard Levesque\u00a0\u00bb][contact-field label=\u00a0\u00bbVotre nom\u00a0\u00bb type=\u00a0\u00bbname\u00a0\u00bb required=\u00a0\u00bb1&Prime;][contact-field label=\u00a0\u00bbVotre courriel\u00a0\u00bb type=\u00a0\u00bbemail\u00a0\u00bb required=\u00a0\u00bb1&Prime;][contact-field label=\u00a0\u00bbCondol\u00e9ances\u00a0\u00bb type=\u00a0\u00bbtextarea\u00a0\u00bb][\/contact-form]<\/p>\n","protected":false},"featured_media":50172,"template":"","event_cat":[6],"class_list":["post-50155","event","type-event","status-publish","has-post-thumbnail","hentry","event_cat-maison-mallet-et-fils-inc"],"_links":{"self":[{"href":"https:\/\/nouveau.maisonmallet.com\/back05_01\/index.php?rest_route=\/wp\/v2\/event\/50155","targetHints":{"allow":["GET"]}}],"collection":[{"href":"https:\/\/nouveau.maisonmallet.com\/back05_01\/index.php?rest_route=\/wp\/v2\/event"}],"about":[{"href":"https:\/\/nouveau.maisonmallet.com\/back05_01\/index.php?rest_route=\/wp\/v2\/types\/event"}],"wp:featuredmedia":[{"embeddable":true,"href":"https:\/\/nouveau.maisonmallet.com\/back05_01\/index.php?rest_route=\/wp\/v2\/media\/50172"}],"wp:attachment":[{"href":"https:\/\/nouveau.maisonmallet.com\/back05_01\/index.php?rest_route=%2Fwp%2Fv2%2Fmedia&parent=50155"}],"wp:term":[{"taxonomy":"event_cat","embeddable":true,"href":"https:\/\/nouveau.maisonmallet.com\/back05_01\/index.php?rest_route=%2Fwp%2Fv2%2Fevent_cat&post=50155"}],"curies":[{"name":"wp","href":"https:\/\/api.w.org\/{rel}","templated":true}]}}

LEVESQUE, Gérard (Belou)

<p>Le Complexe Thanatologique Mallet &amp; fils a le regret de vous annoncer le décès de</p>
<p>Gérard (Belou) Levesque</p>
<p>1938 &#8211; 2024</p>
<p>&nbsp;</p>
<p>À Sept-Îles (maison Élyme des sables), le 11 avril 2024, est décédé à l’âge de 86 ans, monsieur Gérard (Belou) Levesque époux de feu Vivian Richards et domicilié à Sept-Îles.</p>
<p>Les funérailles de monsieur Gérard (Belou) Levesque auront lieu le lundi 13 mai 2024 à 10 h en l’église St-Joseph située au 535, ave. Brochu à Sept-Îles et de là au Cimetière Catholique de Sept-Îles.</p>
<p>La famille reçoit parents et amis le dimanche 12 mai 2024 de 13 h à 16 h et de 19 h à 22 h. Le lundi 13 mai 2024 jour des funérailles à compter de 8 h 30 au Complexe Thanatologique Mallet &amp; fils du 585 Boul. Laure à Sept-Îles.</p>
<p>Il laisse dans le deuil son fils : Michel (Marie-France Boudreau), sa fille France (Pierre D’Astou), ses petites-filles : Mélanie (Guillaume Pellerin) et Pascale (Maxime Isabelle), son petit-fils Frédéric, ses arrière-petites-filles : Victoria, Lauralie et Julianna, ses arrière-petits-fils : Liham et Kyle ainsi que ses belles-sœurs : Lauraine et Murielle, ses neveux, ses nièces et de nombreux ami(e)s.</p>
<p>Vos marques de sympathie peuvent se traduire par un don à l’Élyme des sables <a href="http://www.elymedessables.com">www.elymedessables.com</a></p>
<p>La famille a confié la direction des funérailles aux services professionnels de la Maison Mallet &amp; fils du 585 boul. Laure à Sept-Îles, maintenant reconnue Distinction et membre de la Corporation des Thanatologues du Québec.</p>
<p>Vous pouvez consulter cet avis de décès sur le <a href="https://nouveau.maisonmallet.com">www.maisonmallet.com</a></p>
<p>Ceux et celles qui le désirent, peuvent y envoyer des messages de sympathie.</p>
<hr />
<p>Envoyer vos condoléances</p>
<p>[contact-form to= »beloujr@hotmail.com » subject= »Condoléances Gérard Levesque »][contact-field label= »Votre nom » type= »name » required= »1&Prime;][contact-field label= »Votre courriel » type= »email » required= »1&Prime;][contact-field label= »Condoléances » type= »textarea »][/contact-form]</p>
