{"id":50192,"date":"2024-05-03T10:45:13","date_gmt":"2024-05-03T14:45:13","guid":{"rendered":"https:\/\/nouveau.maisonmallet.com\/?post_type=event&#038;p=50192"},"modified":"2024-07-01T10:58:22","modified_gmt":"2024-07-01T14:58:22","slug":"petitpas-ida","status":"publish","type":"event","link":"https:\/\/nouveau.maisonmallet.com\/back05_01\/?event=petitpas-ida","title":{"rendered":"PETITPAS, Ida"},"content":{"rendered":"<p>La Maison L.J.G. Mallet a le regret de vous annoncer le d\u00e9c\u00e8s de<\/p>\n<p>&nbsp;<\/p>\n<p>Ida Petitpas<\/p>\n<p>1957 \u2013 2024<\/p>\n<p>&nbsp;<\/p>\n<p>\u00c0 Havre Saint-Pierre, le 3 mai 2024, est d\u00e9c\u00e9d\u00e9e \u00e0 l\u2019\u00e2ge de 67 ans, madame Ida Petitpas, \u00e9pouse de monsieur Alain Jomphe et domicili\u00e9e \u00e0 Havre Saint-Pierre.<\/p>\n<p>Les fun\u00e9railles de madame Ida Petitpas auront lieu le jeudi 16 mai 2024 \u00e0 16 h en l\u2019\u00e9glise St-Pierre de Havre Saint-Pierre et de l\u00e0 au cimeti\u00e8re de Havre Saint-Pierre.<\/p>\n<p>Selon ses volont\u00e9s, elle a \u00e9t\u00e9 confi\u00e9e au cr\u00e9matorium de la Maison L.J.G. Mallet pour cr\u00e9mation.<\/p>\n<p>La famille re\u00e7oit parents et amis le jeudi 16 mai 2024, jour des fun\u00e9railles, \u00e0 compter de 15 h \u00e0 l\u2019\u00e9glise St-Pierre de Havre Saint-Pierre.<\/p>\n<p>Elle laisse dans le deuil, outre son \u00e9poux, monsieur Alain Jomphe, son fils Carl (Cynthia Barriault), sa fille Isabel (Billy Paquet), ses petits-enfants : Mathis, William, Dylan, Liam et Ma\u00ebva ainsi que ses fr\u00e8res : Julien-Marie (Pauline Lapierre) et Denis (Agatha Joncas), ses s\u0153urs : Aline (feu L\u00e9on Arseneault) et Danielle (Jocelyn Cyr), ses beaux-fr\u00e8res : Richard (Raymonde Boudreault), Ga\u00e9tan, Mario et Roch, ses belles-s\u0153urs : Denise (Donald Fortin) et Jacinthe (Pierre Lalonde), ses neveux, ses ni\u00e8ces, ses cousins, ses cousines et de nombreux ami(e)s.<\/p>\n<p>Elle \u00e9tait la s\u0153ur de feu Jules, feu Ginette, feu Yvon et de feu Pierre-Paul, la belle-s\u0153ur de feu Nicole.<\/p>\n<p>La famille d\u00e9sire remercier le personnel soignant qui ont su prendre soins d\u2019elle durant son court s\u00e9jour au Centre de Sant\u00e9 de Havre Saint-Pierre, plus particuli\u00e8rement les m\u00e9decins, les infirmi\u00e8res et les infirmiers.<\/p>\n<p>Vos marques de sympathie peuvent se traduire par un don la Fondation des maladies du c\u0153ur et de l\u2019AVC <a href=\"http:\/\/www.coeuretavc.ca\">www.coeuretavc.ca<\/a><\/p>\n<p>La famille a confi\u00e9 la direction des fun\u00e9railles aux services professionnels de la Maison L.J.G. Mallet du 1429, rue du Canot \u00e0 Havre Saint-Pierre, maintenant reconnue Distinction et membre de la Corporation des Thanatologues du Qu\u00e9bec.<\/p>\n<p>Vous pouvez consulter cet avis de d\u00e9c\u00e8s sur le\u00a0<a href=\"https:\/\/nouveau.maisonmallet.com\">www.maisonmallet.com<\/a><\/p>\n<p>Ceux et celles qui le d\u00e9sirent, peuvent y envoyer des messages de sympathie.<\/p>\n<hr \/>\n<p>Envoyer vos condol\u00e9ances<\/p>\n<p>[contact-form to=\u00a0\u00bbcarlrx8@hotmail.com\u00a0\u00bb subject=\u00a0\u00bbCondol\u00e9ances Ida Petitpas\u00a0\u00bb][contact-field label=\u00a0\u00bbVotre nom\u00a0\u00bb type=\u00a0\u00bbname\u00a0\u00bb required=\u00a0\u00bb1&Prime;][contact-field label=\u00a0\u00bbVotre courriel\u00a0\u00bb type=\u00a0\u00bbemail\u00a0\u00bb required=\u00a0\u00bb1&Prime;][contact-field label=\u00a0\u00bbCondol\u00e9ances\u00a0\u00bb type=\u00a0\u00bbtextarea\u00a0\u00bb][\/contact-form]<\/p>\n","protected":false},"featured_media":50212,"template":"","event_cat":[6],"class_list":["post-50192","event","type-event","status-publish","has-post-thumbnail","hentry","event_cat-maison-mallet-et-fils-inc"],"_links":{"self":[{"href":"https:\/\/nouveau.maisonmallet.com\/back05_01\/index.php?rest_route=\/wp\/v2\/event\/50192","targetHints":{"allow":["GET"]}}],"collection":[{"href":"https:\/\/nouveau.maisonmallet.com\/back05_01\/index.php?rest_route=\/wp\/v2\/event"}],"about":[{"href":"https:\/\/nouveau.maisonmallet.com\/back05_01\/index.php?rest_route=\/wp\/v2\/types\/event"}],"wp:featuredmedia":[{"embeddable":true,"href":"https:\/\/nouveau.maisonmallet.com\/back05_01\/index.php?rest_route=\/wp\/v2\/media\/50212"}],"wp:attachment":[{"href":"https:\/\/nouveau.maisonmallet.com\/back05_01\/index.php?rest_route=%2Fwp%2Fv2%2Fmedia&parent=50192"}],"wp:term":[{"taxonomy":"event_cat","embeddable":true,"href":"https:\/\/nouveau.maisonmallet.com\/back05_01\/index.php?rest_route=%2Fwp%2Fv2%2Fevent_cat&post=50192"}],"curies":[{"name":"wp","href":"https:\/\/api.w.org\/{rel}","templated":true}]}}

<p>La Maison L.J.G. Mallet a le regret de vous annoncer le décès de</p>
<p>&nbsp;</p>
<p>Ida Petitpas</p>
<p>1957 – 2024</p>
<p>&nbsp;</p>
<p>À Havre Saint-Pierre, le 3 mai 2024, est décédée à l’âge de 67 ans, madame Ida Petitpas, épouse de monsieur Alain Jomphe et domiciliée à Havre Saint-Pierre.</p>
<p>Les funérailles de madame Ida Petitpas auront lieu le jeudi 16 mai 2024 à 16 h en l’église St-Pierre de Havre Saint-Pierre et de là au cimetière de Havre Saint-Pierre.</p>
<p>Selon ses volontés, elle a été confiée au crématorium de la Maison L.J.G. Mallet pour crémation.</p>
<p>La famille reçoit parents et amis le jeudi 16 mai 2024, jour des funérailles, à compter de 15 h à l’église St-Pierre de Havre Saint-Pierre.</p>
<p>Elle laisse dans le deuil, outre son époux, monsieur Alain Jomphe, son fils Carl (Cynthia Barriault), sa fille Isabel (Billy Paquet), ses petits-enfants : Mathis, William, Dylan, Liam et Maëva ainsi que ses frères : Julien-Marie (Pauline Lapierre) et Denis (Agatha Joncas), ses sœurs : Aline (feu Léon Arseneault) et Danielle (Jocelyn Cyr), ses beaux-frères : Richard (Raymonde Boudreault), Gaétan, Mario et Roch, ses belles-sœurs : Denise (Donald Fortin) et Jacinthe (Pierre Lalonde), ses neveux, ses nièces, ses cousins, ses cousines et de nombreux ami(e)s.</p>
<p>Elle était la sœur de feu Jules, feu Ginette, feu Yvon et de feu Pierre-Paul, la belle-sœur de feu Nicole.</p>
<p>La famille désire remercier le personnel soignant qui ont su prendre soins d’elle durant son court séjour au Centre de Santé de Havre Saint-Pierre, plus particulièrement les médecins, les infirmières et les infirmiers.</p>
<p>Vos marques de sympathie peuvent se traduire par un don la Fondation des maladies du cœur et de l’AVC <a href="http://www.coeuretavc.ca">www.coeuretavc.ca</a></p>
<p>La famille a confié la direction des funérailles aux services professionnels de la Maison L.J.G. Mallet du 1429, rue du Canot à Havre Saint-Pierre, maintenant reconnue Distinction et membre de la Corporation des Thanatologues du Québec.</p>
<p>Vous pouvez consulter cet avis de décès sur le <a href="https://nouveau.maisonmallet.com">www.maisonmallet.com</a></p>
<p>Ceux et celles qui le désirent, peuvent y envoyer des messages de sympathie.</p>
<hr />
<p>Envoyer vos condoléances</p>
<p>[contact-form to= »carlrx8@hotmail.com » subject= »Condoléances Ida Petitpas »][contact-field label= »Votre nom » type= »name » required= »1&Prime;][contact-field label= »Votre courriel » type= »email » required= »1&Prime;][contact-field label= »Condoléances » type= »textarea »][/contact-form]</p>
