{"id":50211,"date":"2024-05-02T12:52:44","date_gmt":"2024-05-02T16:52:44","guid":{"rendered":"https:\/\/nouveau.maisonmallet.com\/?post_type=event&#038;p=50211"},"modified":"2024-05-13T14:20:55","modified_gmt":"2024-05-13T18:20:55","slug":"dionne-gerald","status":"publish","type":"event","link":"https:\/\/nouveau.maisonmallet.com\/back05_01\/?event=dionne-gerald","title":{"rendered":"DIONNE, G\u00e9rald"},"content":{"rendered":"<p>Le Complexe Thanatologique Mallet &amp; fils a le regret de vous annoncer le d\u00e9c\u00e8s de<\/p>\n<p>G\u00e9rald Dionne<\/p>\n<p>1953 \u2013 2024<\/p>\n<p>&nbsp;<\/p>\n<p>\u00c0 Sept-\u00celes, le 2 mai 2024, est d\u00e9c\u00e9d\u00e9 \u00e0 l\u2019\u00e2ge de 70 ans, monsieur G\u00e9rald Dionne conjoint de madame Marie Martel et domicili\u00e9 \u00e0 Sept-\u00celes.<\/p>\n<p>Les fun\u00e9railles de monsieur G\u00e9rald Dionne auront lieu, le vendredi 10 mai 2024 \u00e0 10 h en l\u2019\u00e9glise Marie-Immacul\u00e9e situ\u00e9e au 180, rue Papineau \u00e0 Sept-\u00celes.<\/p>\n<p>La famille re\u00e7oit parents et amis, le jeudi 9 mai 2024 de 19 h \u00e0 22 h \u00a0au Complexe Thanatologique Mallet &amp; fils du 585 Boul. Laure \u00e0 Sept-\u00celes.<\/p>\n<p>Il laisse dans le deuil outre sa conjointe madame Marie Martel, sa fille St\u00e9phanie (sa m\u00e8re Anne Cyr), son fr\u00e8re Jean-Guy (Ren\u00e9e Roy), sa s\u0153ur Sylvie (feu Daniel Dumouchel) ainsi que ses beaux-fr\u00e8res, ses belles-s\u0153urs, ses neveux, ses ni\u00e8ces et de nombreux ami(e)s.<\/p>\n<p>Il \u00e9tait le fr\u00e8re de feu R\u00e9jean Dionne.<\/p>\n<p>Vos marques de sympathie peuvent se traduire par un don \u00e0 la fondation Canadienne du rein <a href=\"http:\/\/www.reinquebec.ca\">www.reinquebec.ca<\/a><\/p>\n<p>La famille a confi\u00e9 la direction des fun\u00e9railles aux services professionnels de la Maison Mallet &amp; fils du 585, boul. Laure \u00e0 Sept-\u00celes, maintenant reconnue Distinction et membre de la Corporation des Thanatologues du Qu\u00e9bec.<\/p>\n<p>Vous pouvez consulter cet avis de d\u00e9c\u00e8s sur le\u00a0: <a href=\"https:\/\/nouveau.maisonmallet.com\">www.maisonmallet.com<\/a><\/p>\n<p>Ceux et celles qui le d\u00e9sirent, peuvent y envoyer des messages de sympathie.<\/p>\n<p>&nbsp;<\/p>\n<hr \/>\n<p>Envoyer vos condol\u00e9ances<\/p>\n<p>[contact-form to=\u00a0\u00bbstephdionnegtr35@gmail.com\u00a0\u00bb subject=\u00a0\u00bbCondol\u00e9ances G\u00e9rard Dionne\u00a0\u00bb][contact-field label=\u00a0\u00bbVotre nom\u00a0\u00bb type=\u00a0\u00bbname\u00a0\u00bb required=\u00a0\u00bb1&Prime;][contact-field label=\u00a0\u00bbVotre courriel\u00a0\u00bb type=\u00a0\u00bbemail\u00a0\u00bb required=\u00a0\u00bb1&Prime;][contact-field label=\u00a0\u00bbCondol\u00e9ances\u00a0\u00bb type=\u00a0\u00bbtextarea\u00a0\u00bb][\/contact-form]<\/p>\n","protected":false},"featured_media":50236,"template":"","event_cat":[6],"class_list":["post-50211","event","type-event","status-publish","has-post-thumbnail","hentry","event_cat-maison-mallet-et-fils-inc"],"_links":{"self":[{"href":"https:\/\/nouveau.maisonmallet.com\/back05_01\/index.php?rest_route=\/wp\/v2\/event\/50211","targetHints":{"allow":["GET"]}}],"collection":[{"href":"https:\/\/nouveau.maisonmallet.com\/back05_01\/index.php?rest_route=\/wp\/v2\/event"}],"about":[{"href":"https:\/\/nouveau.maisonmallet.com\/back05_01\/index.php?rest_route=\/wp\/v2\/types\/event"}],"wp:featuredmedia":[{"embeddable":true,"href":"https:\/\/nouveau.maisonmallet.com\/back05_01\/index.php?rest_route=\/wp\/v2\/media\/50236"}],"wp:attachment":[{"href":"https:\/\/nouveau.maisonmallet.com\/back05_01\/index.php?rest_route=%2Fwp%2Fv2%2Fmedia&parent=50211"}],"wp:term":[{"taxonomy":"event_cat","embeddable":true,"href":"https:\/\/nouveau.maisonmallet.com\/back05_01\/index.php?rest_route=%2Fwp%2Fv2%2Fevent_cat&post=50211"}],"curies":[{"name":"wp","href":"https:\/\/api.w.org\/{rel}","templated":true}]}}

DIONNE, Gérald

<p>Le Complexe Thanatologique Mallet &amp; fils a le regret de vous annoncer le décès de</p>
<p>Gérald Dionne</p>
<p>1953 – 2024</p>
<p>&nbsp;</p>
<p>À Sept-Îles, le 2 mai 2024, est décédé à l’âge de 70 ans, monsieur Gérald Dionne conjoint de madame Marie Martel et domicilié à Sept-Îles.</p>
<p>Les funérailles de monsieur Gérald Dionne auront lieu, le vendredi 10 mai 2024 à 10 h en l’église Marie-Immaculée située au 180, rue Papineau à Sept-Îles.</p>
<p>La famille reçoit parents et amis, le jeudi 9 mai 2024 de 19 h à 22 h  au Complexe Thanatologique Mallet &amp; fils du 585 Boul. Laure à Sept-Îles.</p>
<p>Il laisse dans le deuil outre sa conjointe madame Marie Martel, sa fille Stéphanie (sa mère Anne Cyr), son frère Jean-Guy (Renée Roy), sa sœur Sylvie (feu Daniel Dumouchel) ainsi que ses beaux-frères, ses belles-sœurs, ses neveux, ses nièces et de nombreux ami(e)s.</p>
<p>Il était le frère de feu Réjean Dionne.</p>
<p>Vos marques de sympathie peuvent se traduire par un don à la fondation Canadienne du rein <a href="http://www.reinquebec.ca">www.reinquebec.ca</a></p>
<p>La famille a confié la direction des funérailles aux services professionnels de la Maison Mallet &amp; fils du 585, boul. Laure à Sept-Îles, maintenant reconnue Distinction et membre de la Corporation des Thanatologues du Québec.</p>
<p>Vous pouvez consulter cet avis de décès sur le : <a href="https://nouveau.maisonmallet.com">www.maisonmallet.com</a></p>
<p>Ceux et celles qui le désirent, peuvent y envoyer des messages de sympathie.</p>
<p>&nbsp;</p>
<hr />
<p>Envoyer vos condoléances</p>
<p>[contact-form to= »stephdionnegtr35@gmail.com » subject= »Condoléances Gérard Dionne »][contact-field label= »Votre nom » type= »name » required= »1&Prime;][contact-field label= »Votre courriel » type= »email » required= »1&Prime;][contact-field label= »Condoléances » type= »textarea »][/contact-form]</p>
