{"id":50481,"date":"2024-05-11T18:40:05","date_gmt":"2024-05-11T22:40:05","guid":{"rendered":"https:\/\/nouveau.maisonmallet.com\/?post_type=event&#038;p=50481"},"modified":"2024-07-01T10:54:12","modified_gmt":"2024-07-01T14:54:12","slug":"fournier-edith","status":"publish","type":"event","link":"https:\/\/nouveau.maisonmallet.com\/back05_01\/?event=fournier-edith","title":{"rendered":"FOURNIER, Edith"},"content":{"rendered":"<p>La Maison L.J.G. Mallet a le regret de vous annoncer le d\u00e9c\u00e8s de<\/p>\n<p>&nbsp;<\/p>\n<p>Edith Fournier<\/p>\n<p>1927 \u2013 2024<\/p>\n<p>&nbsp;<\/p>\n<p>\u00c0 Havre Saint-Pierre, le 11 mai 2024, est d\u00e9c\u00e9d\u00e9e \u00e0 l\u2019\u00e2ge de 96 ans et 3 mois madame Edith Fournier \u00e9pouse de feu Jacques Vigneault et domicili\u00e9e \u00e0 Havre Saint-Pierre.<\/p>\n<p>Les fun\u00e9railles de madame Edith Fournier auront lieu le samedi 25 mai 2024 \u00e0 11 h en l\u2019\u00e9glise Saint-Pierre de Havre Saint-Pierre et de l\u00e0 au cimeti\u00e8re de l\u2019endroit.<\/p>\n<p>La famille re\u00e7oit parents et amis le vendredi 24 mai 2024 de 19 h \u00e0 22 h. Le samedi 25 mai 2024 jour des fun\u00e9railles \u00e0 compter de 10 h au salon de la Maison L.J.G. Mallet du 1429, rue du Canot \u00e0 Havre Saint-Pierre.<\/p>\n<p>Elle laisse dans le deuil ses filles\u00a0: H\u00e9l\u00e8ne (Lucien Martin), Rosalie (Cl\u00e9ment Martin), Marjolaine (Alain Devost), Line et Julienne, ses fils\u00a0: Normand (Sylvie Boureau) et Julien (Sandra Gravel), ses onze petits-enfants, ses huit arri\u00e8re-petits-enfants ainsi que sa s\u0153ur Anne Marie, sa belle-s\u0153ur Julienne Beaudin, ses neveux, ses ni\u00e8ces et de nombreux ami(e)s.<\/p>\n<p>Elle \u00e9tait la m\u00e8re de feu Roger (Jacynthe Richard).<\/p>\n<p>Vos marques de sympathie peuvent se traduire par un don \u00e0 la fondation du centre de sant\u00e9 de la Minganie.<\/p>\n<p>La famille a confi\u00e9 la direction des fun\u00e9railles aux services professionnels de la Maison L.J.G. Mallet du 1429, rue du Canot \u00e0 Havre Saint-Pierre, maintenant reconnue Distinction et membre de la Corporation des Thanatologues du Qu\u00e9bec.<\/p>\n<p>Vous pouvez consulter cet avis de d\u00e9c\u00e8s sur le <a href=\"https:\/\/nouveau.maisonmallet.com\">www.maisonmallet.com<\/a><\/p>\n<p>Ceux et celles qui le d\u00e9sirent, peuvent y envoyer des messages de sympathie.<\/p>\n<hr \/>\n<p>Envoyer vos condol\u00e9ances<\/p>\n<p>[contact-form to=\u00a0\u00bbnormandvigneault2@gmail.com\u00a0\u00bb subject=\u00a0\u00bbCondol\u00e9ances Edith Fournier\u00a0\u00bb][contact-field label=\u00a0\u00bbVotre nom\u00a0\u00bb type=\u00a0\u00bbname\u00a0\u00bb required=\u00a0\u00bb1&Prime;][contact-field label=\u00a0\u00bbVotre courriel\u00a0\u00bb type=\u00a0\u00bbemail\u00a0\u00bb required=\u00a0\u00bb1&Prime;][contact-field label=\u00a0\u00bbCondol\u00e9ances\u00a0\u00bb type=\u00a0\u00bbtextarea\u00a0\u00bb][\/contact-form]<\/p>\n","protected":false},"featured_media":50482,"template":"","event_cat":[7],"class_list":["post-50481","event","type-event","status-publish","has-post-thumbnail","hentry","event_cat-maison-l-j-g-mallet-inc"],"_links":{"self":[{"href":"https:\/\/nouveau.maisonmallet.com\/back05_01\/index.php?rest_route=\/wp\/v2\/event\/50481","targetHints":{"allow":["GET"]}}],"collection":[{"href":"https:\/\/nouveau.maisonmallet.com\/back05_01\/index.php?rest_route=\/wp\/v2\/event"}],"about":[{"href":"https:\/\/nouveau.maisonmallet.com\/back05_01\/index.php?rest_route=\/wp\/v2\/types\/event"}],"wp:featuredmedia":[{"embeddable":true,"href":"https:\/\/nouveau.maisonmallet.com\/back05_01\/index.php?rest_route=\/wp\/v2\/media\/50482"}],"wp:attachment":[{"href":"https:\/\/nouveau.maisonmallet.com\/back05_01\/index.php?rest_route=%2Fwp%2Fv2%2Fmedia&parent=50481"}],"wp:term":[{"taxonomy":"event_cat","embeddable":true,"href":"https:\/\/nouveau.maisonmallet.com\/back05_01\/index.php?rest_route=%2Fwp%2Fv2%2Fevent_cat&post=50481"}],"curies":[{"name":"wp","href":"https:\/\/api.w.org\/{rel}","templated":true}]}}

<p>La Maison L.J.G. Mallet a le regret de vous annoncer le décès de</p>
<p>&nbsp;</p>
<p>Edith Fournier</p>
<p>1927 – 2024</p>
<p>&nbsp;</p>
<p>À Havre Saint-Pierre, le 11 mai 2024, est décédée à l’âge de 96 ans et 3 mois madame Edith Fournier épouse de feu Jacques Vigneault et domiciliée à Havre Saint-Pierre.</p>
<p>Les funérailles de madame Edith Fournier auront lieu le samedi 25 mai 2024 à 11 h en l’église Saint-Pierre de Havre Saint-Pierre et de là au cimetière de l’endroit.</p>
<p>La famille reçoit parents et amis le vendredi 24 mai 2024 de 19 h à 22 h. Le samedi 25 mai 2024 jour des funérailles à compter de 10 h au salon de la Maison L.J.G. Mallet du 1429, rue du Canot à Havre Saint-Pierre.</p>
<p>Elle laisse dans le deuil ses filles : Hélène (Lucien Martin), Rosalie (Clément Martin), Marjolaine (Alain Devost), Line et Julienne, ses fils : Normand (Sylvie Boureau) et Julien (Sandra Gravel), ses onze petits-enfants, ses huit arrière-petits-enfants ainsi que sa sœur Anne Marie, sa belle-sœur Julienne Beaudin, ses neveux, ses nièces et de nombreux ami(e)s.</p>
<p>Elle était la mère de feu Roger (Jacynthe Richard).</p>
<p>Vos marques de sympathie peuvent se traduire par un don à la fondation du centre de santé de la Minganie.</p>
<p>La famille a confié la direction des funérailles aux services professionnels de la Maison L.J.G. Mallet du 1429, rue du Canot à Havre Saint-Pierre, maintenant reconnue Distinction et membre de la Corporation des Thanatologues du Québec.</p>
<p>Vous pouvez consulter cet avis de décès sur le <a href="https://nouveau.maisonmallet.com">www.maisonmallet.com</a></p>
<p>Ceux et celles qui le désirent, peuvent y envoyer des messages de sympathie.</p>
<hr />
<p>Envoyer vos condoléances</p>
<p>[contact-form to= »normandvigneault2@gmail.com » subject= »Condoléances Edith Fournier »][contact-field label= »Votre nom » type= »name » required= »1&Prime;][contact-field label= »Votre courriel » type= »email » required= »1&Prime;][contact-field label= »Condoléances » type= »textarea »][/contact-form]</p>
