{"id":50483,"date":"2024-03-24T17:19:20","date_gmt":"2024-03-24T21:19:20","guid":{"rendered":"https:\/\/nouveau.maisonmallet.com\/?post_type=event&#038;p=50483"},"modified":"2024-07-01T10:53:46","modified_gmt":"2024-07-01T14:53:46","slug":"martin-alexis","status":"publish","type":"event","link":"https:\/\/nouveau.maisonmallet.com\/back05_01\/?event=martin-alexis","title":{"rendered":"MARTIN, Alexis"},"content":{"rendered":"<p>Le Complexe Thanatologique Mallet &amp; fils a le regret de vous annoncer le d\u00e9c\u00e8s de<\/p>\n<p>Alexis Martin<\/p>\n<p>1941 \u2013 2024<\/p>\n<p>&nbsp;<\/p>\n<p>\u00c0 Sept-\u00celes, le 24 mars 2024, est d\u00e9c\u00e9d\u00e9 \u00e0 l\u2019\u00e2ge de 83 ans, monsieur Alexis Martin \u00e9poux de madame Micheline Fournier et domicili\u00e9 \u00e0 Sept-\u00celes.<\/p>\n<p>Les fun\u00e9railles de monsieur Alexis Martin auront lieu le samedi 25 mai 2024 \u00e0 10 h 30 en l\u2019\u00e9glise St-Joseph situ\u00e9e au 535, ave. Brochu \u00e0 Sept-\u00celes.<\/p>\n<p>Selon ses volont\u00e9s, il a \u00e9t\u00e9 confi\u00e9 au cr\u00e9matorium de la maison Mallet &amp; fils pour cr\u00e9mation.<\/p>\n<p>La famille re\u00e7oit parents et amis le vendredi 24 mai 2024 de 13 h \u00e0 16 h et de 19 h \u00e0 22 h ainsi que le samedi 25 mai 2024 jour des fun\u00e9railles \u00e0 compter de 9 h au Complexe Thanatologique Mallet &amp; fils du 585 Boul. Laure \u00e0 Sept-\u00celes.<\/p>\n<p>Il laisse dans le deuil outre son \u00e9pouse madame Micheline Fournier, ses s\u0153urs\u00a0: Marie (Emmanuel Hamel), Ad\u00e8le et Alexina (Andr\u00e9 Duhamel), ses beaux-fr\u00e8res, ses belles-s\u0153urs, particuli\u00e8rement Michel Fournier (Nicole Vigneault) et Jocelyn Fournier (Fran\u00e7oise Boulianne), sa filleule Chantal, ses filleuls : Marco et Yannick ainsi que ses neveux, ses ni\u00e8ces, ses cousins, ses cousines et de nombreux ami(e)s.<\/p>\n<p>La famille tient \u00e0 remercier le personnel de RGG du 1<sup>er<\/sup> \u00e9tage pour les bons soins prodigu\u00e9s durant sa maladie.<\/p>\n<p>Vos marques de sympathie peuvent se traduire par un don la Fondation des maladies du c\u0153ur et de l\u2019AVC <a href=\"http:\/\/www.coeuretavc.ca\">www.coeuretavc.ca<\/a><\/p>\n<p>La famille a confi\u00e9 la direction des fun\u00e9railles aux services professionnels de la Maison Mallet &amp; fils du 585 boul. Laure \u00e0 Sept-\u00celes, maintenant reconnue Distinction et membre de la Corporation des Thanatologues du Qu\u00e9bec.<\/p>\n<p>Vous pouvez consulter cet avis de d\u00e9c\u00e8s sur le <a href=\"https:\/\/nouveau.maisonmallet.com\">www.maisonmallet.com<\/a><\/p>\n<p>Ceux et celles qui le d\u00e9sirent, peuvent y envoyer des messages de sympathie.<\/p>\n<p>&nbsp;<\/p>\n<hr \/>\n<p>Envoyer vos condol\u00e9ances<\/p>\n<p>[contact-form to=\u00a0\u00bbmichelinefournier51@icloud.com\u00a0\u00bb subject=\u00a0\u00bbCondol\u00e9ances Alexis Martin\u00a0\u00bb][contact-field label=\u00a0\u00bbVotre nom\u00a0\u00bb type=\u00a0\u00bbname\u00a0\u00bb required=\u00a0\u00bb1&Prime;][contact-field label=\u00a0\u00bbVotre courriel\u00a0\u00bb type=\u00a0\u00bbemail\u00a0\u00bb required=\u00a0\u00bb1&Prime;][contact-field label=\u00a0\u00bbCondol\u00e9ances\u00a0\u00bb type=\u00a0\u00bbtextarea\u00a0\u00bb][\/contact-form]<\/p>\n","protected":false},"featured_media":50508,"template":"","event_cat":[6],"class_list":["post-50483","event","type-event","status-publish","has-post-thumbnail","hentry","event_cat-maison-mallet-et-fils-inc"],"_links":{"self":[{"href":"https:\/\/nouveau.maisonmallet.com\/back05_01\/index.php?rest_route=\/wp\/v2\/event\/50483","targetHints":{"allow":["GET"]}}],"collection":[{"href":"https:\/\/nouveau.maisonmallet.com\/back05_01\/index.php?rest_route=\/wp\/v2\/event"}],"about":[{"href":"https:\/\/nouveau.maisonmallet.com\/back05_01\/index.php?rest_route=\/wp\/v2\/types\/event"}],"wp:featuredmedia":[{"embeddable":true,"href":"https:\/\/nouveau.maisonmallet.com\/back05_01\/index.php?rest_route=\/wp\/v2\/media\/50508"}],"wp:attachment":[{"href":"https:\/\/nouveau.maisonmallet.com\/back05_01\/index.php?rest_route=%2Fwp%2Fv2%2Fmedia&parent=50483"}],"wp:term":[{"taxonomy":"event_cat","embeddable":true,"href":"https:\/\/nouveau.maisonmallet.com\/back05_01\/index.php?rest_route=%2Fwp%2Fv2%2Fevent_cat&post=50483"}],"curies":[{"name":"wp","href":"https:\/\/api.w.org\/{rel}","templated":true}]}}

<p>Le Complexe Thanatologique Mallet &amp; fils a le regret de vous annoncer le décès de</p>
<p>Alexis Martin</p>
<p>1941 – 2024</p>
<p>&nbsp;</p>
<p>À Sept-Îles, le 24 mars 2024, est décédé à l’âge de 83 ans, monsieur Alexis Martin époux de madame Micheline Fournier et domicilié à Sept-Îles.</p>
<p>Les funérailles de monsieur Alexis Martin auront lieu le samedi 25 mai 2024 à 10 h 30 en l’église St-Joseph située au 535, ave. Brochu à Sept-Îles.</p>
<p>Selon ses volontés, il a été confié au crématorium de la maison Mallet &amp; fils pour crémation.</p>
<p>La famille reçoit parents et amis le vendredi 24 mai 2024 de 13 h à 16 h et de 19 h à 22 h ainsi que le samedi 25 mai 2024 jour des funérailles à compter de 9 h au Complexe Thanatologique Mallet &amp; fils du 585 Boul. Laure à Sept-Îles.</p>
<p>Il laisse dans le deuil outre son épouse madame Micheline Fournier, ses sœurs : Marie (Emmanuel Hamel), Adèle et Alexina (André Duhamel), ses beaux-frères, ses belles-sœurs, particulièrement Michel Fournier (Nicole Vigneault) et Jocelyn Fournier (Françoise Boulianne), sa filleule Chantal, ses filleuls : Marco et Yannick ainsi que ses neveux, ses nièces, ses cousins, ses cousines et de nombreux ami(e)s.</p>
<p>La famille tient à remercier le personnel de RGG du 1<sup>er</sup> étage pour les bons soins prodigués durant sa maladie.</p>
<p>Vos marques de sympathie peuvent se traduire par un don la Fondation des maladies du cœur et de l’AVC <a href="http://www.coeuretavc.ca">www.coeuretavc.ca</a></p>
<p>La famille a confié la direction des funérailles aux services professionnels de la Maison Mallet &amp; fils du 585 boul. Laure à Sept-Îles, maintenant reconnue Distinction et membre de la Corporation des Thanatologues du Québec.</p>
<p>Vous pouvez consulter cet avis de décès sur le <a href="https://nouveau.maisonmallet.com">www.maisonmallet.com</a></p>
<p>Ceux et celles qui le désirent, peuvent y envoyer des messages de sympathie.</p>
<p>&nbsp;</p>
<hr />
<p>Envoyer vos condoléances</p>
<p>[contact-form to= »michelinefournier51@icloud.com » subject= »Condoléances Alexis Martin »][contact-field label= »Votre nom » type= »name » required= »1&Prime;][contact-field label= »Votre courriel » type= »email » required= »1&Prime;][contact-field label= »Condoléances » type= »textarea »][/contact-form]</p>
