{"id":5075,"date":"2019-09-16T15:31:04","date_gmt":"2019-09-16T19:31:04","guid":{"rendered":"https:\/\/nouveau.maisonmallet.com\/?post_type=event&#038;p=5075"},"modified":"2019-09-17T22:25:09","modified_gmt":"2019-09-18T02:25:09","slug":"michelambroise-denise25031936","status":"publish","type":"event","link":"https:\/\/nouveau.maisonmallet.com\/back05_01\/?event=michelambroise-denise25031936","title":{"rendered":"MICHEL AMBROISE, Denise (Leblanc)"},"content":{"rendered":"<p>1936 \u2013 2019<\/p>\n<p>MICHEL AMBROISE, Denise (Leblanc)<\/p>\n<p>&nbsp;<\/p>\n<p>&nbsp;<\/p>\n<p>\u00c0 Sept-\u00celes (maison \u00c9lyme des Sables), le 16 septembre 2019, est d\u00e9c\u00e9d\u00e9e \u00e0 l\u2019\u00e2ge de 83 ans, madame Denise Michel Ambroise \u00e9pouse de monsieur Francis Leblanc et domicili\u00e9e \u00e0 Mani-Utenam.<\/p>\n<p>&nbsp;<\/p>\n<p>Les fun\u00e9railles de madame Denise Michel Ambroise Leblanc auront lieu le jeudi 19 septembre 2019 \u00e0 10 h en l\u2019\u00e9glise Notre-Dame du Cap situ\u00e9e au 139, rue de l\u2019\u00c9glise \u00e0 Mani-Utenam et de l\u00e0 au cimeti\u00e8re de Mani-Utenam.<\/p>\n<p>&nbsp;<\/p>\n<p>La famille re\u00e7oit parents et amis le mardi 17 septembre 2019 de 19 h \u00e0 22 h. Le mercredi 18 septembre 2019 de 13 h \u00e0 16 h et de 19 h \u00e0 22 h. Le jeudi 19 septembre 2019 jour des fun\u00e9railles \u00e0 compter de 8 h au Complexe Thanatologique Mallet &amp; fils du 585, boul. Laure \u00e0 Sept-\u00celes.<\/p>\n<p>&nbsp;<\/p>\n<p>Elle laisse dans le deuil outre son \u00e9poux monsieur Francis Leblanc, ses enfants\u00a0: R\u00e9al (Marie-Marthe Malec), Aline (Gilbert Mazerolle), Guylaine (Maurice Bolduc) et Nelson (Maryse Vollant Gr\u00e9goire), ses petits-enfants, ses arri\u00e8res petits-enfants, ainsi que ses s\u0153urs\u00a0: Yvette et \u00c9vangeline, son beau-fr\u00e8re Walter, ses belles-s\u0153urs\u00a0: Agn\u00e8s et Juliette, ses neveux, ses ni\u00e8ces, ses cousins, ses cousines et de nombreux ami(e)s.<\/p>\n<p>&nbsp;<\/p>\n<p>La famille a confi\u00e9 la direction des fun\u00e9railles aux services professionnels de la Maison Mallet &amp; fils du 585, boul. Laure \u00e0 Sept-\u00celes, maintenant reconnue Distinction et membre de la Corporation des Thanatologues du Qu\u00e9bec.<\/p>\n<p>&nbsp;<\/p>\n<p>Vous pouvez consulter cet avis de d\u00e9c\u00e8s, sur le <a href=\"https:\/\/nouveau.maisonmallet.com\/back05_01\/\">www.maisonmallet.com<\/a><\/p>\n<p>&nbsp;<\/p>\n<p>Ceux et celles qui le d\u00e9sirent, peuvent y envoyer des messages de sympathie.<\/p>\n<p>&nbsp;<\/p>\n<p>&nbsp;<\/p>\n<p>&nbsp;<\/p>\n<p>&nbsp;<\/p>\n<hr \/>\n<p>Envoyer vos condol\u00e9ances<\/p>\n<p>[contact-form to=\u00a0\u00bbrealeblanc@hotmail.com\u00a0\u00bb subject=\u00a0\u00bbCondol\u00e9ances Denise Michel Ambroise\u00a0\u00bb][contact-field label=\u00a0\u00bbVotre nom\u00a0\u00bb type=\u00a0\u00bbname\u00a0\u00bb required=\u00a0\u00bb1&Prime;][contact-field label=\u00a0\u00bbVotre courriel\u00a0\u00bb type=\u00a0\u00bbemail\u00a0\u00bb required=\u00a0\u00bb1&Prime;][contact-field label=\u00a0\u00bbCondol\u00e9ances\u00a0\u00bb type=\u00a0\u00bbtextarea\u00a0\u00bb][\/contact-form]<\/p>\n","protected":false},"featured_media":5134,"template":"","event_cat":[6],"class_list":["post-5075","event","type-event","status-publish","has-post-thumbnail","hentry","event_cat-maison-mallet-et-fils-inc"],"_links":{"self":[{"href":"https:\/\/nouveau.maisonmallet.com\/back05_01\/index.php?rest_route=\/wp\/v2\/event\/5075","targetHints":{"allow":["GET"]}}],"collection":[{"href":"https:\/\/nouveau.maisonmallet.com\/back05_01\/index.php?rest_route=\/wp\/v2\/event"}],"about":[{"href":"https:\/\/nouveau.maisonmallet.com\/back05_01\/index.php?rest_route=\/wp\/v2\/types\/event"}],"wp:featuredmedia":[{"embeddable":true,"href":"https:\/\/nouveau.maisonmallet.com\/back05_01\/index.php?rest_route=\/wp\/v2\/media\/5134"}],"wp:attachment":[{"href":"https:\/\/nouveau.maisonmallet.com\/back05_01\/index.php?rest_route=%2Fwp%2Fv2%2Fmedia&parent=5075"}],"wp:term":[{"taxonomy":"event_cat","embeddable":true,"href":"https:\/\/nouveau.maisonmallet.com\/back05_01\/index.php?rest_route=%2Fwp%2Fv2%2Fevent_cat&post=5075"}],"curies":[{"name":"wp","href":"https:\/\/api.w.org\/{rel}","templated":true}]}}

<p>1936 – 2019</p>
<p>MICHEL AMBROISE, Denise (Leblanc)</p>
<p>&nbsp;</p>
<p>&nbsp;</p>
<p>À Sept-Îles (maison Élyme des Sables), le 16 septembre 2019, est décédée à l’âge de 83 ans, madame Denise Michel Ambroise épouse de monsieur Francis Leblanc et domiciliée à Mani-Utenam.</p>
<p>&nbsp;</p>
<p>Les funérailles de madame Denise Michel Ambroise Leblanc auront lieu le jeudi 19 septembre 2019 à 10 h en l’église Notre-Dame du Cap située au 139, rue de l’Église à Mani-Utenam et de là au cimetière de Mani-Utenam.</p>
<p>&nbsp;</p>
<p>La famille reçoit parents et amis le mardi 17 septembre 2019 de 19 h à 22 h. Le mercredi 18 septembre 2019 de 13 h à 16 h et de 19 h à 22 h. Le jeudi 19 septembre 2019 jour des funérailles à compter de 8 h au Complexe Thanatologique Mallet &amp; fils du 585, boul. Laure à Sept-Îles.</p>
<p>&nbsp;</p>
<p>Elle laisse dans le deuil outre son époux monsieur Francis Leblanc, ses enfants : Réal (Marie-Marthe Malec), Aline (Gilbert Mazerolle), Guylaine (Maurice Bolduc) et Nelson (Maryse Vollant Grégoire), ses petits-enfants, ses arrières petits-enfants, ainsi que ses sœurs : Yvette et Évangeline, son beau-frère Walter, ses belles-sœurs : Agnès et Juliette, ses neveux, ses nièces, ses cousins, ses cousines et de nombreux ami(e)s.</p>
<p>&nbsp;</p>
<p>La famille a confié la direction des funérailles aux services professionnels de la Maison Mallet &amp; fils du 585, boul. Laure à Sept-Îles, maintenant reconnue Distinction et membre de la Corporation des Thanatologues du Québec.</p>
<p>&nbsp;</p>
<p>Vous pouvez consulter cet avis de décès, sur le <a href="https://nouveau.maisonmallet.com/back05_01/">www.maisonmallet.com</a></p>
<p>&nbsp;</p>
<p>Ceux et celles qui le désirent, peuvent y envoyer des messages de sympathie.</p>
<p>&nbsp;</p>
<p>&nbsp;</p>
<p>&nbsp;</p>
<p>&nbsp;</p>
<hr />
<p>Envoyer vos condoléances</p>
<p>[contact-form to= »realeblanc@hotmail.com » subject= »Condoléances Denise Michel Ambroise »][contact-field label= »Votre nom » type= »name » required= »1&Prime;][contact-field label= »Votre courriel » type= »email » required= »1&Prime;][contact-field label= »Condoléances » type= »textarea »][/contact-form]</p>
