{"id":50750,"date":"2024-04-08T11:07:54","date_gmt":"2024-04-08T15:07:54","guid":{"rendered":"https:\/\/nouveau.maisonmallet.com\/?post_type=event&#038;p=50750"},"modified":"2024-07-01T10:50:13","modified_gmt":"2024-07-01T14:50:13","slug":"tremblay-gilles","status":"publish","type":"event","link":"https:\/\/nouveau.maisonmallet.com\/back05_01\/?event=tremblay-gilles","title":{"rendered":"TREMBLAY, Gilles"},"content":{"rendered":"<p>Le Complexe Thanatologique Mallet &amp; fils a le regret de vous annoncer le d\u00e9c\u00e8s de<\/p>\n<p>Gilles Tremblay<\/p>\n<p>1962 \u2013 2024<\/p>\n<p>&nbsp;<\/p>\n<p>\u00c0 Baie-Comeau, le 8 avril 2024, est d\u00e9c\u00e9d\u00e9 \u00e0 l\u2019\u00e2ge de 62 ans, monsieur Gilles Tremblay fils de feu Joachim Tremblay et de feu Rose-Blanche Poulin domicili\u00e9 \u00e0 Baie-Comeau.<\/p>\n<p>Les fun\u00e9railles de monsieur Gilles Tremblay auront lieu le samedi 8 juin 2024 \u00e0 14 h en l\u2019\u00e9glise St-Esprit de Rivi\u00e8re Pentec\u00f4te.<\/p>\n<p>Selon ses volont\u00e9s, il a \u00e9t\u00e9 confi\u00e9 au cr\u00e9matorium de la Maison Mallet &amp; fils pour cr\u00e9mation.<\/p>\n<p>La famille re\u00e7oit parents et amis le samedi 8 juin 2024 jour des fun\u00e9railles \u00e0 compter de 13 h \u00e0 l`\u00e9glise St-Esprit de Rivi\u00e8re Pentec\u00f4te.<\/p>\n<p>Il laisse dans le deuil son fr\u00e8re Christian (Tania Kenty), sa s\u0153ur Dominique (Mario Dugas) ainsi que ses neveux et ses ni\u00e8ces\u00a0: Isabelle, Pascal, Marie-Jos\u00e9e, Chantal et St\u00e9phanie, ses cousins, ses cousines et de nombreux ami(e)s.<\/p>\n<p>La famille a confi\u00e9 la direction des fun\u00e9railles aux services professionnels de la Maison Mallet &amp; fils du 57, route 138, \u00e0 Port-Cartier, maintenant reconnue Distinction et membre de la Corporation des Thanatologues du Qu\u00e9bec.<\/p>\n<p>Vous pouvez consulter cet avis de d\u00e9c\u00e8s, sur le <a href=\"https:\/\/nouveau.maisonmallet.com\">www.maisonmallet.com<\/a><\/p>\n<p>Ceux et celle qui le d\u00e9sirent, peuvent y envoyer des messages de sympathie.<\/p>\n<p>&nbsp;<\/p>\n<hr \/>\n<p>Envoyer vos condol\u00e9ances<\/p>\n<p>[contact-form to=\u00a0\u00bbdominique_tremblay@hotmail.com\u00a0\u00bb subject=\u00a0\u00bbCondol\u00e9ances Gilles Tremblay\u00a0\u00bb][contact-field label=\u00a0\u00bbVotre nom\u00a0\u00bb type=\u00a0\u00bbname\u00a0\u00bb required=\u00a0\u00bb1&Prime;][contact-field label=\u00a0\u00bbVotre courriel\u00a0\u00bb type=\u00a0\u00bbemail\u00a0\u00bb required=\u00a0\u00bb1&Prime;][contact-field label=\u00a0\u00bbCondol\u00e9ances\u00a0\u00bb type=\u00a0\u00bbtextarea\u00a0\u00bb][\/contact-form]<\/p>\n","protected":false},"featured_media":50833,"template":"","event_cat":[6],"class_list":["post-50750","event","type-event","status-publish","has-post-thumbnail","hentry","event_cat-maison-mallet-et-fils-inc"],"_links":{"self":[{"href":"https:\/\/nouveau.maisonmallet.com\/back05_01\/index.php?rest_route=\/wp\/v2\/event\/50750","targetHints":{"allow":["GET"]}}],"collection":[{"href":"https:\/\/nouveau.maisonmallet.com\/back05_01\/index.php?rest_route=\/wp\/v2\/event"}],"about":[{"href":"https:\/\/nouveau.maisonmallet.com\/back05_01\/index.php?rest_route=\/wp\/v2\/types\/event"}],"wp:featuredmedia":[{"embeddable":true,"href":"https:\/\/nouveau.maisonmallet.com\/back05_01\/index.php?rest_route=\/wp\/v2\/media\/50833"}],"wp:attachment":[{"href":"https:\/\/nouveau.maisonmallet.com\/back05_01\/index.php?rest_route=%2Fwp%2Fv2%2Fmedia&parent=50750"}],"wp:term":[{"taxonomy":"event_cat","embeddable":true,"href":"https:\/\/nouveau.maisonmallet.com\/back05_01\/index.php?rest_route=%2Fwp%2Fv2%2Fevent_cat&post=50750"}],"curies":[{"name":"wp","href":"https:\/\/api.w.org\/{rel}","templated":true}]}}

<p>Le Complexe Thanatologique Mallet &amp; fils a le regret de vous annoncer le décès de</p>
<p>Gilles Tremblay</p>
<p>1962 – 2024</p>
<p>&nbsp;</p>
<p>À Baie-Comeau, le 8 avril 2024, est décédé à l’âge de 62 ans, monsieur Gilles Tremblay fils de feu Joachim Tremblay et de feu Rose-Blanche Poulin domicilié à Baie-Comeau.</p>
<p>Les funérailles de monsieur Gilles Tremblay auront lieu le samedi 8 juin 2024 à 14 h en l’église St-Esprit de Rivière Pentecôte.</p>
<p>Selon ses volontés, il a été confié au crématorium de la Maison Mallet &amp; fils pour crémation.</p>
<p>La famille reçoit parents et amis le samedi 8 juin 2024 jour des funérailles à compter de 13 h à l`église St-Esprit de Rivière Pentecôte.</p>
<p>Il laisse dans le deuil son frère Christian (Tania Kenty), sa sœur Dominique (Mario Dugas) ainsi que ses neveux et ses nièces : Isabelle, Pascal, Marie-Josée, Chantal et Stéphanie, ses cousins, ses cousines et de nombreux ami(e)s.</p>
<p>La famille a confié la direction des funérailles aux services professionnels de la Maison Mallet &amp; fils du 57, route 138, à Port-Cartier, maintenant reconnue Distinction et membre de la Corporation des Thanatologues du Québec.</p>
<p>Vous pouvez consulter cet avis de décès, sur le <a href="https://nouveau.maisonmallet.com">www.maisonmallet.com</a></p>
<p>Ceux et celle qui le désirent, peuvent y envoyer des messages de sympathie.</p>
<p>&nbsp;</p>
<hr />
<p>Envoyer vos condoléances</p>
<p>[contact-form to= »dominique_tremblay@hotmail.com » subject= »Condoléances Gilles Tremblay »][contact-field label= »Votre nom » type= »name » required= »1&Prime;][contact-field label= »Votre courriel » type= »email » required= »1&Prime;][contact-field label= »Condoléances » type= »textarea »][/contact-form]</p>
