{"id":50896,"date":"2024-05-20T09:01:27","date_gmt":"2024-05-20T13:01:27","guid":{"rendered":"https:\/\/nouveau.maisonmallet.com\/?post_type=event&#038;p=50896"},"modified":"2024-07-01T10:49:14","modified_gmt":"2024-07-01T14:49:14","slug":"fontaine-normand","status":"publish","type":"event","link":"https:\/\/nouveau.maisonmallet.com\/back05_01\/?event=fontaine-normand","title":{"rendered":"FONTAINE, Normand"},"content":{"rendered":"<p>Le Complexe Thanatologique Mallet &amp; fils a le regret de vous annoncer le d\u00e9c\u00e8s de<\/p>\n<p>Normand Fontaine<\/p>\n<p>1946 \u2013 2024<\/p>\n<p>&nbsp;<\/p>\n<p>\u00c0 Mani-utenam, le 20 mai 2024, est d\u00e9c\u00e9d\u00e9 \u00e0 l\u2019\u00e2ge de 77 ans, monsieur Normand Fontaine conjoint de madame Colette Vollant et domicili\u00e9 \u00e0 Mani-utenam.<\/p>\n<p>Les fun\u00e9railles de monsieur Normand Fontaine auront lieu le lundi 27 mai 2024 \u00e0 10 h en l\u2019\u00e9glise Notre-Dame du Cap situ\u00e9e au 139, rue de l\u2019\u00c9glise \u00e0 Mani-utenam et de l\u00e0 au cimeti\u00e8re de Mani-utenam.<\/p>\n<p>La famille re\u00e7oit parents et amis le samedi 25 mai 2024 \u00e0 compter de 19 h au 201, rue Anek \u00e0 Mani-utenam.<\/p>\n<p>Il laisse dans le deuil outre sa conjointe madame Colette Vollant, ses enfants\u00a0: Paul (B\u00e9atrice C. Fontaine), Sylvianne (Marc-Andr\u00e9 Bellefleur Pinette), Audrey Lucie (Tshiuetin Descent Vollant), Pierre Jr. (Nany Bernatchez) et Barbara, ses 21 petits-enfants, ses 2 arri\u00e8re-petits-enfants, ses fr\u00e8res\u00a0: Jacques, Doris (Marie Andr\u00e9) et R\u00e9jean, ses s\u0153urs\u00a0: Rosanne et Stella (Martin Joubert) ainsi que ses beaux-fr\u00e8res, ses belles-s\u0153urs, ses neveux, ses ni\u00e8ces, ses cousins, ses cousines et de nombreux ami(e)s.<\/p>\n<p>Il \u00e9tait le p\u00e8re de feu J\u00e9r\u00f4me Fontaine (Lesly Hervieux).<\/p>\n<p>La famille a confi\u00e9 la direction des fun\u00e9railles aux services professionnels de la Maison Mallet &amp; fils du 585, Boul. Laure \u00e0 Sept-\u00celes, maintenant reconnue Distinction et membre de la Corporation des Thanatologues du Qu\u00e9bec.<\/p>\n<p>Vous pouvez consulter cet avis de d\u00e9c\u00e8s sur le <a href=\"https:\/\/nouveau.maisonmallet.com\">www.maisonmallet.com<\/a><\/p>\n<p>Ceux et celles qui le d\u00e9sirent, peuvent y envoyer des messages de condol\u00e9ances.<\/p>\n<p>&nbsp;<\/p>\n<hr \/>\n<p>Envoyer vos condol\u00e9ances<\/p>\n<p>[contact-form to=\u00a0\u00bbtshinesh27@outlook.com\u00a0\u00bb subject=\u00a0\u00bbCondol\u00e9ances Normand Fontaine\u00a0\u00bb][contact-field label=\u00a0\u00bbVotre nom\u00a0\u00bb type=\u00a0\u00bbname\u00a0\u00bb required=\u00a0\u00bb1&Prime;][contact-field label=\u00a0\u00bbVotre courriel\u00a0\u00bb type=\u00a0\u00bbemail\u00a0\u00bb required=\u00a0\u00bb1&Prime;][contact-field label=\u00a0\u00bbCondol\u00e9ances\u00a0\u00bb type=\u00a0\u00bbtextarea\u00a0\u00bb][\/contact-form]<\/p>\n","protected":false},"featured_media":50899,"template":"","event_cat":[6],"class_list":["post-50896","event","type-event","status-publish","has-post-thumbnail","hentry","event_cat-maison-mallet-et-fils-inc"],"_links":{"self":[{"href":"https:\/\/nouveau.maisonmallet.com\/back05_01\/index.php?rest_route=\/wp\/v2\/event\/50896","targetHints":{"allow":["GET"]}}],"collection":[{"href":"https:\/\/nouveau.maisonmallet.com\/back05_01\/index.php?rest_route=\/wp\/v2\/event"}],"about":[{"href":"https:\/\/nouveau.maisonmallet.com\/back05_01\/index.php?rest_route=\/wp\/v2\/types\/event"}],"wp:featuredmedia":[{"embeddable":true,"href":"https:\/\/nouveau.maisonmallet.com\/back05_01\/index.php?rest_route=\/wp\/v2\/media\/50899"}],"wp:attachment":[{"href":"https:\/\/nouveau.maisonmallet.com\/back05_01\/index.php?rest_route=%2Fwp%2Fv2%2Fmedia&parent=50896"}],"wp:term":[{"taxonomy":"event_cat","embeddable":true,"href":"https:\/\/nouveau.maisonmallet.com\/back05_01\/index.php?rest_route=%2Fwp%2Fv2%2Fevent_cat&post=50896"}],"curies":[{"name":"wp","href":"https:\/\/api.w.org\/{rel}","templated":true}]}}

<p>Le Complexe Thanatologique Mallet &amp; fils a le regret de vous annoncer le décès de</p>
<p>Normand Fontaine</p>
<p>1946 – 2024</p>
<p>&nbsp;</p>
<p>À Mani-utenam, le 20 mai 2024, est décédé à l’âge de 77 ans, monsieur Normand Fontaine conjoint de madame Colette Vollant et domicilié à Mani-utenam.</p>
<p>Les funérailles de monsieur Normand Fontaine auront lieu le lundi 27 mai 2024 à 10 h en l’église Notre-Dame du Cap située au 139, rue de l’Église à Mani-utenam et de là au cimetière de Mani-utenam.</p>
<p>La famille reçoit parents et amis le samedi 25 mai 2024 à compter de 19 h au 201, rue Anek à Mani-utenam.</p>
<p>Il laisse dans le deuil outre sa conjointe madame Colette Vollant, ses enfants : Paul (Béatrice C. Fontaine), Sylvianne (Marc-André Bellefleur Pinette), Audrey Lucie (Tshiuetin Descent Vollant), Pierre Jr. (Nany Bernatchez) et Barbara, ses 21 petits-enfants, ses 2 arrière-petits-enfants, ses frères : Jacques, Doris (Marie André) et Réjean, ses sœurs : Rosanne et Stella (Martin Joubert) ainsi que ses beaux-frères, ses belles-sœurs, ses neveux, ses nièces, ses cousins, ses cousines et de nombreux ami(e)s.</p>
<p>Il était le père de feu Jérôme Fontaine (Lesly Hervieux).</p>
<p>La famille a confié la direction des funérailles aux services professionnels de la Maison Mallet &amp; fils du 585, Boul. Laure à Sept-Îles, maintenant reconnue Distinction et membre de la Corporation des Thanatologues du Québec.</p>
<p>Vous pouvez consulter cet avis de décès sur le <a href="https://nouveau.maisonmallet.com">www.maisonmallet.com</a></p>
<p>Ceux et celles qui le désirent, peuvent y envoyer des messages de condoléances.</p>
<p>&nbsp;</p>
<hr />
<p>Envoyer vos condoléances</p>
<p>[contact-form to= »tshinesh27@outlook.com » subject= »Condoléances Normand Fontaine »][contact-field label= »Votre nom » type= »name » required= »1&Prime;][contact-field label= »Votre courriel » type= »email » required= »1&Prime;][contact-field label= »Condoléances » type= »textarea »][/contact-form]</p>
