{"id":5096,"date":"2019-09-16T13:57:37","date_gmt":"2019-09-16T17:57:37","guid":{"rendered":"https:\/\/nouveau.maisonmallet.com\/?post_type=event&#038;p=5096"},"modified":"2019-09-18T15:42:55","modified_gmt":"2019-09-18T19:42:55","slug":"porlier-gertrude05031928","status":"publish","type":"event","link":"https:\/\/nouveau.maisonmallet.com\/back05_01\/?event=porlier-gertrude05031928","title":{"rendered":"PORLIER, Gertrude (M\u00e9thot)"},"content":{"rendered":"<p>1928 &#8211; 2019<\/p>\n<p>PORLIER, Gertrude (M\u00e9thot)<\/p>\n<p>&nbsp;<\/p>\n<p>\u00c0 Port-Cartier, le 16 septembre 2019, est d\u00e9c\u00e9d\u00e9e \u00e0 l\u2019\u00e2ge de 91 ans, madame Gertrude Porlier \u00e9pouse de feu Ernest M\u00e9thot et domicili\u00e9e \u00e0 Port-Cartier.<\/p>\n<p>&nbsp;<\/p>\n<p>Les fun\u00e9railles de madame Gertrude Porlier M\u00e9thot auront lieu le samedi 21 septembre 2019 \u00e0 14 h en l\u2019\u00e9glise Ste-Marguerite situ\u00e9e au 350, rue Th\u00e9riault \u00e0 Gallix et de l\u00e0 au cimeti\u00e8re de l\u2019endroit.<\/p>\n<p>&nbsp;<\/p>\n<p>Selon ses volont\u00e9s, elle a \u00e9t\u00e9 confi\u00e9e au cr\u00e9matorium de la Maison Mallet &amp; fils pour cr\u00e9mation.<\/p>\n<p>&nbsp;<\/p>\n<p>La famille re\u00e7oit parents et amis le vendredi 20 septembre 2019 de 19 h \u00e0 22 h. Le samedi 21 septembre 2019 jour des fun\u00e9railles \u00e0 compter de 12 h 30 \u00e0 l\u2019\u00e9glise Ste-Marguerite de Gallix.<\/p>\n<p>&nbsp;<\/p>\n<p>Elle laisse dans le deuil ses enfants\u00a0: Pierrot (Chantale Maltais), L\u00e9o, Bruno (Guylaine Petitpas) ainsi que Ga\u00e9tan (Lyne Tremblay), ses petits-enfants\u00a0: Martin (Val\u00e9rie Hamilton), Julie (Steeve Hebert), Karine et Marie-Claude (Virec Kim), ses neuf arri\u00e8res petits-enfants, son fr\u00e8re Gratien (Th\u00e9r\u00e8se Bond), sa belle-s\u0153ur Th\u00e9r\u00e8se Chiasson, ses neveux, ses ni\u00e8ces, ses cousins, ses cousines et de nombreux ami(e)s.<\/p>\n<p>&nbsp;<\/p>\n<p>La famille a confi\u00e9 les arrangements aux services professionnels de la Maison Mallet &amp; fils du 585, boul. Laure \u00e0 Sept-\u00celes, maintenant reconnue Distinction et membre de la Corporation des Thanatologues du Qu\u00e9bec.<\/p>\n<p>&nbsp;<\/p>\n<p>Vous pouvez consulter cet avis de d\u00e9c\u00e8s, sur le <a href=\"https:\/\/nouveau.maisonmallet.com\/back05_01\/\">www.maisonmallet.com<\/a><\/p>\n<p>&nbsp;<\/p>\n<p>Ceux et celles qui le d\u00e9sirent, peuvent y envoyer des messages de sympathie.<\/p>\n<p>&nbsp;<\/p>\n<p>&nbsp;<\/p>\n<hr \/>\n<p>Envoyer vos condol\u00e9ances<\/p>\n<p>[contact-form to=\u00a0\u00bbguylainepetitpas@gmail.com\u00a0\u00bb subject=\u00a0\u00bbCondol\u00e9ances Gertrude Porlier\u00a0\u00bb][contact-field label=\u00a0\u00bbVotre nom\u00a0\u00bb type=\u00a0\u00bbname\u00a0\u00bb required=\u00a0\u00bb1&Prime;][contact-field label=\u00a0\u00bbVotre courriel\u00a0\u00bb type=\u00a0\u00bbemail\u00a0\u00bb required=\u00a0\u00bb1&Prime;][contact-field label=\u00a0\u00bbCondol\u00e9ances\u00a0\u00bb type=\u00a0\u00bbtextarea\u00a0\u00bb][\/contact-form]<\/p>\n","protected":false},"featured_media":5185,"template":"","event_cat":[6],"class_list":["post-5096","event","type-event","status-publish","has-post-thumbnail","hentry","event_cat-maison-mallet-et-fils-inc"],"_links":{"self":[{"href":"https:\/\/nouveau.maisonmallet.com\/back05_01\/index.php?rest_route=\/wp\/v2\/event\/5096","targetHints":{"allow":["GET"]}}],"collection":[{"href":"https:\/\/nouveau.maisonmallet.com\/back05_01\/index.php?rest_route=\/wp\/v2\/event"}],"about":[{"href":"https:\/\/nouveau.maisonmallet.com\/back05_01\/index.php?rest_route=\/wp\/v2\/types\/event"}],"wp:featuredmedia":[{"embeddable":true,"href":"https:\/\/nouveau.maisonmallet.com\/back05_01\/index.php?rest_route=\/wp\/v2\/media\/5185"}],"wp:attachment":[{"href":"https:\/\/nouveau.maisonmallet.com\/back05_01\/index.php?rest_route=%2Fwp%2Fv2%2Fmedia&parent=5096"}],"wp:term":[{"taxonomy":"event_cat","embeddable":true,"href":"https:\/\/nouveau.maisonmallet.com\/back05_01\/index.php?rest_route=%2Fwp%2Fv2%2Fevent_cat&post=5096"}],"curies":[{"name":"wp","href":"https:\/\/api.w.org\/{rel}","templated":true}]}}

PORLIER, Gertrude (Méthot)

<p>1928 &#8211; 2019</p>
<p>PORLIER, Gertrude (Méthot)</p>
<p>&nbsp;</p>
<p>À Port-Cartier, le 16 septembre 2019, est décédée à l’âge de 91 ans, madame Gertrude Porlier épouse de feu Ernest Méthot et domiciliée à Port-Cartier.</p>
<p>&nbsp;</p>
<p>Les funérailles de madame Gertrude Porlier Méthot auront lieu le samedi 21 septembre 2019 à 14 h en l’église Ste-Marguerite située au 350, rue Thériault à Gallix et de là au cimetière de l’endroit.</p>
<p>&nbsp;</p>
<p>Selon ses volontés, elle a été confiée au crématorium de la Maison Mallet &amp; fils pour crémation.</p>
<p>&nbsp;</p>
<p>La famille reçoit parents et amis le vendredi 20 septembre 2019 de 19 h à 22 h. Le samedi 21 septembre 2019 jour des funérailles à compter de 12 h 30 à l’église Ste-Marguerite de Gallix.</p>
<p>&nbsp;</p>
<p>Elle laisse dans le deuil ses enfants : Pierrot (Chantale Maltais), Léo, Bruno (Guylaine Petitpas) ainsi que Gaétan (Lyne Tremblay), ses petits-enfants : Martin (Valérie Hamilton), Julie (Steeve Hebert), Karine et Marie-Claude (Virec Kim), ses neuf arrières petits-enfants, son frère Gratien (Thérèse Bond), sa belle-sœur Thérèse Chiasson, ses neveux, ses nièces, ses cousins, ses cousines et de nombreux ami(e)s.</p>
<p>&nbsp;</p>
<p>La famille a confié les arrangements aux services professionnels de la Maison Mallet &amp; fils du 585, boul. Laure à Sept-Îles, maintenant reconnue Distinction et membre de la Corporation des Thanatologues du Québec.</p>
<p>&nbsp;</p>
<p>Vous pouvez consulter cet avis de décès, sur le <a href="https://nouveau.maisonmallet.com/back05_01/">www.maisonmallet.com</a></p>
<p>&nbsp;</p>
<p>Ceux et celles qui le désirent, peuvent y envoyer des messages de sympathie.</p>
<p>&nbsp;</p>
<p>&nbsp;</p>
<hr />
<p>Envoyer vos condoléances</p>
<p>[contact-form to= »guylainepetitpas@gmail.com » subject= »Condoléances Gertrude Porlier »][contact-field label= »Votre nom » type= »name » required= »1&Prime;][contact-field label= »Votre courriel » type= »email » required= »1&Prime;][contact-field label= »Condoléances » type= »textarea »][/contact-form]</p>
