{"id":51041,"date":"2024-05-19T21:47:15","date_gmt":"2024-05-20T01:47:15","guid":{"rendered":"https:\/\/nouveau.maisonmallet.com\/?post_type=event&#038;p=51041"},"modified":"2024-07-01T10:48:18","modified_gmt":"2024-07-01T14:48:18","slug":"collin-chantal","status":"publish","type":"event","link":"https:\/\/nouveau.maisonmallet.com\/back05_01\/?event=collin-chantal","title":{"rendered":"COLLIN, Chantal"},"content":{"rendered":"<p>Le Complexe Thanatologique Mallet &amp; fils a le regret de vous annoncer le d\u00e9c\u00e8s de<\/p>\n<p>&nbsp;<\/p>\n<p>Chantal Collin<\/p>\n<p>1962 \u2013 2024<\/p>\n<p>&nbsp;<\/p>\n<p>\u00c0 Rivi\u00e8re-au-Tonnerre, le 19 mai 2024, est d\u00e9c\u00e9d\u00e9e \u00e0 l\u2019\u00e2ge de 61 ans, madame Chantal Collin \u00e9pouse de monsieur Michel Morais et domicili\u00e9e \u00e0 Sept-\u00celes.<\/p>\n<p>Les fun\u00e9railles de madame Chantal Collin auront lieu, le lundi 10 juin 2024 \u00e0 10 h 30 en l\u2019\u00e9glise Marie-Immacul\u00e9e situ\u00e9e au 180, rue Papineau \u00e0 Sept-\u00celes.<\/p>\n<p>Selon ses volont\u00e9s, elle a \u00e9t\u00e9 confi\u00e9e au cr\u00e9matorium de la maison Mallet &amp; fils pour cr\u00e9mation.<\/p>\n<p>La famille re\u00e7oit parents et amis le dimanche 9 juin 2024 de 13 h \u00e0 16 h et de 19 h \u00e0 22. Le lundi 10 juin 2024 jour des fun\u00e9railles \u00e0 compter de 9 h au Complexe Thanatologique Mallet &amp; fils du 585 boul. Laure \u00e0 Sept-\u00celes.<\/p>\n<p>Elle laisse dans le deuil outre son \u00e9poux monsieur Michel Morais, ses filles\u00a0: Val\u00e9rie (Karl Bergeron), \u00c9liane (Patrick Lebrasseur-Roussy) et Laurence (S\u00e9bastien Boudreault), ses petits-fils\u00a0: Olivier et Thomas ainsi que ses fr\u00e8res\u00a0: Yvan (Carmen Leclerc) et Daniel (H\u00e9l\u00e8ne Gagn\u00e9), ses s\u0153urs\u00a0: Nathalie et Jacinthe (Jo\u00ebl Coutu), ses beaux-fr\u00e8res\u00a0: Gaston (C\u00e9cile Cool) et Benoit (France B\u00e9langer), ses belles-s\u0153urs\u00a0: Huguette (Dany Lavoie) et Brigitte (Jean Ouellet), ses neveux, ses ni\u00e8ces, ses oncles, ses tantes, ses cousins, ses cousines et de nombreux ami(e).<\/p>\n<p>Elle \u00e9tait la m\u00e8re de feu Anne-Marie et la s\u0153ur de feu Marjolaine.<\/p>\n<p>Vos marques de sympathie peuvent se traduire par un don \u00e0 l\u2019Envol-Maison de la Famille.<\/p>\n<p>La famille a confi\u00e9 la direction des fun\u00e9railles aux services professionnels de la Maison Mallet &amp; fils du 585 boul. Laure \u00e0 Sept-\u00celes, maintenant reconnue Distinction et membre de la Corporation des Thanatologues du Qu\u00e9bec.<\/p>\n<p>Vous pouvez consulter cet avis de d\u00e9c\u00e8s sur le <a href=\"https:\/\/nouveau.maisonmallet.com\">www.maisonmallet.com<\/a><\/p>\n<p>Ceux et celles qui le d\u00e9sirent, peuvent y envoyer des messages de sympathie.<\/p>\n<hr \/>\n<p>Envoyer vos condol\u00e9ances<\/p>\n<p>[contact-form to=\u00a0\u00bbvalerie.morais@gmail.com\u00a0\u00bb subject=\u00a0\u00bbCondol\u00e9ances Chantal Collin\u00a0\u00bb][contact-field label=\u00a0\u00bbVotre nom\u00a0\u00bb type=\u00a0\u00bbname\u00a0\u00bb required=\u00a0\u00bb1&Prime;][contact-field label=\u00a0\u00bbVotre courriel\u00a0\u00bb type=\u00a0\u00bbemail\u00a0\u00bb required=\u00a0\u00bb1&Prime;][contact-field label=\u00a0\u00bbCondol\u00e9ances\u00a0\u00bb type=\u00a0\u00bbtextarea\u00a0\u00bb][\/contact-form]<\/p>\n","protected":false},"featured_media":51045,"template":"","event_cat":[6],"class_list":["post-51041","event","type-event","status-publish","has-post-thumbnail","hentry","event_cat-maison-mallet-et-fils-inc"],"_links":{"self":[{"href":"https:\/\/nouveau.maisonmallet.com\/back05_01\/index.php?rest_route=\/wp\/v2\/event\/51041","targetHints":{"allow":["GET"]}}],"collection":[{"href":"https:\/\/nouveau.maisonmallet.com\/back05_01\/index.php?rest_route=\/wp\/v2\/event"}],"about":[{"href":"https:\/\/nouveau.maisonmallet.com\/back05_01\/index.php?rest_route=\/wp\/v2\/types\/event"}],"wp:featuredmedia":[{"embeddable":true,"href":"https:\/\/nouveau.maisonmallet.com\/back05_01\/index.php?rest_route=\/wp\/v2\/media\/51045"}],"wp:attachment":[{"href":"https:\/\/nouveau.maisonmallet.com\/back05_01\/index.php?rest_route=%2Fwp%2Fv2%2Fmedia&parent=51041"}],"wp:term":[{"taxonomy":"event_cat","embeddable":true,"href":"https:\/\/nouveau.maisonmallet.com\/back05_01\/index.php?rest_route=%2Fwp%2Fv2%2Fevent_cat&post=51041"}],"curies":[{"name":"wp","href":"https:\/\/api.w.org\/{rel}","templated":true}]}}

<p>Le Complexe Thanatologique Mallet &amp; fils a le regret de vous annoncer le décès de</p>
<p>&nbsp;</p>
<p>Chantal Collin</p>
<p>1962 – 2024</p>
<p>&nbsp;</p>
<p>À Rivière-au-Tonnerre, le 19 mai 2024, est décédée à l’âge de 61 ans, madame Chantal Collin épouse de monsieur Michel Morais et domiciliée à Sept-Îles.</p>
<p>Les funérailles de madame Chantal Collin auront lieu, le lundi 10 juin 2024 à 10 h 30 en l’église Marie-Immaculée située au 180, rue Papineau à Sept-Îles.</p>
<p>Selon ses volontés, elle a été confiée au crématorium de la maison Mallet &amp; fils pour crémation.</p>
<p>La famille reçoit parents et amis le dimanche 9 juin 2024 de 13 h à 16 h et de 19 h à 22. Le lundi 10 juin 2024 jour des funérailles à compter de 9 h au Complexe Thanatologique Mallet &amp; fils du 585 boul. Laure à Sept-Îles.</p>
<p>Elle laisse dans le deuil outre son époux monsieur Michel Morais, ses filles : Valérie (Karl Bergeron), Éliane (Patrick Lebrasseur-Roussy) et Laurence (Sébastien Boudreault), ses petits-fils : Olivier et Thomas ainsi que ses frères : Yvan (Carmen Leclerc) et Daniel (Hélène Gagné), ses sœurs : Nathalie et Jacinthe (Joël Coutu), ses beaux-frères : Gaston (Cécile Cool) et Benoit (France Bélanger), ses belles-sœurs : Huguette (Dany Lavoie) et Brigitte (Jean Ouellet), ses neveux, ses nièces, ses oncles, ses tantes, ses cousins, ses cousines et de nombreux ami(e).</p>
<p>Elle était la mère de feu Anne-Marie et la sœur de feu Marjolaine.</p>
<p>Vos marques de sympathie peuvent se traduire par un don à l’Envol-Maison de la Famille.</p>
<p>La famille a confié la direction des funérailles aux services professionnels de la Maison Mallet &amp; fils du 585 boul. Laure à Sept-Îles, maintenant reconnue Distinction et membre de la Corporation des Thanatologues du Québec.</p>
<p>Vous pouvez consulter cet avis de décès sur le <a href="https://nouveau.maisonmallet.com">www.maisonmallet.com</a></p>
<p>Ceux et celles qui le désirent, peuvent y envoyer des messages de sympathie.</p>
<hr />
<p>Envoyer vos condoléances</p>
<p>[contact-form to= »valerie.morais@gmail.com » subject= »Condoléances Chantal Collin »][contact-field label= »Votre nom » type= »name » required= »1&Prime;][contact-field label= »Votre courriel » type= »email » required= »1&Prime;][contact-field label= »Condoléances » type= »textarea »][/contact-form]</p>
