{"id":51257,"date":"2024-06-01T16:33:50","date_gmt":"2024-06-01T20:33:50","guid":{"rendered":"https:\/\/nouveau.maisonmallet.com\/?post_type=event&#038;p=51257"},"modified":"2024-06-05T02:46:57","modified_gmt":"2024-06-05T06:46:57","slug":"cody-aline","status":"publish","type":"event","link":"https:\/\/nouveau.maisonmallet.com\/back05_01\/?event=cody-aline","title":{"rendered":"CODY, Aline"},"content":{"rendered":"<p>La Maison L.J.G. Mallet a le regret de vous annoncer le d\u00e9c\u00e8s de<\/p>\n<p>&nbsp;<\/p>\n<p>Aline Cody<\/p>\n<p>1930 &#8211; 2023<\/p>\n<p>&nbsp;<\/p>\n<p>\u00c0 Havre Saint-Pierre, le 4 d\u00e9cembre 2023, est d\u00e9c\u00e9d\u00e9e \u00e0 l\u2019\u00e2ge de 93 ans, madame Aline Cody \u00e9pouse de feu Ludger Boudreau et domicili\u00e9e \u00e0 Havre Saint-Pierre.<\/p>\n<p>Les fun\u00e9railles de madame Aline Cody auront lieu le samedi 29 juin 2024 \u00e0 14 h en l\u2019\u00e9glise Saint-Pierre de Havre Saint-Pierre et de l\u00e0 au Cimeti\u00e8re de Rivi\u00e8re-au-Tonnerre.<\/p>\n<p>Selon ses volont\u00e9s, elle a \u00e9t\u00e9 confi\u00e9e au cr\u00e9matorium de la maison L.J.G. Mallet pour cr\u00e9mation.<\/p>\n<p>La famille re\u00e7oit parents et amis le samedi 29 juin 2024 jour des fun\u00e9railles \u00e0 compter de 13 h \u00e0 l\u2019\u00e9glise St-Pierre de Havre Saint-Pierre.<\/p>\n<p>Elle laisse dans le deuil ses filles : Jacinthe, Suzanne (Ghislaine Th\u00e9berge) et Chantal (Alain Par\u00e9), son fils Jocelyn (Martine Landry), ses petits-fils : Danny (V\u00e9ronique Lamontagne) et Nicolas (Isabelle Boudreau), ses petites-filles : St\u00e9phanie (Christian Th\u00e9riault) et Frederike (Louis-Charles Marchand), ses arri\u00e8re-petits-enfants ainsi que ses fr\u00e8res, ses s\u0153urs, ses beaux-fr\u00e8res, ses belles-s\u0153urs, ses neveux, ses ni\u00e8ces et de nombreux ami(e)s.<\/p>\n<p>Elle \u00e9tait la m\u00e8re de feu Harold Jr.<\/p>\n<p>Vos marques de sympathie peuvent se traduire par un don au centre de sant\u00e9 de la Minganie.<\/p>\n<p>La famille a confi\u00e9 la direction des fun\u00e9railles aux services professionnels de la Maison L.J.G. Mallet du 1429, rue du Canot \u00e0 Havre Saint-Pierre, membre de la Corporation des Thanatologues du Qu\u00e9bec.<\/p>\n<p>Vous pouvez consulter cet avis de d\u00e9c\u00e8s, sur le <a href=\"https:\/\/nouveau.maisonmallet.com\">www.maisonmallet.com<\/a><\/p>\n<p>Ceux et celles qui le d\u00e9sirent, peuvent y envoyer des messages de sympathie.<\/p>\n<hr \/>\n<p>Envoyer vos condol\u00e9ances<\/p>\n<p>[contact-form to=\u00a0\u00bbboujacinthe@hotmail.com\u00a0\u00bb subject=\u00a0\u00bbCondol\u00e9ances Aline Cody\u00a0\u00bb][contact-field label=\u00a0\u00bbVotre nom\u00a0\u00bb type=\u00a0\u00bbname\u00a0\u00bb required=\u00a0\u00bb1&Prime;][contact-field label=\u00a0\u00bbVotre courriel\u00a0\u00bb type=\u00a0\u00bbemail\u00a0\u00bb required=\u00a0\u00bb1&Prime;][contact-field label=\u00a0\u00bbCondol\u00e9ances\u00a0\u00bb type=\u00a0\u00bbtextarea\u00a0\u00bb][\/contact-form]<\/p>\n","protected":false},"featured_media":51369,"template":"","event_cat":[7],"class_list":["post-51257","event","type-event","status-publish","has-post-thumbnail","hentry","event_cat-maison-l-j-g-mallet-inc"],"_links":{"self":[{"href":"https:\/\/nouveau.maisonmallet.com\/back05_01\/index.php?rest_route=\/wp\/v2\/event\/51257","targetHints":{"allow":["GET"]}}],"collection":[{"href":"https:\/\/nouveau.maisonmallet.com\/back05_01\/index.php?rest_route=\/wp\/v2\/event"}],"about":[{"href":"https:\/\/nouveau.maisonmallet.com\/back05_01\/index.php?rest_route=\/wp\/v2\/types\/event"}],"wp:featuredmedia":[{"embeddable":true,"href":"https:\/\/nouveau.maisonmallet.com\/back05_01\/index.php?rest_route=\/wp\/v2\/media\/51369"}],"wp:attachment":[{"href":"https:\/\/nouveau.maisonmallet.com\/back05_01\/index.php?rest_route=%2Fwp%2Fv2%2Fmedia&parent=51257"}],"wp:term":[{"taxonomy":"event_cat","embeddable":true,"href":"https:\/\/nouveau.maisonmallet.com\/back05_01\/index.php?rest_route=%2Fwp%2Fv2%2Fevent_cat&post=51257"}],"curies":[{"name":"wp","href":"https:\/\/api.w.org\/{rel}","templated":true}]}}

<p>La Maison L.J.G. Mallet a le regret de vous annoncer le décès de</p>
<p>&nbsp;</p>
<p>Aline Cody</p>
<p>1930 &#8211; 2023</p>
<p>&nbsp;</p>
<p>À Havre Saint-Pierre, le 4 décembre 2023, est décédée à l’âge de 93 ans, madame Aline Cody épouse de feu Ludger Boudreau et domiciliée à Havre Saint-Pierre.</p>
<p>Les funérailles de madame Aline Cody auront lieu le samedi 29 juin 2024 à 14 h en l’église Saint-Pierre de Havre Saint-Pierre et de là au Cimetière de Rivière-au-Tonnerre.</p>
<p>Selon ses volontés, elle a été confiée au crématorium de la maison L.J.G. Mallet pour crémation.</p>
<p>La famille reçoit parents et amis le samedi 29 juin 2024 jour des funérailles à compter de 13 h à l’église St-Pierre de Havre Saint-Pierre.</p>
<p>Elle laisse dans le deuil ses filles : Jacinthe, Suzanne (Ghislaine Théberge) et Chantal (Alain Paré), son fils Jocelyn (Martine Landry), ses petits-fils : Danny (Véronique Lamontagne) et Nicolas (Isabelle Boudreau), ses petites-filles : Stéphanie (Christian Thériault) et Frederike (Louis-Charles Marchand), ses arrière-petits-enfants ainsi que ses frères, ses sœurs, ses beaux-frères, ses belles-sœurs, ses neveux, ses nièces et de nombreux ami(e)s.</p>
<p>Elle était la mère de feu Harold Jr.</p>
<p>Vos marques de sympathie peuvent se traduire par un don au centre de santé de la Minganie.</p>
<p>La famille a confié la direction des funérailles aux services professionnels de la Maison L.J.G. Mallet du 1429, rue du Canot à Havre Saint-Pierre, membre de la Corporation des Thanatologues du Québec.</p>
<p>Vous pouvez consulter cet avis de décès, sur le <a href="https://nouveau.maisonmallet.com">www.maisonmallet.com</a></p>
<p>Ceux et celles qui le désirent, peuvent y envoyer des messages de sympathie.</p>
<hr />
<p>Envoyer vos condoléances</p>
<p>[contact-form to= »boujacinthe@hotmail.com » subject= »Condoléances Aline Cody »][contact-field label= »Votre nom » type= »name » required= »1&Prime;][contact-field label= »Votre courriel » type= »email » required= »1&Prime;][contact-field label= »Condoléances » type= »textarea »][/contact-form]</p>
