{"id":51412,"date":"2023-11-07T17:13:14","date_gmt":"2023-11-07T22:13:14","guid":{"rendered":"https:\/\/nouveau.maisonmallet.com\/?post_type=event&#038;p=51412"},"modified":"2024-07-01T10:41:01","modified_gmt":"2024-07-01T14:41:01","slug":"langlois-nicole","status":"publish","type":"event","link":"https:\/\/nouveau.maisonmallet.com\/back05_01\/?event=langlois-nicole","title":{"rendered":"LANGLOIS, Nicole"},"content":{"rendered":"<p>Le Complexe Thanatologique Mallet &amp; fils a le regret de vous annoncer le d\u00e9c\u00e8s de<\/p>\n<p>&nbsp;<\/p>\n<p>Nicole Langlois<\/p>\n<p>1948 \u2013 2023<\/p>\n<p>&nbsp;<\/p>\n<p>\u00c0 Qu\u00e9bec, le 7 novembre 2023, est d\u00e9c\u00e9d\u00e9e \u00e0 l&rsquo;\u00e2ge de 74 ans, madame Nicole Langlois fille de feu L\u00e9onard Langlois et de feu Fernande Lefrancois domicili\u00e9e \u00e0 Qu\u00e9bec.<\/p>\n<p>La c\u00e9r\u00e9monie comm\u00e9morative de madame Nicole Langlois aura lieu le samedi 22 juin 2024 \u00e0 13 h \u00e0 la chapelle du Complexe Thanatologique Mallet &amp; fils du 585, boul. Laure \u00e0 Sept-\u00celes et de l\u00e0 au cimeti\u00e8re Catholique de Sept-\u00celes.<\/p>\n<p>Selon ses volont\u00e9s, elle a \u00e9t\u00e9 confi\u00e9e aux bons soins de la Maison Mallet et fils.<\/p>\n<p>La famille re\u00e7oit parents et amis le samedi 22 juin 2024 de 9 h \u00e0 13 h au Complexe Thanatologique Mallet &amp; fils du 585 Boul. Laure \u00e0 Sept-\u00celes.<\/p>\n<p>Elle laisse dans le deuil son fils Steeve (Caroline Rousseau), sa fille Kathy (Pascal Girard), ses petits-fils : Maxime, Joshua et Samuel, ses petites-filles : Ariane, Cassandra et Kimberly ainsi que sa s\u0153ur Line, ses neveux : Yannick (Marie-Pierr Rioux), Dany (Caroline Gagnon), Denis et leurs enfants, ses cousins, ses cousines et de nombreux amis(e)s.<\/p>\n<p>Elle \u00e9tait la s\u0153ur de feu Hugues.<\/p>\n<p>La famille a confi\u00e9 les arrangements aux services professionnels de la Maison Mallet &amp; fils du 585 Boul. Laure \u00e0 Sept-\u00celes, maintenant reconnue Distinction et membre de la Corporation des Thanatologues du Qu\u00e9bec.<\/p>\n<p>Vous pouvez consulter cet avis de d\u00e9c\u00e8s sur le :\u00a0<a href=\"https:\/\/nouveau.maisonmallet.com\/\">www.maisonmallet.com<\/a><\/p>\n<p>Ceux et celles qui le d\u00e9sirent, peuvent y envoyer des messages de sympathie.<\/p>\n<hr \/>\n<p>Envoyer vos condol\u00e9ances<\/p>\n<p>[contact-form to=\u00a0\u00bbkathy.duchesne@gmail.com\u00a0\u00bb subject=\u00a0\u00bbCondol\u00e9ances Nicole Langlois\u00a0\u00bb][contact-field label=\u00a0\u00bbVotre nom\u00a0\u00bb type=\u00a0\u00bbname\u00a0\u00bb required=\u00a0\u00bb1&Prime;][contact-field label=\u00a0\u00bbVotre courriel\u00a0\u00bb type=\u00a0\u00bbemail\u00a0\u00bb required=\u00a0\u00bb1&Prime;][contact-field label=\u00a0\u00bbCondol\u00e9ances\u00a0\u00bb type=\u00a0\u00bbtextarea\u00a0\u00bb][\/contact-form]<\/p>\n","protected":false},"featured_media":51446,"template":"","event_cat":[6],"class_list":["post-51412","event","type-event","status-publish","has-post-thumbnail","hentry","event_cat-maison-mallet-et-fils-inc"],"_links":{"self":[{"href":"https:\/\/nouveau.maisonmallet.com\/back05_01\/index.php?rest_route=\/wp\/v2\/event\/51412","targetHints":{"allow":["GET"]}}],"collection":[{"href":"https:\/\/nouveau.maisonmallet.com\/back05_01\/index.php?rest_route=\/wp\/v2\/event"}],"about":[{"href":"https:\/\/nouveau.maisonmallet.com\/back05_01\/index.php?rest_route=\/wp\/v2\/types\/event"}],"wp:featuredmedia":[{"embeddable":true,"href":"https:\/\/nouveau.maisonmallet.com\/back05_01\/index.php?rest_route=\/wp\/v2\/media\/51446"}],"wp:attachment":[{"href":"https:\/\/nouveau.maisonmallet.com\/back05_01\/index.php?rest_route=%2Fwp%2Fv2%2Fmedia&parent=51412"}],"wp:term":[{"taxonomy":"event_cat","embeddable":true,"href":"https:\/\/nouveau.maisonmallet.com\/back05_01\/index.php?rest_route=%2Fwp%2Fv2%2Fevent_cat&post=51412"}],"curies":[{"name":"wp","href":"https:\/\/api.w.org\/{rel}","templated":true}]}}

<p>Le Complexe Thanatologique Mallet &amp; fils a le regret de vous annoncer le décès de</p>
<p>&nbsp;</p>
<p>Nicole Langlois</p>
<p>1948 – 2023</p>
<p>&nbsp;</p>
<p>À Québec, le 7 novembre 2023, est décédée à l&rsquo;âge de 74 ans, madame Nicole Langlois fille de feu Léonard Langlois et de feu Fernande Lefrancois domiciliée à Québec.</p>
<p>La cérémonie commémorative de madame Nicole Langlois aura lieu le samedi 22 juin 2024 à 13 h à la chapelle du Complexe Thanatologique Mallet &amp; fils du 585, boul. Laure à Sept-Îles et de là au cimetière Catholique de Sept-Îles.</p>
<p>Selon ses volontés, elle a été confiée aux bons soins de la Maison Mallet et fils.</p>
<p>La famille reçoit parents et amis le samedi 22 juin 2024 de 9 h à 13 h au Complexe Thanatologique Mallet &amp; fils du 585 Boul. Laure à Sept-Îles.</p>
<p>Elle laisse dans le deuil son fils Steeve (Caroline Rousseau), sa fille Kathy (Pascal Girard), ses petits-fils : Maxime, Joshua et Samuel, ses petites-filles : Ariane, Cassandra et Kimberly ainsi que sa sœur Line, ses neveux : Yannick (Marie-Pierr Rioux), Dany (Caroline Gagnon), Denis et leurs enfants, ses cousins, ses cousines et de nombreux amis(e)s.</p>
<p>Elle était la sœur de feu Hugues.</p>
<p>La famille a confié les arrangements aux services professionnels de la Maison Mallet &amp; fils du 585 Boul. Laure à Sept-Îles, maintenant reconnue Distinction et membre de la Corporation des Thanatologues du Québec.</p>
<p>Vous pouvez consulter cet avis de décès sur le : <a href="https://nouveau.maisonmallet.com/">www.maisonmallet.com</a></p>
<p>Ceux et celles qui le désirent, peuvent y envoyer des messages de sympathie.</p>
<hr />
<p>Envoyer vos condoléances</p>
<p>[contact-form to= »kathy.duchesne@gmail.com » subject= »Condoléances Nicole Langlois »][contact-field label= »Votre nom » type= »name » required= »1&Prime;][contact-field label= »Votre courriel » type= »email » required= »1&Prime;][contact-field label= »Condoléances » type= »textarea »][/contact-form]</p>
