{"id":51813,"date":"2024-04-10T17:11:55","date_gmt":"2024-04-10T21:11:55","guid":{"rendered":"https:\/\/nouveau.maisonmallet.com\/?post_type=event&#038;p=51813"},"modified":"2024-07-01T10:39:51","modified_gmt":"2024-07-01T14:39:51","slug":"rochette-jean-guy","status":"publish","type":"event","link":"https:\/\/nouveau.maisonmallet.com\/back05_01\/?event=rochette-jean-guy","title":{"rendered":"ROCHETTE, Jean-Guy"},"content":{"rendered":"<p>La Maison L.J.G. Mallet a le regret de vous annoncer le d\u00e9c\u00e8s de<\/p>\n<p>&nbsp;<\/p>\n<p>Jean-Guy Rochette<\/p>\n<p>1937 \u2013 2024<\/p>\n<p>&nbsp;<\/p>\n<p>\u00c0 Havre Saint-Pierre, le 10 avril 2024, est d\u00e9c\u00e9d\u00e9 \u00e0 l\u2019\u00e2ge de 87 ans, monsieur Jean-Guy Rochette fils de feu Dorillas Rochette et de feu Rose-Irma Gallant domicili\u00e9 \u00e0 Aguanish.<\/p>\n<p>La c\u00e9r\u00e9monie comm\u00e9morative de monsieur Jean-Guy Rochette aura lieu le vendredi 21 juin 2024 \u00e0 14 h \u00e0 la chapelle du Complexe Thanatologique Mallet &amp; fils du 585, Boul. Laure \u00e0 Sept-\u00celes.<\/p>\n<p>Selon ses volont\u00e9s, il a \u00e9t\u00e9 confi\u00e9 au cr\u00e9matorium de la Maison L.J.G. Mallet pour cr\u00e9mation.<\/p>\n<p>La famille re\u00e7oit parents et amis le vendredi 21 juin 2024 jour de la c\u00e9r\u00e9monie de 13 h \u00e0 14 h au Complexe Thanatologique Mallet &amp; fils du 585 Boul. Laure \u00e0 Sept-\u00celes.<\/p>\n<p>Il laisse dans le deuil sa fille Carole (Jocelyn Tanguay), ses fils : Dany (Ineza Ibanez) et Steve (Gina ), ses petits-fils : Tim (Johanna Jarillo), Philippe (Lyne St-Pierre), Sheldon (Alexia Duguay Bernard), Christophe (Jolane ) et Hendrick James, sa petite-fille Pam\u00e9la (David Lacroix), ses arri\u00e8re-petites-filles : Shanna, Lily-Rose, Summer, El\u00e9onore et La\u00ebticia, son arri\u00e8re-petit-fils Th\u00e9odore ainsi que ses fr\u00e8res, ses s\u0153urs, ses beaux-fr\u00e8res, ses belles-s\u0153urs, ses neveux, ses ni\u00e8ces et de nombreux ami(e)s.<\/p>\n<p>La famille a confi\u00e9 les arrangements aux services professionnels de la Maison L.J.G. Mallet du 1429, rue du Canot \u00e0 Havre-St-Pierre, maintenant reconnue Distinction et membre de la Corporation des Thanatologues du Qu\u00e9bec.<\/p>\n<p>Vous pouvez consulter cet avis de d\u00e9c\u00e8s, sur le <a href=\"https:\/\/nouveau.maisonmallet.com\">www.maisonmallet.com<\/a><\/p>\n<p>Ceux et celles qui le d\u00e9sirent, peuvent y envoyer des messages de sympathie.<\/p>\n<hr \/>\n<p>Envoyer vos condol\u00e9ances<\/p>\n<p>[contact-form to=\u00a0\u00bbcaro_666@live.ca\u00a0\u00bb subject=\u00a0\u00bbCondol\u00e9ances Jean-Guy Rochette\u00a0\u00bb][contact-field label=\u00a0\u00bbVotre nom\u00a0\u00bb type=\u00a0\u00bbname\u00a0\u00bb required=\u00a0\u00bb1&Prime;][contact-field label=\u00a0\u00bbVotre courriel\u00a0\u00bb type=\u00a0\u00bbemail\u00a0\u00bb required=\u00a0\u00bb1&Prime;][contact-field label=\u00a0\u00bbCondol\u00e9ances\u00a0\u00bb type=\u00a0\u00bbtextarea\u00a0\u00bb][\/contact-form]<\/p>\n","protected":false},"featured_media":23343,"template":"","event_cat":[7],"class_list":["post-51813","event","type-event","status-publish","has-post-thumbnail","hentry","event_cat-maison-l-j-g-mallet-inc"],"_links":{"self":[{"href":"https:\/\/nouveau.maisonmallet.com\/back05_01\/index.php?rest_route=\/wp\/v2\/event\/51813","targetHints":{"allow":["GET"]}}],"collection":[{"href":"https:\/\/nouveau.maisonmallet.com\/back05_01\/index.php?rest_route=\/wp\/v2\/event"}],"about":[{"href":"https:\/\/nouveau.maisonmallet.com\/back05_01\/index.php?rest_route=\/wp\/v2\/types\/event"}],"wp:featuredmedia":[{"embeddable":true,"href":"https:\/\/nouveau.maisonmallet.com\/back05_01\/index.php?rest_route=\/wp\/v2\/media\/23343"}],"wp:attachment":[{"href":"https:\/\/nouveau.maisonmallet.com\/back05_01\/index.php?rest_route=%2Fwp%2Fv2%2Fmedia&parent=51813"}],"wp:term":[{"taxonomy":"event_cat","embeddable":true,"href":"https:\/\/nouveau.maisonmallet.com\/back05_01\/index.php?rest_route=%2Fwp%2Fv2%2Fevent_cat&post=51813"}],"curies":[{"name":"wp","href":"https:\/\/api.w.org\/{rel}","templated":true}]}}

<p>La Maison L.J.G. Mallet a le regret de vous annoncer le décès de</p>
<p>&nbsp;</p>
<p>Jean-Guy Rochette</p>
<p>1937 – 2024</p>
<p>&nbsp;</p>
<p>À Havre Saint-Pierre, le 10 avril 2024, est décédé à l’âge de 87 ans, monsieur Jean-Guy Rochette fils de feu Dorillas Rochette et de feu Rose-Irma Gallant domicilié à Aguanish.</p>
<p>La cérémonie commémorative de monsieur Jean-Guy Rochette aura lieu le vendredi 21 juin 2024 à 14 h à la chapelle du Complexe Thanatologique Mallet &amp; fils du 585, Boul. Laure à Sept-Îles.</p>
<p>Selon ses volontés, il a été confié au crématorium de la Maison L.J.G. Mallet pour crémation.</p>
<p>La famille reçoit parents et amis le vendredi 21 juin 2024 jour de la cérémonie de 13 h à 14 h au Complexe Thanatologique Mallet &amp; fils du 585 Boul. Laure à Sept-Îles.</p>
<p>Il laisse dans le deuil sa fille Carole (Jocelyn Tanguay), ses fils : Dany (Ineza Ibanez) et Steve (Gina ), ses petits-fils : Tim (Johanna Jarillo), Philippe (Lyne St-Pierre), Sheldon (Alexia Duguay Bernard), Christophe (Jolane ) et Hendrick James, sa petite-fille Paméla (David Lacroix), ses arrière-petites-filles : Shanna, Lily-Rose, Summer, Eléonore et Laëticia, son arrière-petit-fils Théodore ainsi que ses frères, ses sœurs, ses beaux-frères, ses belles-sœurs, ses neveux, ses nièces et de nombreux ami(e)s.</p>
<p>La famille a confié les arrangements aux services professionnels de la Maison L.J.G. Mallet du 1429, rue du Canot à Havre-St-Pierre, maintenant reconnue Distinction et membre de la Corporation des Thanatologues du Québec.</p>
<p>Vous pouvez consulter cet avis de décès, sur le <a href="https://nouveau.maisonmallet.com">www.maisonmallet.com</a></p>
<p>Ceux et celles qui le désirent, peuvent y envoyer des messages de sympathie.</p>
<hr />
<p>Envoyer vos condoléances</p>
<p>[contact-form to= »caro_666@live.ca » subject= »Condoléances Jean-Guy Rochette »][contact-field label= »Votre nom » type= »name » required= »1&Prime;][contact-field label= »Votre courriel » type= »email » required= »1&Prime;][contact-field label= »Condoléances » type= »textarea »][/contact-form]</p>
