{"id":51850,"date":"2024-06-17T14:23:48","date_gmt":"2024-06-17T18:23:48","guid":{"rendered":"https:\/\/nouveau.maisonmallet.com\/?post_type=event&#038;p=51850"},"modified":"2024-07-01T10:38:43","modified_gmt":"2024-07-01T14:38:43","slug":"bourgeois-arnold","status":"publish","type":"event","link":"https:\/\/nouveau.maisonmallet.com\/back05_01\/?event=bourgeois-arnold","title":{"rendered":"BOURGEOIS, Arnold"},"content":{"rendered":"<p>Le Complexe Thanatologique Mallet &amp; fils a le regret de vous annoncer le d\u00e9c\u00e8s de<\/p>\n<p>Arnold Bourgeois<\/p>\n<p>1934 \u2013 2024<\/p>\n<p>&nbsp;<\/p>\n<p>\u00c0 Sept-\u00celes, le 17 juin 2024, est d\u00e9c\u00e9d\u00e9 \u00e0 l\u2019\u00e2ge de 89 ans, monsieur Arnold Bourgeois \u00e9poux de madame Aliette Labrie et domicili\u00e9 \u00e0 Sept-\u00celes.<\/p>\n<p>Les fun\u00e9railles de monsieur Arnold Bourgeois auront lieu le samedi 29 juin 2024 \u00e0 14 h en l\u2019\u00e9glise Marie-Immacul\u00e9e situ\u00e9e au 180, rue Papineau \u00e0 Sept-\u00celes et de l\u00e0 au Cimeti\u00e8re Catholique de Sept-\u00celes.<\/p>\n<p>La famille re\u00e7oit parents et amis le vendredi 28 juin 2024 de 19 h \u00e0 22 h. Le samedi 29 juin 2024 jour des fun\u00e9railles \u00e0 compter de 12 h 30 au Complexe Thanatologique Mallet &amp; fils du 585, boul. Laure \u00e0 Sept-\u00celes.<\/p>\n<p>Il laisse dans le deuil outre son \u00e9pouse madame Aliette Labrie, son fils Daniel, sa fille Nathalie (feu Ren\u00e9 Lagarde), ses petites-filles\u00a0: Alexandra, M\u00e9lissa, Fanny (Jonathan Chamaillard), Krystel (Simon Lafrance) et Caroline (Denis Tardif), son petit-fils \u00c9than, ses petites-filles\u00a0: Coralie, Kaysie, \u00c9lodie, Florence et Kalya ainsi que son fr\u00e8re Valmond (Johanne), sa s\u0153ur Rolande ses neveux, ses ni\u00e8ces, ses cousins, ses cousines et de nombreux ami(e)s.<\/p>\n<p>Il \u00e9tait le p\u00e8re de feu Andr\u00e9, feu R\u00e9jean, feu Jacques et feu Michel.<\/p>\n<p>La famille a confi\u00e9 la direction des fun\u00e9railles aux services professionnels de la Maison Mallet &amp; fils du 585, boul. Laure \u00e0 Sept-\u00celes, maintenant reconnue Distinction et membre de la Corporation des Thanatologues du Qu\u00e9bec.<\/p>\n<p>Vous pouvez consulter cet avis de d\u00e9c\u00e8s sur le <a href=\"https:\/\/nouveau.maisonmallet.com\">www.maisonmallet.com<\/a><\/p>\n<p>Ceux et celles qui le d\u00e9sirent, peuvent y envoyer des messages de sympathies.<\/p>\n<p>&nbsp;<\/p>\n<hr \/>\n<p>Envoyer vos condol\u00e9ances<\/p>\n<p>[contact-form to=\u00a0\u00bbkrystelx@me.com\u00a0\u00bb subject=\u00a0\u00bbCondol\u00e9ances Arnold Bourgeois\u00a0\u00bb][contact-field label=\u00a0\u00bbVotre nom\u00a0\u00bb type=\u00a0\u00bbname\u00a0\u00bb required=\u00a0\u00bb1&Prime;][contact-field label=\u00a0\u00bbVotre courriel\u00a0\u00bb type=\u00a0\u00bbemail\u00a0\u00bb required=\u00a0\u00bb1&Prime;][contact-field label=\u00a0\u00bbCondol\u00e9ances\u00a0\u00bb type=\u00a0\u00bbtextarea\u00a0\u00bb][\/contact-form]<\/p>\n","protected":false},"featured_media":51914,"template":"","event_cat":[6],"class_list":["post-51850","event","type-event","status-publish","has-post-thumbnail","hentry","event_cat-maison-mallet-et-fils-inc"],"_links":{"self":[{"href":"https:\/\/nouveau.maisonmallet.com\/back05_01\/index.php?rest_route=\/wp\/v2\/event\/51850","targetHints":{"allow":["GET"]}}],"collection":[{"href":"https:\/\/nouveau.maisonmallet.com\/back05_01\/index.php?rest_route=\/wp\/v2\/event"}],"about":[{"href":"https:\/\/nouveau.maisonmallet.com\/back05_01\/index.php?rest_route=\/wp\/v2\/types\/event"}],"wp:featuredmedia":[{"embeddable":true,"href":"https:\/\/nouveau.maisonmallet.com\/back05_01\/index.php?rest_route=\/wp\/v2\/media\/51914"}],"wp:attachment":[{"href":"https:\/\/nouveau.maisonmallet.com\/back05_01\/index.php?rest_route=%2Fwp%2Fv2%2Fmedia&parent=51850"}],"wp:term":[{"taxonomy":"event_cat","embeddable":true,"href":"https:\/\/nouveau.maisonmallet.com\/back05_01\/index.php?rest_route=%2Fwp%2Fv2%2Fevent_cat&post=51850"}],"curies":[{"name":"wp","href":"https:\/\/api.w.org\/{rel}","templated":true}]}}

<p>Le Complexe Thanatologique Mallet &amp; fils a le regret de vous annoncer le décès de</p>
<p>Arnold Bourgeois</p>
<p>1934 – 2024</p>
<p>&nbsp;</p>
<p>À Sept-Îles, le 17 juin 2024, est décédé à l’âge de 89 ans, monsieur Arnold Bourgeois époux de madame Aliette Labrie et domicilié à Sept-Îles.</p>
<p>Les funérailles de monsieur Arnold Bourgeois auront lieu le samedi 29 juin 2024 à 14 h en l’église Marie-Immaculée située au 180, rue Papineau à Sept-Îles et de là au Cimetière Catholique de Sept-Îles.</p>
<p>La famille reçoit parents et amis le vendredi 28 juin 2024 de 19 h à 22 h. Le samedi 29 juin 2024 jour des funérailles à compter de 12 h 30 au Complexe Thanatologique Mallet &amp; fils du 585, boul. Laure à Sept-Îles.</p>
<p>Il laisse dans le deuil outre son épouse madame Aliette Labrie, son fils Daniel, sa fille Nathalie (feu René Lagarde), ses petites-filles : Alexandra, Mélissa, Fanny (Jonathan Chamaillard), Krystel (Simon Lafrance) et Caroline (Denis Tardif), son petit-fils Éthan, ses petites-filles : Coralie, Kaysie, Élodie, Florence et Kalya ainsi que son frère Valmond (Johanne), sa sœur Rolande ses neveux, ses nièces, ses cousins, ses cousines et de nombreux ami(e)s.</p>
<p>Il était le père de feu André, feu Réjean, feu Jacques et feu Michel.</p>
<p>La famille a confié la direction des funérailles aux services professionnels de la Maison Mallet &amp; fils du 585, boul. Laure à Sept-Îles, maintenant reconnue Distinction et membre de la Corporation des Thanatologues du Québec.</p>
<p>Vous pouvez consulter cet avis de décès sur le <a href="https://nouveau.maisonmallet.com">www.maisonmallet.com</a></p>
<p>Ceux et celles qui le désirent, peuvent y envoyer des messages de sympathies.</p>
<p>&nbsp;</p>
<hr />
<p>Envoyer vos condoléances</p>
<p>[contact-form to= »krystelx@me.com » subject= »Condoléances Arnold Bourgeois »][contact-field label= »Votre nom » type= »name » required= »1&Prime;][contact-field label= »Votre courriel » type= »email » required= »1&Prime;][contact-field label= »Condoléances » type= »textarea »][/contact-form]</p>
