{"id":51926,"date":"2024-06-19T16:45:03","date_gmt":"2024-06-19T20:45:03","guid":{"rendered":"https:\/\/nouveau.maisonmallet.com\/?post_type=event&#038;p=51926"},"modified":"2024-08-31T09:26:00","modified_gmt":"2024-08-31T13:26:00","slug":"deschenes-diane","status":"publish","type":"event","link":"https:\/\/nouveau.maisonmallet.com\/back05_01\/?event=deschenes-diane","title":{"rendered":"Desch\u00eanes, Diane"},"content":{"rendered":"<p>Le Complexe Thanatologique Mallet &amp; fils a le regret de vous annoncer le d\u00e9c\u00e8s de<\/p>\n<p>&nbsp;<\/p>\n<p>Diane Desch\u00eanes<\/p>\n<p>1950 \u2013 2024<\/p>\n<p>&nbsp;<\/p>\n<p>\u00c0 Sept-\u00celes, le 19 juin 2024, est d\u00e9c\u00e9d\u00e9e \u00e0 l\u2019\u00e2ge de 73 ans, madame Diane Desch\u00eanes, \u00e9pouse de monsieur Berthier Tremblay, fille de feu Hyppolite Desch\u00eanes et de feu Corana Langlais, domicili\u00e9e \u00e0 Sept-\u00celes.<\/p>\n<p>Les fun\u00e9railles de madame Diane Desch\u00eanes auront lieu le samedi 6 juillet 2024 \u00e0 14 h en l\u2019\u00e9glise St-Joseph situ\u00e9e au 535, ave. Brochu \u00e0 Sept-\u00celes et de l\u00e0 au cr\u00e9matorium de la maison Mallet &amp; fils pour cr\u00e9mation.<\/p>\n<p>La famille re\u00e7oit parents et amis le vendredi 5 juillet 2024 de 19 h \u00e0 22 h. Le samedi 6 juillet 2024 jour des fun\u00e9railles \u00e0 compter de 10 h au Complexe Thanatologique Mallet &amp; fils du 585 Boul. Laure \u00e0 Sept-\u00celes.<\/p>\n<p>Elle laisse dans le deuil outre son \u00e9poux monsieur Berthier Tremblay, Pascal (Marie-Christine Lebel) et Martin (Marie-H\u00e9l\u00e8ne Besnier), ses petites-filles\u00a0: Ma\u00e9va, Ga\u00eblle, Laure et Anne-Sophie, son petit-fils Charles ainsi que ses s\u0153urs\u00a0: Suzette (Roland), Johanne (Gilles) et Andr\u00e9e (Yves), ses beaux-fr\u00e8res, ses belles-s\u0153urs, ses neveux, ses ni\u00e8ces, ses cousines, ses cousins et de nombreux ami(e)s.<\/p>\n<p>Elle \u00e9tait la s\u0153ur feu Claude (Michelle).<\/p>\n<p>La famille a confi\u00e9 la direction des fun\u00e9railles aux services professionnels de la Maison Mallet &amp; fils du 585 boul. Laure \u00e0 Sept-\u00celes, maintenant reconnue Distinction et membre de la Corporation des Thanatologues du Qu\u00e9bec.<\/p>\n<p>Vous pouvez consulter cet avis de d\u00e9c\u00e8s sur le <a href=\"https:\/\/nouveau.maisonmallet.com\">www.maisonmallet.com<\/a><\/p>\n<p>Ceux et celles qui le d\u00e9sirent, peuvent y envoyer des messages de sympathie.<\/p>\n<hr \/>\n<p>Envoyer vos condol\u00e9ances<\/p>\n<p>[contact-form to=\u00a0\u00bbberthier.tremblay@telus.net\u00a0\u00bb subject=\u00a0\u00bbCondol\u00e9ances Diane Desch\u00eanes\u00a0\u00bb][contact-field label=\u00a0\u00bbVotre nom\u00a0\u00bb type=\u00a0\u00bbname\u00a0\u00bb required=\u00a0\u00bb1&Prime;][contact-field label=\u00a0\u00bbVotre courriel\u00a0\u00bb type=\u00a0\u00bbemail\u00a0\u00bb required=\u00a0\u00bb1&Prime;][contact-field label=\u00a0\u00bbCondol\u00e9ances\u00a0\u00bb type=\u00a0\u00bbtextarea\u00a0\u00bb][\/contact-form]<\/p>\n","protected":false},"featured_media":52008,"template":"","event_cat":[6],"class_list":["post-51926","event","type-event","status-publish","has-post-thumbnail","hentry","event_cat-maison-mallet-et-fils-inc"],"_links":{"self":[{"href":"https:\/\/nouveau.maisonmallet.com\/back05_01\/index.php?rest_route=\/wp\/v2\/event\/51926","targetHints":{"allow":["GET"]}}],"collection":[{"href":"https:\/\/nouveau.maisonmallet.com\/back05_01\/index.php?rest_route=\/wp\/v2\/event"}],"about":[{"href":"https:\/\/nouveau.maisonmallet.com\/back05_01\/index.php?rest_route=\/wp\/v2\/types\/event"}],"wp:featuredmedia":[{"embeddable":true,"href":"https:\/\/nouveau.maisonmallet.com\/back05_01\/index.php?rest_route=\/wp\/v2\/media\/52008"}],"wp:attachment":[{"href":"https:\/\/nouveau.maisonmallet.com\/back05_01\/index.php?rest_route=%2Fwp%2Fv2%2Fmedia&parent=51926"}],"wp:term":[{"taxonomy":"event_cat","embeddable":true,"href":"https:\/\/nouveau.maisonmallet.com\/back05_01\/index.php?rest_route=%2Fwp%2Fv2%2Fevent_cat&post=51926"}],"curies":[{"name":"wp","href":"https:\/\/api.w.org\/{rel}","templated":true}]}}

Deschênes, Diane

<p>Le Complexe Thanatologique Mallet &amp; fils a le regret de vous annoncer le décès de</p>
<p>&nbsp;</p>
<p>Diane Deschênes</p>
<p>1950 – 2024</p>
<p>&nbsp;</p>
<p>À Sept-Îles, le 19 juin 2024, est décédée à l’âge de 73 ans, madame Diane Deschênes, épouse de monsieur Berthier Tremblay, fille de feu Hyppolite Deschênes et de feu Corana Langlais, domiciliée à Sept-Îles.</p>
<p>Les funérailles de madame Diane Deschênes auront lieu le samedi 6 juillet 2024 à 14 h en l’église St-Joseph située au 535, ave. Brochu à Sept-Îles et de là au crématorium de la maison Mallet &amp; fils pour crémation.</p>
<p>La famille reçoit parents et amis le vendredi 5 juillet 2024 de 19 h à 22 h. Le samedi 6 juillet 2024 jour des funérailles à compter de 10 h au Complexe Thanatologique Mallet &amp; fils du 585 Boul. Laure à Sept-Îles.</p>
<p>Elle laisse dans le deuil outre son époux monsieur Berthier Tremblay, Pascal (Marie-Christine Lebel) et Martin (Marie-Hélène Besnier), ses petites-filles : Maéva, Gaëlle, Laure et Anne-Sophie, son petit-fils Charles ainsi que ses sœurs : Suzette (Roland), Johanne (Gilles) et Andrée (Yves), ses beaux-frères, ses belles-sœurs, ses neveux, ses nièces, ses cousines, ses cousins et de nombreux ami(e)s.</p>
<p>Elle était la sœur feu Claude (Michelle).</p>
<p>La famille a confié la direction des funérailles aux services professionnels de la Maison Mallet &amp; fils du 585 boul. Laure à Sept-Îles, maintenant reconnue Distinction et membre de la Corporation des Thanatologues du Québec.</p>
<p>Vous pouvez consulter cet avis de décès sur le <a href="https://nouveau.maisonmallet.com">www.maisonmallet.com</a></p>
<p>Ceux et celles qui le désirent, peuvent y envoyer des messages de sympathie.</p>
<hr />
<p>Envoyer vos condoléances</p>
<p>[contact-form to= »berthier.tremblay@telus.net » subject= »Condoléances Diane Deschênes »][contact-field label= »Votre nom » type= »name » required= »1&Prime;][contact-field label= »Votre courriel » type= »email » required= »1&Prime;][contact-field label= »Condoléances » type= »textarea »][/contact-form]</p>
