{"id":52011,"date":"2024-06-07T17:55:07","date_gmt":"2024-06-07T21:55:07","guid":{"rendered":"https:\/\/nouveau.maisonmallet.com\/?post_type=event&#038;p=52011"},"modified":"2024-08-31T09:23:12","modified_gmt":"2024-08-31T13:23:12","slug":"boucher-raymond","status":"publish","type":"event","link":"https:\/\/nouveau.maisonmallet.com\/back05_01\/?event=boucher-raymond","title":{"rendered":"BOUCHER, Raymond"},"content":{"rendered":"<p>La Maison L.J.G. Mallet a le regret de vous annoncer le d\u00e9c\u00e8s de<\/p>\n<p>Raymond Boucher<\/p>\n<p>1943 \u2013 2024<\/p>\n<p>&nbsp;<\/p>\n<p>\u00c0 Havre-Saint-Pierre, le 7 juin 2024, est d\u00e9c\u00e9d\u00e9 \u00e0 l\u2019\u00e2ge de 81 ans monsieur Raymond Boucher fils de feu Wilfrid Boucher et de feu \u00c9lisabeth Grant domicili\u00e9 \u00e0 Havre-Saint-Pierre.<\/p>\n<p>Les fun\u00e9railles de monsieur Raymond Boucher auront lieu le samedi 3 ao\u00fbt 2024 \u00e0 14 h en l\u2019\u00e9glise St-Fran\u00e7ois d\u2019Assise de Longue-Pointe-de-Mingan et de l\u00e0 au cimeti\u00e8re de l\u2019endroit.<\/p>\n<p>Selon ses volont\u00e9s, il a \u00e9t\u00e9 confi\u00e9 au cr\u00e9matorium de la Maison L.J.G. Mallet pour cr\u00e9mation.<\/p>\n<p>La famille re\u00e7oit parents et amis le samedi 3 ao\u00fbt 2024 jour des fun\u00e9railles \u00e0 compter de 13 h \u00e0 l\u2019\u00e9glise St-Fran\u00e7ois d\u2019Assise de Longue-Pointe-de-Mingan.<\/p>\n<p>Il laisse dans le deuil son fr\u00e8re monsieur Edwin (feu Georgette Bouchard), sa s\u0153ur madame Nicole (feu Victor Lacarte), ses beaux-fr\u00e8res\u00a0: Edmond Bond, Roger Caron et Omer Vibert ainsi que ses neveux, ses ni\u00e8ces, ses cousins, ses cousines et de nombreux ami(e)s.<\/p>\n<p>Il \u00e9tait le fr\u00e8re de feu Marie-Berthe, feu Lucien, feu Doroth\u00e9e et feu Claudette Boucher.<\/p>\n<p>La famille Boucher tient \u00e0 remercier le personnel du CHSLD de la Minganie pour les bons soins prodigu\u00e9s \u00e0 leur fr\u00e8re.<\/p>\n<p>La famille a confi\u00e9 la direction des fun\u00e9railles aux services professionnels de la Maison L.J.G. Mallet du 1429, rue du Canot \u00e0 Havre-St-Pierre, maintenant reconnue Distinction et membre de la Corporation des Thanatologues du Qu\u00e9bec.<\/p>\n<p>Vous pouvez consulter cet avis de d\u00e9c\u00e8s, sur le <a href=\"https:\/\/nouveau.maisonmallet.com\">www.maisonmallet.com<\/a><\/p>\n<p>Ceux et celles qui le d\u00e9sirent, peuvent y envoyer des messages de sympathie.<\/p>\n<p>&nbsp;<\/p>\n<hr \/>\n<p>Envoyer vos condol\u00e9ances<\/p>\n<p>[contact-form to=\u00a0\u00bbsophievibert@hotmail.com\u00a0\u00bb subject=\u00a0\u00bbCondol\u00e9ances Raymond Boucher\u00a0\u00bb][contact-field label=\u00a0\u00bbVotre nom\u00a0\u00bb type=\u00a0\u00bbname\u00a0\u00bb required=\u00a0\u00bb1&Prime;][contact-field label=\u00a0\u00bbVotre courriel\u00a0\u00bb type=\u00a0\u00bbemail\u00a0\u00bb required=\u00a0\u00bb1&Prime;][contact-field label=\u00a0\u00bbCondol\u00e9ances\u00a0\u00bb type=\u00a0\u00bbtextarea\u00a0\u00bb][\/contact-form]<\/p>\n","protected":false},"featured_media":52201,"template":"","event_cat":[7],"class_list":["post-52011","event","type-event","status-publish","has-post-thumbnail","hentry","event_cat-maison-l-j-g-mallet-inc"],"_links":{"self":[{"href":"https:\/\/nouveau.maisonmallet.com\/back05_01\/index.php?rest_route=\/wp\/v2\/event\/52011","targetHints":{"allow":["GET"]}}],"collection":[{"href":"https:\/\/nouveau.maisonmallet.com\/back05_01\/index.php?rest_route=\/wp\/v2\/event"}],"about":[{"href":"https:\/\/nouveau.maisonmallet.com\/back05_01\/index.php?rest_route=\/wp\/v2\/types\/event"}],"wp:featuredmedia":[{"embeddable":true,"href":"https:\/\/nouveau.maisonmallet.com\/back05_01\/index.php?rest_route=\/wp\/v2\/media\/52201"}],"wp:attachment":[{"href":"https:\/\/nouveau.maisonmallet.com\/back05_01\/index.php?rest_route=%2Fwp%2Fv2%2Fmedia&parent=52011"}],"wp:term":[{"taxonomy":"event_cat","embeddable":true,"href":"https:\/\/nouveau.maisonmallet.com\/back05_01\/index.php?rest_route=%2Fwp%2Fv2%2Fevent_cat&post=52011"}],"curies":[{"name":"wp","href":"https:\/\/api.w.org\/{rel}","templated":true}]}}

<p>La Maison L.J.G. Mallet a le regret de vous annoncer le décès de</p>
<p>Raymond Boucher</p>
<p>1943 – 2024</p>
<p>&nbsp;</p>
<p>À Havre-Saint-Pierre, le 7 juin 2024, est décédé à l’âge de 81 ans monsieur Raymond Boucher fils de feu Wilfrid Boucher et de feu Élisabeth Grant domicilié à Havre-Saint-Pierre.</p>
<p>Les funérailles de monsieur Raymond Boucher auront lieu le samedi 3 août 2024 à 14 h en l’église St-François d’Assise de Longue-Pointe-de-Mingan et de là au cimetière de l’endroit.</p>
<p>Selon ses volontés, il a été confié au crématorium de la Maison L.J.G. Mallet pour crémation.</p>
<p>La famille reçoit parents et amis le samedi 3 août 2024 jour des funérailles à compter de 13 h à l’église St-François d’Assise de Longue-Pointe-de-Mingan.</p>
<p>Il laisse dans le deuil son frère monsieur Edwin (feu Georgette Bouchard), sa sœur madame Nicole (feu Victor Lacarte), ses beaux-frères : Edmond Bond, Roger Caron et Omer Vibert ainsi que ses neveux, ses nièces, ses cousins, ses cousines et de nombreux ami(e)s.</p>
<p>Il était le frère de feu Marie-Berthe, feu Lucien, feu Dorothée et feu Claudette Boucher.</p>
<p>La famille Boucher tient à remercier le personnel du CHSLD de la Minganie pour les bons soins prodigués à leur frère.</p>
<p>La famille a confié la direction des funérailles aux services professionnels de la Maison L.J.G. Mallet du 1429, rue du Canot à Havre-St-Pierre, maintenant reconnue Distinction et membre de la Corporation des Thanatologues du Québec.</p>
<p>Vous pouvez consulter cet avis de décès, sur le <a href="https://nouveau.maisonmallet.com">www.maisonmallet.com</a></p>
<p>Ceux et celles qui le désirent, peuvent y envoyer des messages de sympathie.</p>
<p>&nbsp;</p>
<hr />
<p>Envoyer vos condoléances</p>
<p>[contact-form to= »sophievibert@hotmail.com » subject= »Condoléances Raymond Boucher »][contact-field label= »Votre nom » type= »name » required= »1&Prime;][contact-field label= »Votre courriel » type= »email » required= »1&Prime;][contact-field label= »Condoléances » type= »textarea »][/contact-form]</p>
