{"id":52690,"date":"2024-07-13T13:11:15","date_gmt":"2024-07-13T17:11:15","guid":{"rendered":"https:\/\/nouveau.maisonmallet.com\/?post_type=event&#038;p=52690"},"modified":"2024-08-31T09:12:38","modified_gmt":"2024-08-31T13:12:38","slug":"gregoire-jean-baptiste","status":"publish","type":"event","link":"https:\/\/nouveau.maisonmallet.com\/back05_01\/?event=gregoire-jean-baptiste","title":{"rendered":"GR\u00c9GOIRE, Jean-Baptiste"},"content":{"rendered":"<p>Le Complexe Thanatologique Mallet &amp; fils a le regret de vous annoncer le d\u00e9c\u00e8s de<\/p>\n<p>&nbsp;<\/p>\n<p>&nbsp;<\/p>\n<p>Jean-Baptiste Gr\u00e9goire<\/p>\n<p>1944 \u2013 2024<\/p>\n<p>&nbsp;<\/p>\n<p>&nbsp;<\/p>\n<p>\u00c0 Sept-\u00celes, le 13 juillet 2024, est d\u00e9c\u00e9d\u00e9 \u00e0 l\u2019\u00e2ge de 79 ans, monsieur Jean-Baptiste Gr\u00e9goire conjoint de madame Marie-Reine Vollant domicili\u00e9 \u00e0 Mani-utenam.<\/p>\n<p>Les fun\u00e9railles de monsieur Jean-Baptiste Gr\u00e9goire auront lieu le samedi 20 juillet 2024 \u00e0 10 h en l\u2019\u00e9glise Notre-Dame du Cap situ\u00e9e au 139, rue de l\u2019\u00c9glise \u00e0 Mani-utenam et de l\u00e0 au cimeti\u00e8re de Mani-utenam.<\/p>\n<p>La famille re\u00e7oit parents et amis le vendredi 19 juillet 2024 de 10 h \u00e0 16 h et de 19 h \u00e0 22 h. Le samedi 20 juillet 2024 jour des fun\u00e9railles \u00e0 compter de 8 h \u00e0 l\u2019\u00e9glise Notre-Dame du Cap situ\u00e9e au 139, rue de l\u2019\u00c9glise \u00e0 Mani-utenam.<\/p>\n<p>Il laisse dans le deuil sa conjointe madame Marie-Reine Vollant (ses enfants Nathalie Ouellet (Eric Jean) et Gilles Ouellet (Isabelle Parent), ses enfants\u00a0: Martine, Denise (Odilon Gr\u00e9goire), Isabelle et Michel (Martha Sandy Gr\u00e9goire), ses petits-enfants, ses arri\u00e8re-petits-enfants, son fr\u00e8re Alphonse (Marie Moreau), ses beaux-fr\u00e8res, ses belles-s\u0153urs ainsi que ses neveux, ses ni\u00e8ces, ses cousins, ses cousines et de nombreux ami(e)s.<\/p>\n<p>Il \u00e9tait le p\u00e8re de feu Dolor\u00e8s Gr\u00e9goire.<\/p>\n<p>La famille a confi\u00e9 la direction des fun\u00e9railles aux services professionnels de la Maison Mallet &amp; fils du 585, Boul. Laure \u00e0 Sept-\u00celes, maintenant reconnue Distinction et membre de la Corporation des Thanatologues du Qu\u00e9bec.<\/p>\n<p>Vous pouvez consulter cet avis de d\u00e9c\u00e8s sur le <a href=\"https:\/\/nouveau.maisonmallet.com\">www.maisonmallet.com<\/a><\/p>\n<p>Ceux et celles qui le d\u00e9sirent, peuvent y envoyer des messages de condol\u00e9ances.<\/p>\n<hr \/>\n<p>Envoyer vos condol\u00e9ances<\/p>\n<p>[contact-form to=\u00a0\u00bbmariereine1946@icloud.com\u00a0\u00bb subject=\u00a0\u00bbCondol\u00e9ances Jean-Baptiste Gr\u00e9goire\u00a0\u00bb][contact-field label=\u00a0\u00bbVotre nom\u00a0\u00bb type=\u00a0\u00bbname\u00a0\u00bb required=\u00a0\u00bb1&Prime;][contact-field label=\u00a0\u00bbVotre courriel\u00a0\u00bb type=\u00a0\u00bbemail\u00a0\u00bb required=\u00a0\u00bb1&Prime;][contact-field label=\u00a0\u00bbCondol\u00e9ances\u00a0\u00bb type=\u00a0\u00bbtextarea\u00a0\u00bb][\/contact-form]<\/p>\n","protected":false},"featured_media":52692,"template":"","event_cat":[6],"class_list":["post-52690","event","type-event","status-publish","has-post-thumbnail","hentry","event_cat-maison-mallet-et-fils-inc"],"_links":{"self":[{"href":"https:\/\/nouveau.maisonmallet.com\/back05_01\/index.php?rest_route=\/wp\/v2\/event\/52690","targetHints":{"allow":["GET"]}}],"collection":[{"href":"https:\/\/nouveau.maisonmallet.com\/back05_01\/index.php?rest_route=\/wp\/v2\/event"}],"about":[{"href":"https:\/\/nouveau.maisonmallet.com\/back05_01\/index.php?rest_route=\/wp\/v2\/types\/event"}],"wp:featuredmedia":[{"embeddable":true,"href":"https:\/\/nouveau.maisonmallet.com\/back05_01\/index.php?rest_route=\/wp\/v2\/media\/52692"}],"wp:attachment":[{"href":"https:\/\/nouveau.maisonmallet.com\/back05_01\/index.php?rest_route=%2Fwp%2Fv2%2Fmedia&parent=52690"}],"wp:term":[{"taxonomy":"event_cat","embeddable":true,"href":"https:\/\/nouveau.maisonmallet.com\/back05_01\/index.php?rest_route=%2Fwp%2Fv2%2Fevent_cat&post=52690"}],"curies":[{"name":"wp","href":"https:\/\/api.w.org\/{rel}","templated":true}]}}

GRÉGOIRE, Jean-Baptiste

<p>Le Complexe Thanatologique Mallet &amp; fils a le regret de vous annoncer le décès de</p>
<p>&nbsp;</p>
<p>&nbsp;</p>
<p>Jean-Baptiste Grégoire</p>
<p>1944 – 2024</p>
<p>&nbsp;</p>
<p>&nbsp;</p>
<p>À Sept-Îles, le 13 juillet 2024, est décédé à l’âge de 79 ans, monsieur Jean-Baptiste Grégoire conjoint de madame Marie-Reine Vollant domicilié à Mani-utenam.</p>
<p>Les funérailles de monsieur Jean-Baptiste Grégoire auront lieu le samedi 20 juillet 2024 à 10 h en l’église Notre-Dame du Cap située au 139, rue de l’Église à Mani-utenam et de là au cimetière de Mani-utenam.</p>
<p>La famille reçoit parents et amis le vendredi 19 juillet 2024 de 10 h à 16 h et de 19 h à 22 h. Le samedi 20 juillet 2024 jour des funérailles à compter de 8 h à l’église Notre-Dame du Cap située au 139, rue de l’Église à Mani-utenam.</p>
<p>Il laisse dans le deuil sa conjointe madame Marie-Reine Vollant (ses enfants Nathalie Ouellet (Eric Jean) et Gilles Ouellet (Isabelle Parent), ses enfants : Martine, Denise (Odilon Grégoire), Isabelle et Michel (Martha Sandy Grégoire), ses petits-enfants, ses arrière-petits-enfants, son frère Alphonse (Marie Moreau), ses beaux-frères, ses belles-sœurs ainsi que ses neveux, ses nièces, ses cousins, ses cousines et de nombreux ami(e)s.</p>
<p>Il était le père de feu Dolorès Grégoire.</p>
<p>La famille a confié la direction des funérailles aux services professionnels de la Maison Mallet &amp; fils du 585, Boul. Laure à Sept-Îles, maintenant reconnue Distinction et membre de la Corporation des Thanatologues du Québec.</p>
<p>Vous pouvez consulter cet avis de décès sur le <a href="https://nouveau.maisonmallet.com">www.maisonmallet.com</a></p>
<p>Ceux et celles qui le désirent, peuvent y envoyer des messages de condoléances.</p>
<hr />
<p>Envoyer vos condoléances</p>
<p>[contact-form to= »mariereine1946@icloud.com » subject= »Condoléances Jean-Baptiste Grégoire »][contact-field label= »Votre nom » type= »name » required= »1&Prime;][contact-field label= »Votre courriel » type= »email » required= »1&Prime;][contact-field label= »Condoléances » type= »textarea »][/contact-form]</p>
