{"id":52752,"date":"2024-06-28T14:24:32","date_gmt":"2024-06-28T18:24:32","guid":{"rendered":"https:\/\/nouveau.maisonmallet.com\/?post_type=event&#038;p=52752"},"modified":"2024-08-31T09:11:44","modified_gmt":"2024-08-31T13:11:44","slug":"lefrancois-roland","status":"publish","type":"event","link":"https:\/\/nouveau.maisonmallet.com\/back05_01\/?event=lefrancois-roland","title":{"rendered":"LEFRAN\u00c7OIS, Roland"},"content":{"rendered":"<p>Le Complexe Thanatologique Mallet &amp; fils a le regret de vous annoncer le d\u00e9c\u00e8s de<\/p>\n<p>&nbsp;<\/p>\n<p>Roland Lefran\u00e7ois<\/p>\n<p>1955 &#8211; 2024<\/p>\n<p>&nbsp;<\/p>\n<p>\u00c0 Qu\u00e9bec, le 28 juin 2024, est d\u00e9c\u00e9d\u00e9 \u00e0 l\u2019\u00e2ge de 68 ans, monsieur Roland Lefran\u00e7ois fils de feu Adrien Lefran\u00e7ois et de feu Marie-Anna Desch\u00eanes domicili\u00e9 \u00e0 Baie-Trinit\u00e9.<\/p>\n<p>Les fun\u00e9railles de monsieur Roland Lefran\u00e7ois auront lieu le samedi 27 juillet 2024 \u00e0 11 h \u00e0 la salle multifonctionnelle de Baie-Trinit\u00e9.<\/p>\n<p>Selon ses volont\u00e9s, il a \u00e9t\u00e9 confi\u00e9 au cr\u00e9matorium de la Maison Mallet &amp; fils pour cr\u00e9mation.<\/p>\n<p>La famille re\u00e7oit parents et amis le samedi 27 juillet 2024 de 10 h \u00e0 11 h \u00e0 la salle multifonctionnelle de Baie-Trinit\u00e9 et de l\u00e0 au cimeti\u00e8re de Baie-Trinit\u00e9.<\/p>\n<p>Il laisse dans le deuil ses fils Donald et Jimmy (Marie-Claude Gauthier), sa fille Cindy, ses onze petits-enfants, son arri\u00e8re-petite-fille ainsi que ses fr\u00e8res\u00a0: Georges (R\u00e9jeanne Ringuette) et Jean-Marc (Marl\u00e8ne Ringuette), ses s\u0153urs\u00a0: Line (feu Alcide Pr\u00e9vereau), Jocelyne (Jocelyn Lajoie), Jacinthe (Rodrigue Sergerie) et Henriette (feu Paul-\u00c9mile Leblanc), ses beaux-fr\u00e8res, ses belles-s\u0153urs, ses neveux, ses ni\u00e8ces, ses cousins, ses cousines et de nombreux ami(e)s.<\/p>\n<p>La famille a confi\u00e9 les arrangements aux services professionnels de la Maison Mallet &amp; fils du 57, route 138 \u00e0 Port-Cartier, maintenant reconnue Distinction et membre de la Corporation des Thanatologues du Qu\u00e9bec<\/p>\n<p>Vous pouvez consulter cet avis de d\u00e9c\u00e8s, sur le\u00a0<a href=\"https:\/\/nouveau.maisonmallet.com\/\">www.maisonmallet.com<\/a><\/p>\n<p>Ceux et celle qui le d\u00e9sirent, peuvent y envoyer des messages de sympathie.<\/p>\n<hr \/>\n<p>Envoyer vos condol\u00e9ances<\/p>\n<p>[contact-form to=\u00a0\u00bbcindylefl@gmail.com\u00a0\u00bb subject=\u00a0\u00bbCondol\u00e9ances Roland Lefrancois\u00a0\u00bb][contact-field label=\u00a0\u00bbVotre nom\u00a0\u00bb type=\u00a0\u00bbname\u00a0\u00bb required=\u00a0\u00bb1&Prime;][contact-field label=\u00a0\u00bbVotre courriel\u00a0\u00bb type=\u00a0\u00bbemail\u00a0\u00bb required=\u00a0\u00bb1&Prime;][contact-field label=\u00a0\u00bbCondol\u00e9ances\u00a0\u00bb type=\u00a0\u00bbtextarea\u00a0\u00bb][\/contact-form]<\/p>\n","protected":false},"featured_media":52755,"template":"","event_cat":[6],"class_list":["post-52752","event","type-event","status-publish","has-post-thumbnail","hentry","event_cat-maison-mallet-et-fils-inc"],"_links":{"self":[{"href":"https:\/\/nouveau.maisonmallet.com\/back05_01\/index.php?rest_route=\/wp\/v2\/event\/52752","targetHints":{"allow":["GET"]}}],"collection":[{"href":"https:\/\/nouveau.maisonmallet.com\/back05_01\/index.php?rest_route=\/wp\/v2\/event"}],"about":[{"href":"https:\/\/nouveau.maisonmallet.com\/back05_01\/index.php?rest_route=\/wp\/v2\/types\/event"}],"wp:featuredmedia":[{"embeddable":true,"href":"https:\/\/nouveau.maisonmallet.com\/back05_01\/index.php?rest_route=\/wp\/v2\/media\/52755"}],"wp:attachment":[{"href":"https:\/\/nouveau.maisonmallet.com\/back05_01\/index.php?rest_route=%2Fwp%2Fv2%2Fmedia&parent=52752"}],"wp:term":[{"taxonomy":"event_cat","embeddable":true,"href":"https:\/\/nouveau.maisonmallet.com\/back05_01\/index.php?rest_route=%2Fwp%2Fv2%2Fevent_cat&post=52752"}],"curies":[{"name":"wp","href":"https:\/\/api.w.org\/{rel}","templated":true}]}}

LEFRANÇOIS, Roland

<p>Le Complexe Thanatologique Mallet &amp; fils a le regret de vous annoncer le décès de</p>
<p>&nbsp;</p>
<p>Roland Lefrançois</p>
<p>1955 &#8211; 2024</p>
<p>&nbsp;</p>
<p>À Québec, le 28 juin 2024, est décédé à l’âge de 68 ans, monsieur Roland Lefrançois fils de feu Adrien Lefrançois et de feu Marie-Anna Deschênes domicilié à Baie-Trinité.</p>
<p>Les funérailles de monsieur Roland Lefrançois auront lieu le samedi 27 juillet 2024 à 11 h à la salle multifonctionnelle de Baie-Trinité.</p>
<p>Selon ses volontés, il a été confié au crématorium de la Maison Mallet &amp; fils pour crémation.</p>
<p>La famille reçoit parents et amis le samedi 27 juillet 2024 de 10 h à 11 h à la salle multifonctionnelle de Baie-Trinité et de là au cimetière de Baie-Trinité.</p>
<p>Il laisse dans le deuil ses fils Donald et Jimmy (Marie-Claude Gauthier), sa fille Cindy, ses onze petits-enfants, son arrière-petite-fille ainsi que ses frères : Georges (Réjeanne Ringuette) et Jean-Marc (Marlène Ringuette), ses sœurs : Line (feu Alcide Prévereau), Jocelyne (Jocelyn Lajoie), Jacinthe (Rodrigue Sergerie) et Henriette (feu Paul-Émile Leblanc), ses beaux-frères, ses belles-sœurs, ses neveux, ses nièces, ses cousins, ses cousines et de nombreux ami(e)s.</p>
<p>La famille a confié les arrangements aux services professionnels de la Maison Mallet &amp; fils du 57, route 138 à Port-Cartier, maintenant reconnue Distinction et membre de la Corporation des Thanatologues du Québec</p>
<p>Vous pouvez consulter cet avis de décès, sur le <a href="https://nouveau.maisonmallet.com/">www.maisonmallet.com</a></p>
<p>Ceux et celle qui le désirent, peuvent y envoyer des messages de sympathie.</p>
<hr />
<p>Envoyer vos condoléances</p>
<p>[contact-form to= »cindylefl@gmail.com » subject= »Condoléances Roland Lefrancois »][contact-field label= »Votre nom » type= »name » required= »1&Prime;][contact-field label= »Votre courriel » type= »email » required= »1&Prime;][contact-field label= »Condoléances » type= »textarea »][/contact-form]</p>
