{"id":52754,"date":"2024-05-13T17:18:27","date_gmt":"2024-05-13T21:18:27","guid":{"rendered":"https:\/\/nouveau.maisonmallet.com\/?post_type=event&#038;p=52754"},"modified":"2024-08-31T09:10:04","modified_gmt":"2024-08-31T13:10:04","slug":"cormier-elie","status":"publish","type":"event","link":"https:\/\/nouveau.maisonmallet.com\/back05_01\/?event=cormier-elie","title":{"rendered":"CORMIER, \u00c9lie"},"content":{"rendered":"<p>La Maison L.J.G. Mallet a le regret de vous annoncer le d\u00e9c\u00e8s de<\/p>\n<p>\u00c9lie Cormier<\/p>\n<p>1964 \u2013 2024<\/p>\n<p>&nbsp;<\/p>\n<p>\u00c0 L\u00e9vis, le 13 mai 2024, est d\u00e9c\u00e9d\u00e9, entour\u00e9 des siens, \u00e0 l\u2019\u00e2ge de 59 ans 6 mois, monsieur \u00c9lie Cormier, fils de feu Horace Cormier et de feu Ethel Vigneault, conjoint de feu Bianca Talbot domicili\u00e9 \u00e0 Saint-Gilles (Lotbini\u00e8re) autrefois de Havre Saint-Pierre.<\/p>\n<p>Les fun\u00e9railles de monsieur \u00c9lie Cormier auront lieu le vendredi 26 juillet 2024 \u00e0 11 h en l\u2019\u00e9glise Saint-Pierre de Havre Saint-Pierre et de l\u00e0 cimeti\u00e8re de Havre Saint-Pierre.<\/p>\n<p>Selon ses volont\u00e9s il a \u00e9t\u00e9 confi\u00e9 au cr\u00e9matorium de la Maison L.J.G. Mallet pour cr\u00e9mation.<\/p>\n<p>La famille re\u00e7oit parents et amis le vendredi 26 juillet 2024 de 10 h \u00e0 11 h \u00e0 l\u2019\u00e9glise St-Pierre de Havre Saint-Pierre.<\/p>\n<p>Il laisse dans le deuil sa fille de c\u0153ur Steffi No\u00ebl, ses fr\u00e8res : Sylvio (Line Valli\u00e8res) et Luc (Micheline Labrecque), s\u0153ur Lucie (St\u00e9phane Paris\u00e9), ses neveux : Jean-Denis, Nicholas, J\u00e9r\u00f4me, Hubert, Dominic, Arthur et Victor leurs conjoint(e)s ainsi que ses oncles, ses tantes, ses cousin, ses cousines et de nombreux amis.<\/p>\n<p>Il \u00e9tait le fr\u00e8re de feu R\u00e9al (France St-Martin).<\/p>\n<p>Un remerciement sp\u00e9cial au personnel soignant de l\u2019H\u00f4tel-Dieu de L\u00e9vis, particuli\u00e8rement celui du service d\u2019oncologie et celui\u00a0de l\u2019\u00e9quipe des soins intensifs pour les attentions particuli\u00e8res port\u00e9es \u00e0 notre fr\u00e8re.<\/p>\n<p>Vos marques de sympathie peuvent se traduire par un don \u00e0 la\u00a0<a href=\"https:\/\/cancer.ca\/fr\/\"><strong>Soci\u00e9t\u00e9 canadienne du cancer<\/strong><\/a>.<\/p>\n<p>La famille a confi\u00e9 la direction des fun\u00e9railles aux services professionnels de la Maison L.J.G. Mallet du 1429, rue du Canot \u00e0 Havre-Saint-Pierre, maintenant reconnue Distinction et membre de la Corporation des Thanatologues du Qu\u00e9bec.<\/p>\n<p>Vous pouvez consulter cet avis de d\u00e9c\u00e8s, sur le site web \u00e0 l\u2019adresse\u00a0 <a href=\"https:\/\/nouveau.maisonmallet.com\">www.maisonmallet.com<\/a><\/p>\n<p>Ceux et celles qui le d\u00e9sirent, peuvent y envoyer des messages de sympathie.<\/p>\n<hr \/>\n<p>Envoyer vos condol\u00e9ances<\/p>\n<p>[contact-form to=\u00a0\u00bbcormierl@telus.net\u00a0\u00bb subject=\u00a0\u00bbCondol\u00e9ances \u00c9lie Cormier\u00a0\u00bb][contact-field label=\u00a0\u00bbVotre nom\u00a0\u00bb type=\u00a0\u00bbname\u00a0\u00bb required=\u00a0\u00bb1&Prime;][contact-field label=\u00a0\u00bbVotre courriel\u00a0\u00bb type=\u00a0\u00bbemail\u00a0\u00bb required=\u00a0\u00bb1&Prime;][contact-field label=\u00a0\u00bbCondol\u00e9ances\u00a0\u00bb type=\u00a0\u00bbtextarea\u00a0\u00bb][\/contact-form]<\/p>\n","protected":false},"featured_media":52761,"template":"","event_cat":[7],"class_list":["post-52754","event","type-event","status-publish","has-post-thumbnail","hentry","event_cat-maison-l-j-g-mallet-inc"],"_links":{"self":[{"href":"https:\/\/nouveau.maisonmallet.com\/back05_01\/index.php?rest_route=\/wp\/v2\/event\/52754","targetHints":{"allow":["GET"]}}],"collection":[{"href":"https:\/\/nouveau.maisonmallet.com\/back05_01\/index.php?rest_route=\/wp\/v2\/event"}],"about":[{"href":"https:\/\/nouveau.maisonmallet.com\/back05_01\/index.php?rest_route=\/wp\/v2\/types\/event"}],"wp:featuredmedia":[{"embeddable":true,"href":"https:\/\/nouveau.maisonmallet.com\/back05_01\/index.php?rest_route=\/wp\/v2\/media\/52761"}],"wp:attachment":[{"href":"https:\/\/nouveau.maisonmallet.com\/back05_01\/index.php?rest_route=%2Fwp%2Fv2%2Fmedia&parent=52754"}],"wp:term":[{"taxonomy":"event_cat","embeddable":true,"href":"https:\/\/nouveau.maisonmallet.com\/back05_01\/index.php?rest_route=%2Fwp%2Fv2%2Fevent_cat&post=52754"}],"curies":[{"name":"wp","href":"https:\/\/api.w.org\/{rel}","templated":true}]}}

CORMIER, Élie

<p>La Maison L.J.G. Mallet a le regret de vous annoncer le décès de</p>
<p>Élie Cormier</p>
<p>1964 – 2024</p>
<p>&nbsp;</p>
<p>À Lévis, le 13 mai 2024, est décédé, entouré des siens, à l’âge de 59 ans 6 mois, monsieur Élie Cormier, fils de feu Horace Cormier et de feu Ethel Vigneault, conjoint de feu Bianca Talbot domicilié à Saint-Gilles (Lotbinière) autrefois de Havre Saint-Pierre.</p>
<p>Les funérailles de monsieur Élie Cormier auront lieu le vendredi 26 juillet 2024 à 11 h en l’église Saint-Pierre de Havre Saint-Pierre et de là cimetière de Havre Saint-Pierre.</p>
<p>Selon ses volontés il a été confié au crématorium de la Maison L.J.G. Mallet pour crémation.</p>
<p>La famille reçoit parents et amis le vendredi 26 juillet 2024 de 10 h à 11 h à l’église St-Pierre de Havre Saint-Pierre.</p>
<p>Il laisse dans le deuil sa fille de cœur Steffi Noël, ses frères : Sylvio (Line Vallières) et Luc (Micheline Labrecque), sœur Lucie (Stéphane Parisé), ses neveux : Jean-Denis, Nicholas, Jérôme, Hubert, Dominic, Arthur et Victor leurs conjoint(e)s ainsi que ses oncles, ses tantes, ses cousin, ses cousines et de nombreux amis.</p>
<p>Il était le frère de feu Réal (France St-Martin).</p>
<p>Un remerciement spécial au personnel soignant de l’Hôtel-Dieu de Lévis, particulièrement celui du service d’oncologie et celui de l’équipe des soins intensifs pour les attentions particulières portées à notre frère.</p>
<p>Vos marques de sympathie peuvent se traduire par un don à la <a href="https://cancer.ca/fr/"><strong>Société canadienne du cancer</strong></a>.</p>
<p>La famille a confié la direction des funérailles aux services professionnels de la Maison L.J.G. Mallet du 1429, rue du Canot à Havre-Saint-Pierre, maintenant reconnue Distinction et membre de la Corporation des Thanatologues du Québec.</p>
<p>Vous pouvez consulter cet avis de décès, sur le site web à l’adresse  <a href="https://nouveau.maisonmallet.com">www.maisonmallet.com</a></p>
<p>Ceux et celles qui le désirent, peuvent y envoyer des messages de sympathie.</p>
<hr />
<p>Envoyer vos condoléances</p>
<p>[contact-form to= »cormierl@telus.net » subject= »Condoléances Élie Cormier »][contact-field label= »Votre nom » type= »name » required= »1&Prime;][contact-field label= »Votre courriel » type= »email » required= »1&Prime;][contact-field label= »Condoléances » type= »textarea »][/contact-form]</p>
