{"id":53119,"date":"2024-07-25T17:27:31","date_gmt":"2024-07-25T21:27:31","guid":{"rendered":"https:\/\/nouveau.maisonmallet.com\/?post_type=event&#038;p=53119"},"modified":"2024-08-31T08:44:38","modified_gmt":"2024-08-31T12:44:38","slug":"turbis-albertine","status":"publish","type":"event","link":"https:\/\/nouveau.maisonmallet.com\/back05_01\/?event=turbis-albertine","title":{"rendered":"TURBIS, Albertine"},"content":{"rendered":"<p>La Maison L.J.G. Mallet a le regret de vous annoncer le d\u00e9c\u00e8s de<\/p>\n<p>Albertine Turbis<\/p>\n<p>1933 \u2013 2024<\/p>\n<p>&nbsp;<\/p>\n<p>\u00c0 Havre-Saint-Pierre, le 25 juillet 2024, est d\u00e9c\u00e9d\u00e9e \u00e0 l\u2019\u00e2ge de 91 ans madame Albertine Turbis \u00e9pouse de feu Gabriel Boudreau (Gaby) et domicili\u00e9e \u00e0 Havre-Saint-Pierre.<\/p>\n<p>Les fun\u00e9railles de madame Albertine Turbis auront lieu le samedi 10 ao\u00fbt 2024 \u00e0 14 h en l\u2019\u00e9glise Saint-Pierre de Havre-Saint-Pierre et de l\u00e0 au cimeti\u00e8re de l`endroit.<\/p>\n<p>La famille re\u00e7oit parents et amis le vendredi 9 ao\u00fbt 2024 de 19 h \u00e0 22 h ainsi que le samedi 10 ao\u00fbt 2024 jour des fun\u00e9railles \u00e0 compter de 13 h au salon de la Maison L.J.G. Mallet du 1429, rue du Canot \u00e0 Havre-Saint-Pierre.<\/p>\n<p>Elle laisse dans le deuil ses belles-s\u0153urs\u00a0: Carmen Boudreau et Ir\u00e8ne Turbis ainsi que ses neveux, ses ni\u00e8ces, ses cousins, ses cousines et de nombreux ami(e)s.<\/p>\n<p>Vos marques de sympathie peuvent se traduire par un don \u00e0 la fondation du centre de sant\u00e9 de la Minganie.<\/p>\n<p>La famille a confi\u00e9 la direction des fun\u00e9railles aux services professionnels de la Maison L.J.G. Mallet du 1429, rue du Canot \u00e0 Havre-Saint-Pierre, maintenant reconnue Distinction et membre de la Corporation des Thanatologues du Qu\u00e9bec.<\/p>\n<p>Vous pouvez consulter cet avis de d\u00e9c\u00e8s sur le <a href=\"https:\/\/nouveau.maisonmallet.com\">www.maisonmallet.com<\/a><\/p>\n<p>Ceux et celles qui le d\u00e9sirent, peuvent y envoyer des messages de sympathie.<\/p>\n<p>&nbsp;<\/p>\n<hr \/>\n<p>Envoyer vos condol\u00e9ances<\/p>\n<p>[contact-form to=\u00a0\u00bbcarolboudreau@telus.net\u00a0\u00bb subject=\u00a0\u00bbCondol\u00e9ances Albertine Turbis\u00a0\u00bb][contact-field label=\u00a0\u00bbVotre nom\u00a0\u00bb type=\u00a0\u00bbname\u00a0\u00bb required=\u00a0\u00bb1&Prime;][contact-field label=\u00a0\u00bbVotre courriel\u00a0\u00bb type=\u00a0\u00bbemail\u00a0\u00bb required=\u00a0\u00bb1&Prime;][contact-field label=\u00a0\u00bbCondol\u00e9ances\u00a0\u00bb type=\u00a0\u00bbtextarea\u00a0\u00bb][\/contact-form]<\/p>\n","protected":false},"featured_media":53122,"template":"","event_cat":[7],"class_list":["post-53119","event","type-event","status-publish","has-post-thumbnail","hentry","event_cat-maison-l-j-g-mallet-inc"],"_links":{"self":[{"href":"https:\/\/nouveau.maisonmallet.com\/back05_01\/index.php?rest_route=\/wp\/v2\/event\/53119","targetHints":{"allow":["GET"]}}],"collection":[{"href":"https:\/\/nouveau.maisonmallet.com\/back05_01\/index.php?rest_route=\/wp\/v2\/event"}],"about":[{"href":"https:\/\/nouveau.maisonmallet.com\/back05_01\/index.php?rest_route=\/wp\/v2\/types\/event"}],"wp:featuredmedia":[{"embeddable":true,"href":"https:\/\/nouveau.maisonmallet.com\/back05_01\/index.php?rest_route=\/wp\/v2\/media\/53122"}],"wp:attachment":[{"href":"https:\/\/nouveau.maisonmallet.com\/back05_01\/index.php?rest_route=%2Fwp%2Fv2%2Fmedia&parent=53119"}],"wp:term":[{"taxonomy":"event_cat","embeddable":true,"href":"https:\/\/nouveau.maisonmallet.com\/back05_01\/index.php?rest_route=%2Fwp%2Fv2%2Fevent_cat&post=53119"}],"curies":[{"name":"wp","href":"https:\/\/api.w.org\/{rel}","templated":true}]}}

<p>La Maison L.J.G. Mallet a le regret de vous annoncer le décès de</p>
<p>Albertine Turbis</p>
<p>1933 – 2024</p>
<p>&nbsp;</p>
<p>À Havre-Saint-Pierre, le 25 juillet 2024, est décédée à l’âge de 91 ans madame Albertine Turbis épouse de feu Gabriel Boudreau (Gaby) et domiciliée à Havre-Saint-Pierre.</p>
<p>Les funérailles de madame Albertine Turbis auront lieu le samedi 10 août 2024 à 14 h en l’église Saint-Pierre de Havre-Saint-Pierre et de là au cimetière de l`endroit.</p>
<p>La famille reçoit parents et amis le vendredi 9 août 2024 de 19 h à 22 h ainsi que le samedi 10 août 2024 jour des funérailles à compter de 13 h au salon de la Maison L.J.G. Mallet du 1429, rue du Canot à Havre-Saint-Pierre.</p>
<p>Elle laisse dans le deuil ses belles-sœurs : Carmen Boudreau et Irène Turbis ainsi que ses neveux, ses nièces, ses cousins, ses cousines et de nombreux ami(e)s.</p>
<p>Vos marques de sympathie peuvent se traduire par un don à la fondation du centre de santé de la Minganie.</p>
<p>La famille a confié la direction des funérailles aux services professionnels de la Maison L.J.G. Mallet du 1429, rue du Canot à Havre-Saint-Pierre, maintenant reconnue Distinction et membre de la Corporation des Thanatologues du Québec.</p>
<p>Vous pouvez consulter cet avis de décès sur le <a href="https://nouveau.maisonmallet.com">www.maisonmallet.com</a></p>
<p>Ceux et celles qui le désirent, peuvent y envoyer des messages de sympathie.</p>
<p>&nbsp;</p>
<hr />
<p>Envoyer vos condoléances</p>
<p>[contact-form to= »carolboudreau@telus.net » subject= »Condoléances Albertine Turbis »][contact-field label= »Votre nom » type= »name » required= »1&Prime;][contact-field label= »Votre courriel » type= »email » required= »1&Prime;][contact-field label= »Condoléances » type= »textarea »][/contact-form]</p>
