{"id":53151,"date":"2024-08-01T16:49:43","date_gmt":"2024-08-01T20:49:43","guid":{"rendered":"https:\/\/nouveau.maisonmallet.com\/?post_type=event&#038;p=53151"},"modified":"2024-08-31T08:40:27","modified_gmt":"2024-08-31T12:40:27","slug":"st-pierre-gilles","status":"publish","type":"event","link":"https:\/\/nouveau.maisonmallet.com\/back05_01\/?event=st-pierre-gilles","title":{"rendered":"ST-PIERRE, Gilles"},"content":{"rendered":"<p>Le Complexe Thanatologique Mallet &amp; fils a le regret de vous annoncer le d\u00e9c\u00e8s de<\/p>\n<p>Gilles St-Pierre<\/p>\n<p>1935 &#8211; 2024<\/p>\n<p>&nbsp;<\/p>\n<p>\u00c0 Port-Cartier, le 1<sup>er<\/sup> ao\u00fbt 2024, est d\u00e9c\u00e9d\u00e9 \u00e0 l\u2019\u00e2ge de 89 ans, monsieur Gilles St-Pierre \u00e9poux de madame Th\u00e9r\u00e8se Raymond et domicili\u00e9 \u00e0 Port-Cartier.<\/p>\n<p>La c\u00e9r\u00e9monie comm\u00e9morative de monsieur Gilles St-Pierre aura lieu le vendredi 23 ao\u00fbt 2024 \u00e0 15 h au 30 Complexe Thanatologique Mallet &amp; fils du 57, route 138 \u00e0 Port-Cartier et de l\u00e0 au Cimeti\u00e8re de Port-Cartier.<\/p>\n<p>Selon ses volont\u00e9s, il a \u00e9t\u00e9 confi\u00e9 au cr\u00e9matorium de la Maison Mallet &amp; fils pour cr\u00e9mation.<\/p>\n<p>La famille re\u00e7oit parents et amis le vendredi 23 ao\u00fbt 2024 jour de la c\u00e9r\u00e9monie de 13 h \u00e0 16 h au Complexe Thanatologique Mallet &amp; fils du 57, route 138 \u00e0 Port-Cartier.<\/p>\n<p>Il laisse dans le deuil outre son \u00e9pouse madame Th\u00e9r\u00e8se Raymond, sa fille Kathleen (Jean-Pierre Gervais), sa petite-fille No\u00e9mie (Simon Boudreault), son petit-fils Nathan, son fr\u00e8re Robert (feu Gis\u00e8le Roy), ses s\u0153urs\u00a0: Ga\u00e9tane (feu Gilles Thibeault), Mariette et Gis\u00e8le, sa belle-s\u0153ur Lisette Desrosiers (feu Jean-Eudes St-Pierre) ainsi que ses neveux, ses ni\u00e8ces, ses cousins, ses cousines et de nombreux ami(e)s.<\/p>\n<p>La famille a confi\u00e9 les arrangements aux services professionnels de la Maison Mallet &amp; fils du 57, route 138 \u00e0 Port-Cartier, maintenant reconnue Distinction et membre de la Corporation des Thanatologues du Qu\u00e9bec.<\/p>\n<p>Vous pouvez consulter cet avis de d\u00e9c\u00e8s, sur le <a href=\"https:\/\/nouveau.maisonmallet.com\">www.maisonmallet.com<\/a><\/p>\n<p>Ceux et celles qui le d\u00e9sirent, peuvent y envoyer des messages de sympathie.<\/p>\n<p>&nbsp;<\/p>\n<hr \/>\n<p>Envoyer vos condol\u00e9ances<\/p>\n<p>[contact-form to=\u00a0\u00bbkathleen.pierre@cgocable.ca\u00a0\u00bb subject=\u00a0\u00bbCondol\u00e9ances Gilles St-Pierre\u00a0\u00bb][contact-field label=\u00a0\u00bbVotre nom\u00a0\u00bb type=\u00a0\u00bbname\u00a0\u00bb required=\u00a0\u00bb1&Prime;][contact-field label=\u00a0\u00bbVotre courriel\u00a0\u00bb type=\u00a0\u00bbemail\u00a0\u00bb required=\u00a0\u00bb1&Prime;][contact-field label=\u00a0\u00bbCondol\u00e9ances\u00a0\u00bb type=\u00a0\u00bbtextarea\u00a0\u00bb][\/contact-form]<\/p>\n","protected":false},"featured_media":53284,"template":"","event_cat":[6],"class_list":["post-53151","event","type-event","status-publish","has-post-thumbnail","hentry","event_cat-maison-mallet-et-fils-inc"],"_links":{"self":[{"href":"https:\/\/nouveau.maisonmallet.com\/back05_01\/index.php?rest_route=\/wp\/v2\/event\/53151","targetHints":{"allow":["GET"]}}],"collection":[{"href":"https:\/\/nouveau.maisonmallet.com\/back05_01\/index.php?rest_route=\/wp\/v2\/event"}],"about":[{"href":"https:\/\/nouveau.maisonmallet.com\/back05_01\/index.php?rest_route=\/wp\/v2\/types\/event"}],"wp:featuredmedia":[{"embeddable":true,"href":"https:\/\/nouveau.maisonmallet.com\/back05_01\/index.php?rest_route=\/wp\/v2\/media\/53284"}],"wp:attachment":[{"href":"https:\/\/nouveau.maisonmallet.com\/back05_01\/index.php?rest_route=%2Fwp%2Fv2%2Fmedia&parent=53151"}],"wp:term":[{"taxonomy":"event_cat","embeddable":true,"href":"https:\/\/nouveau.maisonmallet.com\/back05_01\/index.php?rest_route=%2Fwp%2Fv2%2Fevent_cat&post=53151"}],"curies":[{"name":"wp","href":"https:\/\/api.w.org\/{rel}","templated":true}]}}

<p>Le Complexe Thanatologique Mallet &amp; fils a le regret de vous annoncer le décès de</p>
<p>Gilles St-Pierre</p>
<p>1935 &#8211; 2024</p>
<p>&nbsp;</p>
<p>À Port-Cartier, le 1<sup>er</sup> août 2024, est décédé à l’âge de 89 ans, monsieur Gilles St-Pierre époux de madame Thérèse Raymond et domicilié à Port-Cartier.</p>
<p>La cérémonie commémorative de monsieur Gilles St-Pierre aura lieu le vendredi 23 août 2024 à 15 h au 30 Complexe Thanatologique Mallet &amp; fils du 57, route 138 à Port-Cartier et de là au Cimetière de Port-Cartier.</p>
<p>Selon ses volontés, il a été confié au crématorium de la Maison Mallet &amp; fils pour crémation.</p>
<p>La famille reçoit parents et amis le vendredi 23 août 2024 jour de la cérémonie de 13 h à 16 h au Complexe Thanatologique Mallet &amp; fils du 57, route 138 à Port-Cartier.</p>
<p>Il laisse dans le deuil outre son épouse madame Thérèse Raymond, sa fille Kathleen (Jean-Pierre Gervais), sa petite-fille Noémie (Simon Boudreault), son petit-fils Nathan, son frère Robert (feu Gisèle Roy), ses sœurs : Gaétane (feu Gilles Thibeault), Mariette et Gisèle, sa belle-sœur Lisette Desrosiers (feu Jean-Eudes St-Pierre) ainsi que ses neveux, ses nièces, ses cousins, ses cousines et de nombreux ami(e)s.</p>
<p>La famille a confié les arrangements aux services professionnels de la Maison Mallet &amp; fils du 57, route 138 à Port-Cartier, maintenant reconnue Distinction et membre de la Corporation des Thanatologues du Québec.</p>
<p>Vous pouvez consulter cet avis de décès, sur le <a href="https://nouveau.maisonmallet.com">www.maisonmallet.com</a></p>
<p>Ceux et celles qui le désirent, peuvent y envoyer des messages de sympathie.</p>
<p>&nbsp;</p>
<hr />
<p>Envoyer vos condoléances</p>
<p>[contact-form to= »kathleen.pierre@cgocable.ca » subject= »Condoléances Gilles St-Pierre »][contact-field label= »Votre nom » type= »name » required= »1&Prime;][contact-field label= »Votre courriel » type= »email » required= »1&Prime;][contact-field label= »Condoléances » type= »textarea »][/contact-form]</p>
