{"id":5323,"date":"2019-09-22T10:15:02","date_gmt":"2019-09-22T14:15:02","guid":{"rendered":"https:\/\/nouveau.maisonmallet.com\/?post_type=event&#038;p=5323"},"modified":"2019-09-24T14:35:07","modified_gmt":"2019-09-24T18:35:07","slug":"saint-laurent-rollande07121932","status":"publish","type":"event","link":"https:\/\/nouveau.maisonmallet.com\/back05_01\/?event=saint-laurent-rollande07121932","title":{"rendered":"SAINT-LAURENT, Rollande (Potvin)"},"content":{"rendered":"<p>1932 &#8211; 2019<\/p>\n<p>SAINT-LAURENT, Rollande (Potvin)<\/p>\n<p>&nbsp;<\/p>\n<p>\u00c0 Sept-\u00celes (maison \u00c9lyme des sables), le 22 septembre 2019, est d\u00e9c\u00e9d\u00e9e \u00e0 l\u2019\u00e2ge de 86 ans, madame Rollande Saint-Laurent \u00e9pouse de feu Paul-Henri Potvin et domicili\u00e9e \u00e0 Sept-\u00celes.<\/p>\n<p>Les fun\u00e9railles de madame Rollande Saint-Laurent Potvin auront lieu le vendredi 27 septembre 2019 \u00e0 14 h en l\u2019\u00e9glise Marie-Immacul\u00e9e situ\u00e9e au 180, rue Papineau \u00e0 Sept-\u00celes et de l\u00e0 au cr\u00e9matorium de la maison Mallet &amp; fils pour cr\u00e9mation.<\/p>\n<p>La famille re\u00e7oit parents et amis le jeudi 26 septembre 2019 de 19 h \u00e0 22 h. Le vendredi 27 septembre 2019 jour des fun\u00e9railles \u00e0 compter de 12 h 30 au Complexe Thanatologique Mallet &amp; fils du 585, boul. Laure \u00e0 Sept-\u00celes.<\/p>\n<p>Elle laisse dans le deuil ses fils\u00a0: Richard (Esther Desjardins), Jacques (Myl\u00e8ne Sauvageau) et Claude (Nancy Boisvert), sa fille Diane (Andy Bijould), ses petites-filles\u00a0: Andr\u00e9e, \u00c9lyse, Ariane (Felix Deauvet-Lainesse), Caroline (Maxime Lepage), Judith (Simon Poirier) et Myriam, son petit-fils Victor (Pascale Alberhne-Lahaie), son arri\u00e8re-petite-fille \u00c9lo\u00efse, ses arri\u00e8re-petits-fils\u00a0: Marcus et \u00c9tienne ainsi que ses fr\u00e8res, ses s\u0153urs, ses beaux-fr\u00e8res, ses belles-s\u0153urs, ses neveux, ses ni\u00e8ces, ses cousins, ses cousines et de nombreux ami(e)s.<\/p>\n<p>Vos marques de sympathie peuvent se traduire par un don \u00e0 l\u2019\u00c9lyme des sables <a href=\"http:\/\/www.elymedessables.com\/\">www.elymedessables.com<\/a><\/p>\n<p>La famille a confi\u00e9 la direction des fun\u00e9railles aux services professionnels de la Maison Mallet &amp; fils du 585, boul. Laure \u00e0 Sept-\u00celes, maintenant reconnue Distinction et membre de la Corporation des Thanatologues du Qu\u00e9bec.<\/p>\n<p>Vous pouvez consulter cet avis de d\u00e9c\u00e8s sur le <a href=\"https:\/\/nouveau.maisonmallet.com\/back05_01\/\">www.maisonmallet.com<\/a><\/p>\n<p>Ceux et celles qui le d\u00e9sirent peuvent y envoyer des messages de sympathie.<\/p>\n<p>&nbsp;<\/p>\n<hr \/>\n<p>Envoyer vos condol\u00e9ances<\/p>\n<p>[contact-form to=\u00a0\u00bbcpotvin@globetrotter.net\u00a0\u00bb subject=\u00a0\u00bbCondol\u00e9ances Rollande Saint-Laurent\u00a0\u00bb][contact-field label=\u00a0\u00bbVotre nom\u00a0\u00bb type=\u00a0\u00bbname\u00a0\u00bb required=\u00a0\u00bb1&Prime;][contact-field label=\u00a0\u00bbVotre courriel\u00a0\u00bb type=\u00a0\u00bbemail\u00a0\u00bb required=\u00a0\u00bb1&Prime;][contact-field label=\u00a0\u00bbCondol\u00e9ances\u00a0\u00bb type=\u00a0\u00bbtextarea\u00a0\u00bb][\/contact-form]<\/p>\n","protected":false},"featured_media":5368,"template":"","event_cat":[6],"class_list":["post-5323","event","type-event","status-publish","has-post-thumbnail","hentry","event_cat-maison-mallet-et-fils-inc"],"_links":{"self":[{"href":"https:\/\/nouveau.maisonmallet.com\/back05_01\/index.php?rest_route=\/wp\/v2\/event\/5323","targetHints":{"allow":["GET"]}}],"collection":[{"href":"https:\/\/nouveau.maisonmallet.com\/back05_01\/index.php?rest_route=\/wp\/v2\/event"}],"about":[{"href":"https:\/\/nouveau.maisonmallet.com\/back05_01\/index.php?rest_route=\/wp\/v2\/types\/event"}],"wp:featuredmedia":[{"embeddable":true,"href":"https:\/\/nouveau.maisonmallet.com\/back05_01\/index.php?rest_route=\/wp\/v2\/media\/5368"}],"wp:attachment":[{"href":"https:\/\/nouveau.maisonmallet.com\/back05_01\/index.php?rest_route=%2Fwp%2Fv2%2Fmedia&parent=5323"}],"wp:term":[{"taxonomy":"event_cat","embeddable":true,"href":"https:\/\/nouveau.maisonmallet.com\/back05_01\/index.php?rest_route=%2Fwp%2Fv2%2Fevent_cat&post=5323"}],"curies":[{"name":"wp","href":"https:\/\/api.w.org\/{rel}","templated":true}]}}

<p>1932 &#8211; 2019</p>
<p>SAINT-LAURENT, Rollande (Potvin)</p>
<p>&nbsp;</p>
<p>À Sept-Îles (maison Élyme des sables), le 22 septembre 2019, est décédée à l’âge de 86 ans, madame Rollande Saint-Laurent épouse de feu Paul-Henri Potvin et domiciliée à Sept-Îles.</p>
<p>Les funérailles de madame Rollande Saint-Laurent Potvin auront lieu le vendredi 27 septembre 2019 à 14 h en l’église Marie-Immaculée située au 180, rue Papineau à Sept-Îles et de là au crématorium de la maison Mallet &amp; fils pour crémation.</p>
<p>La famille reçoit parents et amis le jeudi 26 septembre 2019 de 19 h à 22 h. Le vendredi 27 septembre 2019 jour des funérailles à compter de 12 h 30 au Complexe Thanatologique Mallet &amp; fils du 585, boul. Laure à Sept-Îles.</p>
<p>Elle laisse dans le deuil ses fils : Richard (Esther Desjardins), Jacques (Mylène Sauvageau) et Claude (Nancy Boisvert), sa fille Diane (Andy Bijould), ses petites-filles : Andrée, Élyse, Ariane (Felix Deauvet-Lainesse), Caroline (Maxime Lepage), Judith (Simon Poirier) et Myriam, son petit-fils Victor (Pascale Alberhne-Lahaie), son arrière-petite-fille Éloïse, ses arrière-petits-fils : Marcus et Étienne ainsi que ses frères, ses sœurs, ses beaux-frères, ses belles-sœurs, ses neveux, ses nièces, ses cousins, ses cousines et de nombreux ami(e)s.</p>
<p>Vos marques de sympathie peuvent se traduire par un don à l’Élyme des sables <a href="http://www.elymedessables.com/">www.elymedessables.com</a></p>
<p>La famille a confié la direction des funérailles aux services professionnels de la Maison Mallet &amp; fils du 585, boul. Laure à Sept-Îles, maintenant reconnue Distinction et membre de la Corporation des Thanatologues du Québec.</p>
<p>Vous pouvez consulter cet avis de décès sur le <a href="https://nouveau.maisonmallet.com/back05_01/">www.maisonmallet.com</a></p>
<p>Ceux et celles qui le désirent peuvent y envoyer des messages de sympathie.</p>
<p>&nbsp;</p>
<hr />
<p>Envoyer vos condoléances</p>
<p>[contact-form to= »cpotvin@globetrotter.net » subject= »Condoléances Rollande Saint-Laurent »][contact-field label= »Votre nom » type= »name » required= »1&Prime;][contact-field label= »Votre courriel » type= »email » required= »1&Prime;][contact-field label= »Condoléances » type= »textarea »][/contact-form]</p>
