{"id":5324,"date":"2019-09-18T23:26:43","date_gmt":"2019-09-19T03:26:43","guid":{"rendered":"https:\/\/nouveau.maisonmallet.com\/?post_type=event&#038;p=5324"},"modified":"2019-09-24T07:04:44","modified_gmt":"2019-09-24T11:04:44","slug":"duguay-jean-claude01071952","status":"publish","type":"event","link":"https:\/\/nouveau.maisonmallet.com\/back05_01\/?event=duguay-jean-claude01071952","title":{"rendered":"DUGUAY, Jean-Claude"},"content":{"rendered":"<p>1952 &#8211; 2019<\/p>\n<p>DUGUAY, Jean-Claude<\/p>\n<p>&nbsp;<\/p>\n<p>\u00c0 Havre-Saint-Pierre, le 18 septembre 2019, est d\u00e9c\u00e9d\u00e9 \u00e0 l\u2019\u00e2ge de 67 ans, monsieur Jean-Claude Duguay \u00e9poux de feue Anna Morin et domicili\u00e9 \u00e0 Rivi\u00e8re-au-Tonnerre.<\/p>\n<p>Les fun\u00e9railles de monsieur Jean-Claude Duguay auront lieu le samedi 28 septembre 2019 \u00e0 13 h en l\u2019\u00e9glise Saint-Hippolyte de Rivi\u00e8re-au-Tonnerre et de l\u00e0 au cimeti\u00e8re de l\u2019endroit.<\/p>\n<p>Selon ses volont\u00e9s il a \u00e9t\u00e9 confi\u00e9 au cr\u00e9matorium de la Maison L.J.G. Mallet pour cr\u00e9mation.<\/p>\n<p>La famille re\u00e7oit parents et amis le samedi 28 septembre 2019 jour des fun\u00e9railles \u00e0 compter de 12 h \u00e0 l`\u00c9glise Saint-Hippolyte de Rivi\u00e8re-au-Tonnerre.<\/p>\n<p>Il laisse dans le deuil ses s\u0153urs\u00a0: Marie-Florida et Alice, ses fr\u00e8res\u00a0: Donald et Michel, ses beaux-fr\u00e8res, ses belles-s\u0153urs ainsi que ses neveux, ses ni\u00e8ces, ses cousins, ses cousines et de nombreux amis.<\/p>\n<p>La famille a confi\u00e9 la direction des fun\u00e9railles aux services professionnels de la Maison L.J.G. Mallet du 1429, rue du Canot \u00e0 Havre-Saint-Pierre, maintenant reconnue Distinction et membre de la Corporation des Thanatologues du Qu\u00e9bec.<\/p>\n<p>Vous pouvez consulter cet avis de d\u00e9c\u00e8s, sur le site web \u00e0 l\u2019adresse <a href=\"https:\/\/nouveau.maisonmallet.com\/back05_01\/\">www.maisonmallet.com<\/a><\/p>\n<p>Ceux et celle qui le d\u00e9sirent, peuvent y envoyer des messages de sympathie.<\/p>\n<p>&nbsp;<\/p>\n<hr \/>\n<p>Envoyer vos condol\u00e9ances<\/p>\n<p>[contact-form to=\u00a0\u00bbmarc@maisonmallet.com\u00a0\u00bb subject=\u00a0\u00bbCondol\u00e9ances Jean-Claude Duguay\u00a0\u00bb][contact-field label=\u00a0\u00bbVotre nom\u00a0\u00bb type=\u00a0\u00bbname\u00a0\u00bb required=\u00a0\u00bb1&Prime;][contact-field label=\u00a0\u00bbVotre courriel\u00a0\u00bb type=\u00a0\u00bbemail\u00a0\u00bb required=\u00a0\u00bb1&Prime;][contact-field label=\u00a0\u00bbCondol\u00e9ances\u00a0\u00bb type=\u00a0\u00bbtextarea\u00a0\u00bb][\/contact-form]<\/p>\n","protected":false},"featured_media":5341,"template":"","event_cat":[7],"class_list":["post-5324","event","type-event","status-publish","has-post-thumbnail","hentry","event_cat-maison-l-j-g-mallet-inc"],"_links":{"self":[{"href":"https:\/\/nouveau.maisonmallet.com\/back05_01\/index.php?rest_route=\/wp\/v2\/event\/5324","targetHints":{"allow":["GET"]}}],"collection":[{"href":"https:\/\/nouveau.maisonmallet.com\/back05_01\/index.php?rest_route=\/wp\/v2\/event"}],"about":[{"href":"https:\/\/nouveau.maisonmallet.com\/back05_01\/index.php?rest_route=\/wp\/v2\/types\/event"}],"wp:featuredmedia":[{"embeddable":true,"href":"https:\/\/nouveau.maisonmallet.com\/back05_01\/index.php?rest_route=\/wp\/v2\/media\/5341"}],"wp:attachment":[{"href":"https:\/\/nouveau.maisonmallet.com\/back05_01\/index.php?rest_route=%2Fwp%2Fv2%2Fmedia&parent=5324"}],"wp:term":[{"taxonomy":"event_cat","embeddable":true,"href":"https:\/\/nouveau.maisonmallet.com\/back05_01\/index.php?rest_route=%2Fwp%2Fv2%2Fevent_cat&post=5324"}],"curies":[{"name":"wp","href":"https:\/\/api.w.org\/{rel}","templated":true}]}}

<p>1952 &#8211; 2019</p>
<p>DUGUAY, Jean-Claude</p>
<p>&nbsp;</p>
<p>À Havre-Saint-Pierre, le 18 septembre 2019, est décédé à l’âge de 67 ans, monsieur Jean-Claude Duguay époux de feue Anna Morin et domicilié à Rivière-au-Tonnerre.</p>
<p>Les funérailles de monsieur Jean-Claude Duguay auront lieu le samedi 28 septembre 2019 à 13 h en l’église Saint-Hippolyte de Rivière-au-Tonnerre et de là au cimetière de l’endroit.</p>
<p>Selon ses volontés il a été confié au crématorium de la Maison L.J.G. Mallet pour crémation.</p>
<p>La famille reçoit parents et amis le samedi 28 septembre 2019 jour des funérailles à compter de 12 h à l`Église Saint-Hippolyte de Rivière-au-Tonnerre.</p>
<p>Il laisse dans le deuil ses sœurs : Marie-Florida et Alice, ses frères : Donald et Michel, ses beaux-frères, ses belles-sœurs ainsi que ses neveux, ses nièces, ses cousins, ses cousines et de nombreux amis.</p>
<p>La famille a confié la direction des funérailles aux services professionnels de la Maison L.J.G. Mallet du 1429, rue du Canot à Havre-Saint-Pierre, maintenant reconnue Distinction et membre de la Corporation des Thanatologues du Québec.</p>
<p>Vous pouvez consulter cet avis de décès, sur le site web à l’adresse <a href="https://nouveau.maisonmallet.com/back05_01/">www.maisonmallet.com</a></p>
<p>Ceux et celle qui le désirent, peuvent y envoyer des messages de sympathie.</p>
<p>&nbsp;</p>
<hr />
<p>Envoyer vos condoléances</p>
<p>[contact-form to= »marc@maisonmallet.com » subject= »Condoléances Jean-Claude Duguay »][contact-field label= »Votre nom » type= »name » required= »1&Prime;][contact-field label= »Votre courriel » type= »email » required= »1&Prime;][contact-field label= »Condoléances » type= »textarea »][/contact-form]</p>
