{"id":53633,"date":"2024-08-07T14:18:57","date_gmt":"2024-08-07T18:18:57","guid":{"rendered":"https:\/\/nouveau.maisonmallet.com\/?post_type=event&#038;p=53633"},"modified":"2024-08-31T08:37:12","modified_gmt":"2024-08-31T12:37:12","slug":"landry-arnaud","status":"publish","type":"event","link":"https:\/\/nouveau.maisonmallet.com\/back05_01\/?event=landry-arnaud","title":{"rendered":"LANDRY, Arnaud"},"content":{"rendered":"<p>La Maison L.J.G. Mallet a le regret de vous annoncer le d\u00e9c\u00e8s de<\/p>\n<p>&nbsp;<\/p>\n<p>Arnaud Landry<\/p>\n<p>1962 &#8211; 2024<\/p>\n<p>&nbsp;<\/p>\n<p>\u00c0 Havre Saint-Pierre, le 7 ao\u00fbt 2024, est d\u00e9c\u00e9d\u00e9 \u00e0 l\u2019\u00e2ge de 61 ans, monsieur Arnaud Landry fils de monsieur L\u00e9on Landry et de feu C\u00e9cile Petitpas domicili\u00e9 \u00e0 Havre Saint-Pierre.<\/p>\n<p>Les rituels fun\u00e9raires de monsieur Arnaud Landry auront lieu en toute intimit\u00e9 au cimeti\u00e8re de Havre Saint-Pierre.<\/p>\n<p>Selon ses volont\u00e9s, elle a \u00e9t\u00e9 confi\u00e9e au cr\u00e9matorium de la maison L.J.G. Mallet pour cr\u00e9mation.<\/p>\n<p>Il laisse dans le deuil son p\u00e8re monsieur L\u00e9on Landry (feu C\u00e9cile Petitpas), ses fr\u00e8res\u00a0: Sylvain (Ange-Marie Landry), Bertin (Suzanne Boucher) et Jo\u00ebl (Jocelyne Jomphe), sa s\u0153ur Ga\u00e9tane (Fernand Vigneault), ses ni\u00e8ces\u00a0: Karina (St\u00e9phane Vigneault), Marianne (Pierre-Luc Genest) et Jade (Alexandre Morin), ses neveux\u00a0: Herv\u00e9 (Lucie Huard), David (Karina Richard), Gr\u00e9gory, Patrick (Vanessa Petitpas Boudreau), ses arri\u00e8re-petits-neveux et ni\u00e8ces, ses oncles, ses tantes, ses cousins, ses cousines et\u00a0de nombreux amis.<\/p>\n<p>La famille a confi\u00e9 les arrangements fun\u00e9raire aux services professionnels de la Maison L.J.G. Mallet du 1429, rue du Canot \u00e0 Havre Saint-Pierre, maintenant reconnue Distinction et membre de la Corporation des thanatologues du Qu\u00e9bec.<\/p>\n<p>Vous pouvez consulter cet avis de d\u00e9c\u00e8s, sur le <a href=\"https:\/\/nouveau.maisonmallet.com\">www.maisonmallet.com<\/a><\/p>\n<p>Ceux et celles qui le d\u00e9sirent, peuvent y envoyer des messages de sympathie.<\/p>\n<hr \/>\n<p>Envoyer vos condol\u00e9ances<\/p>\n<p>[contact-form to=\u00a0\u00bbgaetannelandry@hotmail.com\u00a0\u00bb subject=\u00a0\u00bbCondol\u00e9ances Arnaud Landry\u00a0\u00bb][contact-field label=\u00a0\u00bbVotre nom\u00a0\u00bb type=\u00a0\u00bbname\u00a0\u00bb required=\u00a0\u00bb1&Prime;][contact-field label=\u00a0\u00bbVotre courriel\u00a0\u00bb type=\u00a0\u00bbemail\u00a0\u00bb required=\u00a0\u00bb1&Prime;][contact-field label=\u00a0\u00bbCondol\u00e9ances\u00a0\u00bb type=\u00a0\u00bbtextarea\u00a0\u00bb][\/contact-form]<\/p>\n","protected":false},"featured_media":53640,"template":"","event_cat":[7],"class_list":["post-53633","event","type-event","status-publish","has-post-thumbnail","hentry","event_cat-maison-l-j-g-mallet-inc"],"_links":{"self":[{"href":"https:\/\/nouveau.maisonmallet.com\/back05_01\/index.php?rest_route=\/wp\/v2\/event\/53633","targetHints":{"allow":["GET"]}}],"collection":[{"href":"https:\/\/nouveau.maisonmallet.com\/back05_01\/index.php?rest_route=\/wp\/v2\/event"}],"about":[{"href":"https:\/\/nouveau.maisonmallet.com\/back05_01\/index.php?rest_route=\/wp\/v2\/types\/event"}],"wp:featuredmedia":[{"embeddable":true,"href":"https:\/\/nouveau.maisonmallet.com\/back05_01\/index.php?rest_route=\/wp\/v2\/media\/53640"}],"wp:attachment":[{"href":"https:\/\/nouveau.maisonmallet.com\/back05_01\/index.php?rest_route=%2Fwp%2Fv2%2Fmedia&parent=53633"}],"wp:term":[{"taxonomy":"event_cat","embeddable":true,"href":"https:\/\/nouveau.maisonmallet.com\/back05_01\/index.php?rest_route=%2Fwp%2Fv2%2Fevent_cat&post=53633"}],"curies":[{"name":"wp","href":"https:\/\/api.w.org\/{rel}","templated":true}]}}

<p>La Maison L.J.G. Mallet a le regret de vous annoncer le décès de</p>
<p>&nbsp;</p>
<p>Arnaud Landry</p>
<p>1962 &#8211; 2024</p>
<p>&nbsp;</p>
<p>À Havre Saint-Pierre, le 7 août 2024, est décédé à l’âge de 61 ans, monsieur Arnaud Landry fils de monsieur Léon Landry et de feu Cécile Petitpas domicilié à Havre Saint-Pierre.</p>
<p>Les rituels funéraires de monsieur Arnaud Landry auront lieu en toute intimité au cimetière de Havre Saint-Pierre.</p>
<p>Selon ses volontés, elle a été confiée au crématorium de la maison L.J.G. Mallet pour crémation.</p>
<p>Il laisse dans le deuil son père monsieur Léon Landry (feu Cécile Petitpas), ses frères : Sylvain (Ange-Marie Landry), Bertin (Suzanne Boucher) et Joël (Jocelyne Jomphe), sa sœur Gaétane (Fernand Vigneault), ses nièces : Karina (Stéphane Vigneault), Marianne (Pierre-Luc Genest) et Jade (Alexandre Morin), ses neveux : Hervé (Lucie Huard), David (Karina Richard), Grégory, Patrick (Vanessa Petitpas Boudreau), ses arrière-petits-neveux et nièces, ses oncles, ses tantes, ses cousins, ses cousines et de nombreux amis.</p>
<p>La famille a confié les arrangements funéraire aux services professionnels de la Maison L.J.G. Mallet du 1429, rue du Canot à Havre Saint-Pierre, maintenant reconnue Distinction et membre de la Corporation des thanatologues du Québec.</p>
<p>Vous pouvez consulter cet avis de décès, sur le <a href="https://nouveau.maisonmallet.com">www.maisonmallet.com</a></p>
<p>Ceux et celles qui le désirent, peuvent y envoyer des messages de sympathie.</p>
<hr />
<p>Envoyer vos condoléances</p>
<p>[contact-form to= »gaetannelandry@hotmail.com » subject= »Condoléances Arnaud Landry »][contact-field label= »Votre nom » type= »name » required= »1&Prime;][contact-field label= »Votre courriel » type= »email » required= »1&Prime;][contact-field label= »Condoléances » type= »textarea »][/contact-form]</p>
