{"id":53840,"date":"2024-08-13T11:17:30","date_gmt":"2024-08-13T15:17:30","guid":{"rendered":"https:\/\/nouveau.maisonmallet.com\/?post_type=event&#038;p=53840"},"modified":"2024-08-31T08:35:34","modified_gmt":"2024-08-31T12:35:34","slug":"mallet-simone","status":"publish","type":"event","link":"https:\/\/nouveau.maisonmallet.com\/back05_01\/?event=mallet-simone","title":{"rendered":"MALLET, Simone"},"content":{"rendered":"<p>Le Complexe Thanatologique Mallet &amp; fils a le regret de vous annoncer le d\u00e9c\u00e8s de<\/p>\n<p>Simone Mallet<\/p>\n<p>1941 &#8211; 2024<\/p>\n<p>\u00c0 Qu\u00e9bec, le 13 ao\u00fbt 2024, est d\u00e9c\u00e9d\u00e9e \u00e0 l\u2019\u00e2ge 83 ans, madame Simone Mallet \u00e9pouse de monsieur Patrick Vall\u00e9e et domicili\u00e9e \u00e0 Qu\u00e9bec autrefois de Sept-\u00celes.<\/p>\n<p>Selon ses volont\u00e9s, elle a \u00e9t\u00e9 confi\u00e9e au cr\u00e9matorium de la Maison Mallet &amp; fils pour cr\u00e9mation.<\/p>\n<p>Les rituels fun\u00e9raires de madame Simone Mallet auront lieu en toute intimit\u00e9.<\/p>\n<p>L\u2019inhumation aura lieu ult\u00e9rieurement au cimeti\u00e8re Catholique de Sept-\u00celes<\/p>\n<p>Elle laisse dans le deuil outre son \u00e9poux monsieur Patrick Vall\u00e9e, sa fille Linda (Alain Gagnon), ses petits-enfants\u00a0: C\u00e9dric (Emy Chouinard), Karelle (F\u00e9lix-Antoine H\u00e9bert) et Mathieu (Jessica Lamontagne), ses arri\u00e8re-petits-enfants\u00a0: Charlotte, L\u00e9andre et Liam, ses fr\u00e8res\u00a0: \u00a0Edgar (Jeanne D\u2019arc Chabot), Roger (Claudia Power), Jean-Paul, G\u00e9rard (R\u00e9gina Lepage), Robert (Linda Macdonald) et Denis (Claire Couture) ainsi que ses beaux-fr\u00e8res, ses belles-s\u0153urs, ses neveux, ses ni\u00e8ces, ses cousins, ses cousines et de nombreux ami(e)s.<\/p>\n<p>Elle \u00e9tait la s\u0153ur de feu Linda et de feu Jean-Guy (Louisette Imbault).<\/p>\n<p>Vos marques de sympathie peuvent se traduire par un don \u00e0 la Fondation des maladies du c\u0153ur du Qu\u00e9bec.<\/p>\n<p>La famille a confi\u00e9 les arrangements fun\u00e9raires aux services professionnels de la Maison Mallet &amp; fils du 585 boul. Laure \u00e0 Sept-\u00celes, maintenant reconnue Distinction et membre de la Corporation des Thanatologues du Qu\u00e9bec.<\/p>\n<p>Vous pouvez consulter cet avis de d\u00e9c\u00e8s sur le <a href=\"https:\/\/nouveau.maisonmallet.com\">www.maisonmallet.com<\/a><\/p>\n<p>Ceux et celles qui le d\u00e9sirent, peuvent y envoyer des messages de sympathie.<\/p>\n<hr \/>\n<p>Envoyer vos condol\u00e9ances<\/p>\n<p>[contact-form to=\u00a0\u00bblindavallee@videotron.ca\u00a0\u00bb subject=\u00a0\u00bbCondol\u00e9ances Simone Mallet\u00a0\u00bb][contact-field label=\u00a0\u00bbVotre nom\u00a0\u00bb type=\u00a0\u00bbname\u00a0\u00bb required=\u00a0\u00bb1&Prime;][contact-field label=\u00a0\u00bbVotre courriel\u00a0\u00bb type=\u00a0\u00bbemail\u00a0\u00bb required=\u00a0\u00bb1&Prime;][contact-field label=\u00a0\u00bbCondol\u00e9ances\u00a0\u00bb type=\u00a0\u00bbtextarea\u00a0\u00bb][\/contact-form]<\/p>\n","protected":false},"featured_media":53857,"template":"","event_cat":[6],"class_list":["post-53840","event","type-event","status-publish","has-post-thumbnail","hentry","event_cat-maison-mallet-et-fils-inc"],"_links":{"self":[{"href":"https:\/\/nouveau.maisonmallet.com\/back05_01\/index.php?rest_route=\/wp\/v2\/event\/53840","targetHints":{"allow":["GET"]}}],"collection":[{"href":"https:\/\/nouveau.maisonmallet.com\/back05_01\/index.php?rest_route=\/wp\/v2\/event"}],"about":[{"href":"https:\/\/nouveau.maisonmallet.com\/back05_01\/index.php?rest_route=\/wp\/v2\/types\/event"}],"wp:featuredmedia":[{"embeddable":true,"href":"https:\/\/nouveau.maisonmallet.com\/back05_01\/index.php?rest_route=\/wp\/v2\/media\/53857"}],"wp:attachment":[{"href":"https:\/\/nouveau.maisonmallet.com\/back05_01\/index.php?rest_route=%2Fwp%2Fv2%2Fmedia&parent=53840"}],"wp:term":[{"taxonomy":"event_cat","embeddable":true,"href":"https:\/\/nouveau.maisonmallet.com\/back05_01\/index.php?rest_route=%2Fwp%2Fv2%2Fevent_cat&post=53840"}],"curies":[{"name":"wp","href":"https:\/\/api.w.org\/{rel}","templated":true}]}}

<p>Le Complexe Thanatologique Mallet &amp; fils a le regret de vous annoncer le décès de</p>
<p>Simone Mallet</p>
<p>1941 &#8211; 2024</p>
<p>À Québec, le 13 août 2024, est décédée à l’âge 83 ans, madame Simone Mallet épouse de monsieur Patrick Vallée et domiciliée à Québec autrefois de Sept-Îles.</p>
<p>Selon ses volontés, elle a été confiée au crématorium de la Maison Mallet &amp; fils pour crémation.</p>
<p>Les rituels funéraires de madame Simone Mallet auront lieu en toute intimité.</p>
<p>L’inhumation aura lieu ultérieurement au cimetière Catholique de Sept-Îles</p>
<p>Elle laisse dans le deuil outre son époux monsieur Patrick Vallée, sa fille Linda (Alain Gagnon), ses petits-enfants : Cédric (Emy Chouinard), Karelle (Félix-Antoine Hébert) et Mathieu (Jessica Lamontagne), ses arrière-petits-enfants : Charlotte, Léandre et Liam, ses frères :  Edgar (Jeanne D’arc Chabot), Roger (Claudia Power), Jean-Paul, Gérard (Régina Lepage), Robert (Linda Macdonald) et Denis (Claire Couture) ainsi que ses beaux-frères, ses belles-sœurs, ses neveux, ses nièces, ses cousins, ses cousines et de nombreux ami(e)s.</p>
<p>Elle était la sœur de feu Linda et de feu Jean-Guy (Louisette Imbault).</p>
<p>Vos marques de sympathie peuvent se traduire par un don à la Fondation des maladies du cœur du Québec.</p>
<p>La famille a confié les arrangements funéraires aux services professionnels de la Maison Mallet &amp; fils du 585 boul. Laure à Sept-Îles, maintenant reconnue Distinction et membre de la Corporation des Thanatologues du Québec.</p>
<p>Vous pouvez consulter cet avis de décès sur le <a href="https://nouveau.maisonmallet.com">www.maisonmallet.com</a></p>
<p>Ceux et celles qui le désirent, peuvent y envoyer des messages de sympathie.</p>
<hr />
<p>Envoyer vos condoléances</p>
<p>[contact-form to= »lindavallee@videotron.ca » subject= »Condoléances Simone Mallet »][contact-field label= »Votre nom » type= »name » required= »1&Prime;][contact-field label= »Votre courriel » type= »email » required= »1&Prime;][contact-field label= »Condoléances » type= »textarea »][/contact-form]</p>
